-- https://www.phpmyadmin.net/
--

START TRANSACTION;



--
-- Database: `impressivesteel`
--

-- --------------------------------------------------------

--
-- Table structure for table `adminnotification_inbox`
--

CREATE TABLE `adminnotification_inbox` (
  `notification_id` int(10) UNSIGNED NOT NULL COMMENT 'Notification ID',
  `severity` smallint(5) UNSIGNED NOT NULL DEFAULT 0 COMMENT 'Problem type',
  `date_added` timestamp NOT NULL DEFAULT current_timestamp() COMMENT 'Create date',
  `title` varchar(255) NOT NULL COMMENT 'Title',
  `description` text DEFAULT NULL COMMENT 'Description',
  `url` varchar(255) DEFAULT NULL COMMENT 'Url',
  `is_read` smallint(5) UNSIGNED NOT NULL DEFAULT 0 COMMENT 'Flag if notification read',
  `is_remove` smallint(5) UNSIGNED NOT NULL DEFAULT 0 COMMENT 'Flag if notification might be removed'
) ENGINE=InnoDB DEFAULT CHARSET=utf8 COMMENT='Adminnotification Inbox';

--
-- Dumping data for table `adminnotification_inbox`
--

INSERT INTO `adminnotification_inbox` (`notification_id`, `severity`, `date_added`, `title`, `description`, `url`, `is_read`, `is_remove`) VALUES
(1, 4, '2023-02-08 11:19:31', 'Deprecation Notice', 'Catalog Search is currently configured to use the MySQL engine, which has been deprecated. Consider migrating to one of\nthe Elasticsearch engines now to ensure there are no service interruptions during your next upgrade.', '', 1, 0),
(2, 4, '2023-02-08 11:19:37', 'Disable Notice', 'To improve performance, collecting statistics for the Magento Report module is disabled by default. \nYou can enable it in System Config.', '', 1, 0),
(3, 1, '2023-03-14 16:47:30', 'Welcome Magento Open Source 2.4.6, along with exciting product updates', 'We are excited to announce that our March release, including Magento Open Source 2.4.6, is now available to our entire Commerce Community. In this core release, you will find several enhancements to platform quality, security, performance, and scale. Also included in this release is the expansion of Payment Services to UK and France. Refer to the Adobe release blog. ', 'https://business.adobe.com/blog/the-latest/7-adobe-commerce-innovations-that-increase-sales-and-performance', 1, 0);

-- --------------------------------------------------------

--
-- Table structure for table `admin_adobe_ims_webapi`
--

CREATE TABLE `admin_adobe_ims_webapi` (
  `id` int(10) UNSIGNED NOT NULL COMMENT 'Entity ID',
  `admin_user_id` int(10) UNSIGNED NOT NULL DEFAULT 0 COMMENT 'Admin User Id',
  `access_token_hash` varchar(255) DEFAULT NULL COMMENT 'Access Token Hash',
  `access_token` text DEFAULT NULL COMMENT 'Access Token',
  `created_at` timestamp NOT NULL DEFAULT current_timestamp() COMMENT 'Created At',
  `updated_at` timestamp NOT NULL DEFAULT current_timestamp() ON UPDATE current_timestamp() COMMENT 'Updated At',
  `last_check_time` timestamp NOT NULL DEFAULT '0000-00-00 00:00:00' COMMENT 'Last check time',
  `access_token_expires_at` timestamp NOT NULL DEFAULT '0000-00-00 00:00:00' COMMENT 'Access Token Expires At'
) ENGINE=InnoDB DEFAULT CHARSET=utf8 COMMENT='Admin Adobe IMS Webapi';

-- --------------------------------------------------------

--
-- Table structure for table `admin_analytics_usage_version_log`
--

CREATE TABLE `admin_analytics_usage_version_log` (
  `id` int(10) UNSIGNED NOT NULL COMMENT 'Log ID',
  `last_viewed_in_version` varchar(50) NOT NULL COMMENT 'Viewer last viewed on product version'
) ENGINE=InnoDB DEFAULT CHARSET=utf8 COMMENT='Admin Notification Viewer Log Table';

--
-- Dumping data for table `admin_analytics_usage_version_log`
--

INSERT INTO `admin_analytics_usage_version_log` (`id`, `last_viewed_in_version`) VALUES
(1, '2.4.5-p1');

-- --------------------------------------------------------

--
-- Table structure for table `admin_passwords`
--

CREATE TABLE `admin_passwords` (
  `password_id` int(10) UNSIGNED NOT NULL COMMENT 'Password ID',
  `user_id` int(10) UNSIGNED NOT NULL DEFAULT 0 COMMENT 'User ID',
  `password_hash` varchar(255) DEFAULT NULL COMMENT 'Password Hash',
  `expires` int(10) UNSIGNED NOT NULL DEFAULT 0 COMMENT 'Deprecated',
  `last_updated` int(10) UNSIGNED NOT NULL DEFAULT 0 COMMENT 'Last Updated'
) ENGINE=InnoDB DEFAULT CHARSET=utf8 COMMENT='Admin Passwords';

--
-- Dumping data for table `admin_passwords`
--

INSERT INTO `admin_passwords` (`password_id`, `user_id`, `password_hash`, `expires`, `last_updated`) VALUES
(1, 1, 'aea5e3e7b4230f88c23b4044a35d3862d9a6cd6d89fb19c0d6b5694dab21f836:LjaNndqw2gdegWsZLuhpwgCSXPyuHIUZ:1', 0, 1675855182),
(2, 1, 'b793e885e90b54faffdc00346258192cfbdca65ec7c86c168477a3678a4c9cb4:qsTxzsuzfqLdAYQwwpMITN1HglaTLEBm:3_32_2_67108864', 0, 1676107663);

-- --------------------------------------------------------

--
-- Table structure for table `admin_system_messages`
--

CREATE TABLE `admin_system_messages` (
  `identity` varchar(100) NOT NULL COMMENT 'Message ID',
  `severity` smallint(5) UNSIGNED NOT NULL DEFAULT 0 COMMENT 'Problem type',
  `created_at` timestamp NOT NULL DEFAULT current_timestamp() COMMENT 'Create date'
) ENGINE=InnoDB DEFAULT CHARSET=utf8 COMMENT='Admin System Messages';

--
-- Dumping data for table `admin_system_messages`
--

INSERT INTO `admin_system_messages` (`identity`, `severity`, `created_at`) VALUES
('6574525426784678a4023b3d1743a4de', 1, '2023-05-04 07:12:29');

-- --------------------------------------------------------

--
-- Table structure for table `admin_user`
--

CREATE TABLE `admin_user` (
  `user_id` int(10) UNSIGNED NOT NULL COMMENT 'User ID',
  `firstname` varchar(32) DEFAULT NULL COMMENT 'User First Name',
  `lastname` varchar(32) DEFAULT NULL COMMENT 'User Last Name',
  `email` varchar(128) DEFAULT NULL COMMENT 'User Email',
  `username` varchar(40) DEFAULT NULL COMMENT 'User Login',
  `password` varchar(255) NOT NULL COMMENT 'User Password',
  `created` timestamp NOT NULL DEFAULT current_timestamp() COMMENT 'User Created Time',
  `modified` timestamp NOT NULL DEFAULT current_timestamp() ON UPDATE current_timestamp() COMMENT 'User Modified Time',
  `logdate` timestamp NULL DEFAULT NULL COMMENT 'User Last Login Time',
  `lognum` smallint(5) UNSIGNED NOT NULL DEFAULT 0 COMMENT 'User Login Number',
  `reload_acl_flag` smallint(6) NOT NULL DEFAULT 0 COMMENT 'Reload ACL',
  `is_active` smallint(6) NOT NULL DEFAULT 1 COMMENT 'User Is Active',
  `extra` text DEFAULT NULL COMMENT 'User Extra Data',
  `rp_token` text DEFAULT NULL COMMENT 'Reset Password Link Token',
  `rp_token_created_at` timestamp NULL DEFAULT NULL COMMENT 'Reset Password Link Token Creation Date',
  `interface_locale` varchar(16) NOT NULL DEFAULT 'en_US' COMMENT 'Backend interface locale',
  `failures_num` smallint(6) DEFAULT 0 COMMENT 'Failure Number',
  `first_failure` timestamp NULL DEFAULT NULL COMMENT 'First Failure',
  `lock_expires` timestamp NULL DEFAULT NULL COMMENT 'Expiration Lock Dates'
) ENGINE=InnoDB DEFAULT CHARSET=utf8 COMMENT='Admin User Table';

--
-- Dumping data for table `admin_user`
--

INSERT INTO `admin_user` (`user_id`, `firstname`, `lastname`, `email`, `username`, `password`, `created`, `modified`, `logdate`, `lognum`, `reload_acl_flag`, `is_active`, `extra`, `rp_token`, `rp_token_created_at`, `interface_locale`, `failures_num`, `first_failure`, `lock_expires`) VALUES
(1, 'Suraj', 'FuduGo', 'suraj.work0126@gmail.com', 'fudugo', 'b793e885e90b54faffdc00346258192cfbdca65ec7c86c168477a3678a4c9cb4:qsTxzsuzfqLdAYQwwpMITN1HglaTLEBm:3_32_2_67108864', '2023-02-08 11:19:42', '2023-05-04 07:12:21', '2023-05-04 05:02:18', 173, 0, 1, '{\"configState\":{\"general_country\":\"1\",\"oauth_access_token_lifetime\":\"1\",\"oauth_cleanup\":\"1\",\"webapi_soap\":\"1\",\"webapi_graphql_validation\":\"1\",\"webapi_validation\":\"1\",\"webapi_jwtauth\":\"1\",\"webapi_webapisecurity\":\"1\",\"oauth_consumer\":\"1\",\"oauth_authentication_lock\":\"0\",\"dev_template\":\"1\",\"dev_translate_inline\":\"1\",\"dev_js\":\"1\",\"web_url\":\"0\",\"web_seo\":\"0\",\"web_unsecure\":\"1\",\"web_secure\":\"1\",\"web_default\":\"0\",\"web_session\":\"1\",\"web_browser_capabilities\":\"1\",\"web_corsRequests\":\"1\",\"web_default_layouts\":\"0\",\"web_cookie\":\"0\",\"contact_contact\":\"0\",\"contact_email\":\"1\",\"general_store_information\":\"1\",\"general_region\":\"1\",\"general_locale\":\"1\",\"general_single_store_mode\":\"0\",\"trans_email_ident_general\":\"0\",\"trans_email_ident_sales\":\"1\",\"trans_email_ident_support\":\"0\",\"trans_email_ident_custom1\":\"0\",\"trans_email_ident_custom2\":\"0\",\"cataloginventory_options\":\"1\",\"catalog_fields_masks\":\"1\",\"catalog_frontend\":\"1\",\"catalog_productalert_cron\":\"1\",\"catalog_search\":\"1\",\"catalog_review\":\"1\",\"catalog_productalert\":\"0\",\"catalog_placeholder\":\"0\",\"catalog_recently_products\":\"0\",\"catalog_product_video\":\"0\",\"catalog_price\":\"1\",\"catalog_layered_navigation\":\"1\",\"catalog_seo\":\"0\",\"catalog_navigation\":\"0\",\"catalog_downloadable\":\"0\",\"catalog_custom_options\":\"0\",\"mpbannerslider_module\":\"1\",\"mpbannerslider_general\":\"1\",\"mpbannerslider_mpbannerslider_design\":\"1\",\"dev_image\":\"1\",\"dev_front_end_development_workflow\":\"1\",\"dev_restrict\":\"0\",\"dev_debug\":\"0\",\"dev_css\":\"0\",\"dev_caching\":\"0\",\"dev_static\":\"1\",\"dev_grid\":\"0\",\"admin_security\":\"1\",\"admin_emails\":\"0\",\"admin_startup\":\"0\",\"admin_url\":\"1\",\"admin_dashboard\":\"0\",\"admin_captcha\":\"1\",\"admin_usage\":\"0\",\"payment_au_free\":\"0\",\"payment_au_checkmo\":\"1\",\"payment_au_banktransfer\":\"1\",\"payment_au_cashondelivery\":\"1\",\"payment_au_purchaseorder\":\"1\",\"payment_au_account\":\"1\",\"payment_au_recommended_solutions\":\"1\",\"payment_au_express_checkout_other\":\"0\",\"payment_au_other_paypal_payment_solutions\":\"0\",\"payment_au_paypal_group_all_in_one\":\"1\",\"payment_au_paypal_payment_gateways\":\"1\",\"payment_au_other_payment_methods\":\"1\",\"carriers_flatrate\":\"1\",\"carriers_freeshipping\":\"0\",\"carriers_tablerate\":\"0\",\"carriers_ups\":\"0\",\"carriers_instore\":\"0\",\"carriers_usps\":\"0\",\"carriers_fedex\":\"0\",\"carriers_dhl\":\"0\",\"shipping_shipping_policy\":\"0\",\"shipping_origin\":\"0\",\"tax_display\":\"1\",\"tax_classes\":\"1\",\"tax_calculation\":\"1\",\"tax_defaults\":\"1\",\"tax_cart_display\":\"1\",\"tax_sales_display\":\"1\",\"tax_weee\":\"1\"}}', NULL, NULL, 'en_US', 0, NULL, NULL);

-- --------------------------------------------------------

--
-- Table structure for table `admin_user_expiration`
--

CREATE TABLE `admin_user_expiration` (
  `user_id` int(10) UNSIGNED NOT NULL COMMENT 'User ID',
  `expires_at` datetime NOT NULL DEFAULT '0000-00-00 00:00:00' COMMENT 'User Expiration Date'
) ENGINE=InnoDB DEFAULT CHARSET=utf8 COMMENT='Admin User expiration dates table';

-- --------------------------------------------------------

--
-- Table structure for table `admin_user_session`
--

CREATE TABLE `admin_user_session` (
  `id` int(10) UNSIGNED NOT NULL COMMENT 'Entity ID',
  `session_id` varchar(1) DEFAULT NULL COMMENT 'Deprecated: Session ID value no longer used',
  `user_id` int(10) UNSIGNED DEFAULT NULL COMMENT 'Admin User ID',
  `status` smallint(5) UNSIGNED NOT NULL DEFAULT 1 COMMENT 'Current Session status',
  `created_at` timestamp NOT NULL DEFAULT current_timestamp() COMMENT 'Created Time',
  `updated_at` timestamp NOT NULL DEFAULT current_timestamp() ON UPDATE current_timestamp() COMMENT 'Update Time',
  `ip` varchar(15) NOT NULL COMMENT 'Remote user IP'
) ENGINE=InnoDB DEFAULT CHARSET=utf8 COMMENT='Admin User sessions table';

--
-- Dumping data for table `admin_user_session`
--

INSERT INTO `admin_user_session` (`id`, `session_id`, `user_id`, `status`, `created_at`, `updated_at`, `ip`) VALUES
(1, NULL, 1, 1, '2023-02-11 10:02:32', '2023-02-11 10:09:09', '::1'),
(2, NULL, 1, 1, '2023-02-13 05:32:17', '2023-02-13 05:45:13', '::1'),
(3, NULL, 1, 1, '2023-02-13 06:26:37', '2023-02-13 06:26:37', '::1'),
(4, NULL, 1, 1, '2023-02-13 07:40:47', '2023-02-13 07:41:15', '::1'),
(5, NULL, 1, 1, '2023-02-13 09:35:45', '2023-02-13 10:23:38', '::1'),
(6, NULL, 1, 1, '2023-02-13 10:51:55', '2023-02-13 11:26:17', '::1'),
(7, NULL, 1, 1, '2023-02-14 05:03:56', '2023-02-14 05:04:29', '::1'),
(8, NULL, 1, 1, '2023-02-14 12:58:41', '2023-02-14 12:58:41', '::1'),
(9, NULL, 1, 1, '2023-02-15 06:13:13', '2023-02-15 06:16:05', '::1'),
(10, NULL, 1, 1, '2023-02-15 06:34:28', '2023-02-15 06:45:28', '::1'),
(11, NULL, 1, 1, '2023-02-15 09:55:33', '2023-02-15 10:14:23', '::1'),
(12, NULL, 1, 1, '2023-02-16 07:53:54', '2023-02-16 07:54:24', '::1'),
(13, NULL, 1, 1, '2023-02-17 05:17:12', '2023-02-17 05:17:45', '::1'),
(14, NULL, 1, 1, '2023-02-17 10:24:08', '2023-02-17 10:32:23', '::1'),
(15, NULL, 1, 1, '2023-02-21 05:36:46', '2023-02-21 05:37:14', '::1'),
(16, NULL, 1, 1, '2023-02-22 06:40:23', '2023-02-22 06:42:17', '::1'),
(17, NULL, 1, 1, '2023-02-22 07:12:01', '2023-02-22 07:15:15', '::1'),
(18, NULL, 1, 1, '2023-02-22 08:15:11', '2023-02-22 08:15:49', '::1'),
(19, NULL, 1, 1, '2023-02-23 06:07:48', '2023-02-23 06:07:48', '::1'),
(20, NULL, 1, 1, '2023-02-23 07:32:24', '2023-02-23 07:39:14', '::1'),
(21, NULL, 1, 1, '2023-02-23 10:08:19', '2023-02-23 10:36:48', '::1'),
(22, NULL, 1, 1, '2023-02-23 10:53:37', '2023-02-23 11:19:50', '::1'),
(23, NULL, 1, 1, '2023-02-24 12:48:06', '2023-02-24 12:48:37', '::1'),
(24, NULL, 1, 1, '2023-03-02 08:36:40', '2023-03-02 08:37:37', '::1'),
(25, NULL, 1, 1, '2023-03-02 09:02:43', '2023-03-02 09:28:36', '::1'),
(26, NULL, 1, 1, '2023-03-02 11:37:53', '2023-03-02 11:51:26', '::1'),
(27, NULL, 1, 1, '2023-03-02 13:10:05', '2023-03-02 13:10:37', '::1'),
(28, NULL, 1, 1, '2023-03-03 04:47:12', '2023-03-03 04:56:13', '::1'),
(29, NULL, 1, 1, '2023-03-03 05:25:43', '2023-03-03 05:30:42', '::1'),
(30, NULL, 1, 1, '2023-03-03 06:31:06', '2023-03-03 06:31:35', '::1'),
(31, NULL, 1, 1, '2023-03-03 06:59:10', '2023-03-03 07:18:05', '::1'),
(32, NULL, 1, 1, '2023-03-03 08:25:59', '2023-03-03 08:31:52', '::1'),
(33, NULL, 1, 1, '2023-03-03 11:40:40', '2023-03-03 11:42:54', '::1'),
(34, NULL, 1, 1, '2023-03-03 12:01:24', '2023-03-03 12:05:41', '::1'),
(35, NULL, 1, 1, '2023-03-03 12:46:18', '2023-03-03 12:54:54', '::1'),
(36, NULL, 1, 1, '2023-03-10 08:21:53', '2023-03-10 08:27:08', '::1'),
(37, NULL, 1, 1, '2023-03-10 09:40:18', '2023-03-10 09:41:18', '::1'),
(38, NULL, 1, 1, '2023-03-10 09:58:47', '2023-03-10 10:00:09', '::1'),
(39, NULL, 1, 1, '2023-03-10 11:05:04', '2023-03-10 12:38:15', '::1'),
(40, NULL, 1, 1, '2023-03-10 13:02:57', '2023-03-10 13:09:05', '::1'),
(41, NULL, 1, 1, '2023-03-10 13:30:41', '2023-03-10 13:34:05', '::1'),
(42, NULL, 1, 1, '2023-03-11 04:51:30', '2023-03-11 05:04:04', '::1'),
(43, NULL, 1, 1, '2023-03-11 12:24:50', '2023-03-11 12:36:35', '::1'),
(44, NULL, 1, 1, '2023-03-13 08:02:50', '2023-03-13 08:05:35', '::1'),
(45, NULL, 1, 1, '2023-03-13 09:47:34', '2023-03-13 10:12:40', '::1'),
(46, NULL, 1, 1, '2023-03-13 10:33:06', '2023-03-13 10:33:36', '::1'),
(47, NULL, 1, 1, '2023-03-13 11:05:05', '2023-03-13 11:19:19', '::1'),
(48, NULL, 1, 1, '2023-03-13 12:14:04', '2023-03-13 13:14:43', '::1'),
(49, NULL, 1, 0, '2023-03-13 13:33:23', '2023-03-13 14:10:36', '::1'),
(50, NULL, 1, 1, '2023-03-13 14:10:51', '2023-03-13 14:28:17', '::1'),
(51, NULL, 1, 1, '2023-03-13 14:49:28', '2023-03-13 14:55:24', '::1'),
(52, NULL, 1, 1, '2023-03-13 18:31:20', '2023-03-13 19:19:47', '::1'),
(53, NULL, 1, 1, '2023-03-13 19:50:33', '2023-03-13 19:54:47', '::1'),
(54, NULL, 1, 3, '2023-03-14 04:45:11', '2023-03-14 04:45:11', '::1'),
(55, NULL, 1, 1, '2023-03-14 04:45:15', '2023-03-14 05:14:32', '::1'),
(56, NULL, 1, 1, '2023-03-14 05:33:02', '2023-03-14 06:17:18', '::1'),
(57, NULL, 1, 1, '2023-03-14 07:23:38', '2023-03-14 07:44:10', '::1'),
(58, NULL, 1, 1, '2023-03-14 14:50:29', '2023-03-14 14:51:39', '::1'),
(59, NULL, 1, 1, '2023-03-14 18:00:48', '2023-03-14 18:04:35', '::1'),
(60, NULL, 1, 1, '2023-03-15 11:37:03', '2023-03-15 11:38:37', '::1'),
(61, NULL, 1, 1, '2023-03-15 12:48:28', '2023-03-15 12:55:04', '::1'),
(62, NULL, 1, 1, '2023-03-16 10:42:17', '2023-03-16 10:45:37', '::1'),
(63, NULL, 1, 1, '2023-03-16 11:21:13', '2023-03-16 11:56:57', '::1'),
(64, NULL, 1, 1, '2023-03-16 12:14:45', '2023-03-16 12:16:29', '::1'),
(65, NULL, 1, 1, '2023-03-16 13:01:50', '2023-03-16 13:04:33', '::1'),
(66, NULL, 1, 1, '2023-03-17 04:53:00', '2023-03-17 04:56:06', '::1'),
(67, NULL, 1, 1, '2023-03-17 06:53:08', '2023-03-17 07:01:07', '::1'),
(68, NULL, 1, 1, '2023-03-17 07:50:18', '2023-03-17 07:51:18', '::1'),
(69, NULL, 1, 1, '2023-03-17 08:07:51', '2023-03-17 08:18:50', '::1'),
(70, NULL, 1, 1, '2023-03-17 08:35:36', '2023-03-17 08:37:25', '::1'),
(71, NULL, 1, 1, '2023-03-17 09:39:59', '2023-03-17 11:13:18', '::1'),
(72, NULL, 1, 1, '2023-03-17 12:23:10', '2023-03-17 12:26:30', '::1'),
(73, NULL, 1, 1, '2023-03-17 13:08:27', '2023-03-17 13:27:53', '::1'),
(74, NULL, 1, 1, '2023-03-20 08:40:53', '2023-03-20 08:50:45', '::1'),
(75, NULL, 1, 1, '2023-03-20 12:55:43', '2023-03-20 12:56:11', '::1'),
(76, NULL, 1, 1, '2023-03-21 11:58:22', '2023-03-21 12:01:32', '::1'),
(77, NULL, 1, 1, '2023-03-21 12:17:51', '2023-03-21 12:29:59', '::1'),
(78, NULL, 1, 1, '2023-03-22 10:44:35', '2023-03-22 10:45:37', '::1'),
(79, NULL, 1, 1, '2023-03-22 11:16:07', '2023-03-22 12:14:35', '::1'),
(80, NULL, 1, 1, '2023-03-22 12:41:01', '2023-03-22 13:11:33', '::1'),
(81, NULL, 1, 1, '2023-03-22 13:32:44', '2023-03-22 13:45:34', '::1'),
(82, NULL, 1, 1, '2023-03-23 06:18:05', '2023-03-23 06:20:25', '::1'),
(83, NULL, 1, 1, '2023-03-23 06:54:38', '2023-03-23 07:44:02', '::1'),
(84, NULL, 1, 1, '2023-03-23 08:02:56', '2023-03-23 08:54:44', '::1'),
(85, NULL, 1, 1, '2023-03-23 09:44:38', '2023-03-23 10:19:05', '::1'),
(86, NULL, 1, 1, '2023-03-23 12:53:05', '2023-03-23 13:00:40', '::1'),
(87, NULL, 1, 1, '2023-03-23 13:35:33', '2023-03-23 13:52:18', '::1'),
(88, NULL, 1, 1, '2023-03-24 05:58:53', '2023-03-24 06:08:18', '::1'),
(89, NULL, 1, 1, '2023-03-24 06:48:43', '2023-03-24 06:50:42', '::1'),
(90, NULL, 1, 1, '2023-03-25 05:00:21', '2023-03-25 05:21:46', '::1'),
(91, NULL, 1, 1, '2023-03-25 08:01:55', '2023-03-25 08:10:09', '::1'),
(92, NULL, 1, 1, '2023-03-25 08:34:14', '2023-03-25 08:36:25', '::1'),
(93, NULL, 1, 1, '2023-03-27 12:33:06', '2023-03-27 12:33:52', '::1'),
(94, NULL, 1, 1, '2023-03-27 13:32:07', '2023-03-27 13:32:07', '::1'),
(95, NULL, 1, 1, '2023-03-27 16:51:40', '2023-03-27 16:52:52', '::1'),
(96, NULL, 1, 1, '2023-03-28 06:27:00', '2023-03-28 06:28:22', '::1'),
(97, NULL, 1, 1, '2023-03-28 10:53:44', '2023-03-28 10:57:31', '::1'),
(98, NULL, 1, 1, '2023-03-28 11:20:37', '2023-03-28 11:27:19', '::1'),
(99, NULL, 1, 1, '2023-03-29 05:37:27', '2023-03-29 06:13:31', '::1'),
(100, NULL, 1, 1, '2023-03-29 06:37:34', '2023-03-29 06:40:05', '::1'),
(101, NULL, 1, 1, '2023-03-30 04:55:31', '2023-03-30 05:47:27', '::1'),
(102, NULL, 1, 1, '2023-03-30 08:00:07', '2023-03-30 08:05:46', '::1'),
(103, NULL, 1, 1, '2023-03-30 13:23:43', '2023-03-30 13:26:27', '::1'),
(104, NULL, 1, 1, '2023-03-31 05:23:38', '2023-03-31 05:34:34', '::1'),
(105, NULL, 1, 1, '2023-03-31 08:10:52', '2023-03-31 08:12:42', '::1'),
(106, NULL, 1, 1, '2023-04-03 07:15:36', '2023-04-03 07:19:35', '::1'),
(107, NULL, 1, 1, '2023-04-03 09:54:50', '2023-04-03 10:13:01', '::1'),
(108, NULL, 1, 1, '2023-04-03 10:48:54', '2023-04-03 11:35:04', '::1'),
(109, NULL, 1, 1, '2023-04-03 16:54:17', '2023-04-03 16:55:14', '::1'),
(110, NULL, 1, 1, '2023-04-05 05:08:53', '2023-04-05 05:09:46', '::1'),
(111, NULL, 1, 1, '2023-04-07 07:58:46', '2023-04-07 08:14:11', '::1'),
(112, NULL, 1, 1, '2023-04-07 10:41:11', '2023-04-07 10:47:34', '::1'),
(113, NULL, 1, 1, '2023-04-07 13:37:54', '2023-04-07 13:39:19', '::1'),
(114, NULL, 1, 3, '2023-04-07 15:10:47', '2023-04-07 15:10:47', '::1'),
(115, NULL, 1, 1, '2023-04-07 15:10:51', '2023-04-07 15:10:51', '::1'),
(116, NULL, 1, 1, '2023-04-07 15:29:26', '2023-04-07 15:30:27', '::1'),
(117, NULL, 1, 1, '2023-04-07 15:47:58', '2023-04-07 15:47:58', '::1'),
(118, NULL, 1, 1, '2023-04-08 04:53:49', '2023-04-08 05:35:17', '::1'),
(119, NULL, 1, 1, '2023-04-08 06:13:07', '2023-04-08 06:27:28', '::1'),
(120, NULL, 1, 1, '2023-04-08 07:24:06', '2023-04-08 08:13:25', '::1'),
(121, NULL, 1, 1, '2023-04-08 08:40:45', '2023-04-08 08:49:12', '::1'),
(122, NULL, 1, 1, '2023-04-08 09:36:53', '2023-04-08 09:37:28', '::1'),
(123, NULL, 1, 1, '2023-04-08 10:11:13', '2023-04-08 10:13:42', '::1'),
(124, NULL, 1, 1, '2023-04-10 05:21:51', '2023-04-10 05:25:31', '::1'),
(125, NULL, 1, 1, '2023-04-10 05:42:00', '2023-04-10 12:34:50', '::1'),
(126, NULL, 1, 1, '2023-04-10 16:07:27', '2023-04-10 19:58:17', '::1'),
(127, NULL, 1, 3, '2023-04-11 18:53:06', '2023-04-11 18:53:06', '::1'),
(128, NULL, 1, 2, '2023-04-11 18:53:07', '2023-04-11 18:54:24', '::1'),
(129, NULL, 1, 1, '2023-04-11 18:54:24', '2023-04-11 19:01:08', '::1'),
(130, NULL, 1, 1, '2023-04-12 05:18:56', '2023-04-12 11:01:27', '::1'),
(131, NULL, 1, 1, '2023-04-13 06:30:38', '2023-04-13 06:31:57', '::1'),
(132, NULL, 1, 1, '2023-04-15 18:27:55', '2023-04-15 18:40:11', '::1'),
(133, NULL, 1, 1, '2023-04-16 08:11:17', '2023-04-16 08:12:06', '::1'),
(134, NULL, 1, 1, '2023-04-16 17:51:06', '2023-04-16 17:56:11', '::1'),
(135, NULL, 1, 1, '2023-04-17 05:48:55', '2023-04-17 06:05:10', '::1'),
(136, NULL, 1, 1, '2023-04-18 13:34:35', '2023-04-18 13:37:24', '::1'),
(137, NULL, 1, 1, '2023-04-19 06:00:28', '2023-04-19 06:01:23', '::1'),
(138, NULL, 1, 1, '2023-04-19 13:51:02', '2023-04-19 13:55:36', '::1'),
(139, NULL, 1, 1, '2023-04-20 10:37:55', '2023-04-20 10:46:12', '::1'),
(140, NULL, 1, 1, '2023-04-25 04:59:37', '2023-04-25 05:00:51', '::1'),
(141, NULL, 1, 1, '2023-04-27 05:03:29', '2023-04-27 06:54:58', '::1'),
(142, NULL, 1, 1, '2023-04-28 08:00:04', '2023-04-28 09:07:19', '::1'),
(143, NULL, 1, 1, '2023-04-29 08:24:54', '2023-04-29 08:28:39', '::1'),
(144, NULL, 1, 1, '2023-05-03 07:22:39', '2023-05-03 07:22:39', '::1'),
(145, NULL, 1, 1, '2023-05-04 05:02:19', '2023-05-04 07:12:27', '::1');

-- --------------------------------------------------------

--
-- Table structure for table `adobe_stock_asset`
--

CREATE TABLE `adobe_stock_asset` (
  `id` int(10) UNSIGNED NOT NULL COMMENT 'Entity ID',
  `media_gallery_id` int(10) UNSIGNED DEFAULT NULL COMMENT 'Media gallery ID',
  `category_id` int(10) UNSIGNED DEFAULT NULL COMMENT 'Category ID',
  `creator_id` int(10) UNSIGNED DEFAULT NULL COMMENT 'Creator ID',
  `is_licensed` int(10) UNSIGNED NOT NULL DEFAULT 0 COMMENT 'Is Licensed',
  `creation_date` varchar(255) DEFAULT NULL COMMENT 'Creation Date'
) ENGINE=InnoDB DEFAULT CHARSET=utf8 COMMENT='Adobe Stock Asset';

-- --------------------------------------------------------

--
-- Table structure for table `adobe_stock_category`
--

CREATE TABLE `adobe_stock_category` (
  `id` int(10) UNSIGNED NOT NULL COMMENT 'Entity ID',
  `name` varchar(255) DEFAULT NULL COMMENT 'Name'
) ENGINE=InnoDB DEFAULT CHARSET=utf8 COMMENT='Adobe Stock Category';

-- --------------------------------------------------------

--
-- Table structure for table `adobe_stock_creator`
--

CREATE TABLE `adobe_stock_creator` (
  `id` int(10) UNSIGNED NOT NULL COMMENT 'ID',
  `name` varchar(255) DEFAULT NULL COMMENT 'Asset creator''s name'
) ENGINE=InnoDB DEFAULT CHARSET=utf8 COMMENT='Adobe Stock Creator';

-- --------------------------------------------------------

--
-- Table structure for table `adobe_user_profile`
--

CREATE TABLE `adobe_user_profile` (
  `id` int(10) UNSIGNED NOT NULL COMMENT 'Entity ID',
  `admin_user_id` int(10) UNSIGNED NOT NULL DEFAULT 0 COMMENT 'Admin User Id',
  `name` varchar(255) NOT NULL COMMENT 'Display Name',
  `email` varchar(255) NOT NULL COMMENT 'user profile email',
  `image` varchar(255) NOT NULL COMMENT 'user profile avatar',
  `account_type` varchar(255) DEFAULT NULL COMMENT 'Account Type',
  `access_token` text DEFAULT NULL COMMENT 'Access Token',
  `refresh_token` text DEFAULT NULL COMMENT 'Refresh Token',
  `created_at` timestamp NOT NULL DEFAULT current_timestamp() COMMENT 'Created At',
  `updated_at` timestamp NOT NULL DEFAULT current_timestamp() ON UPDATE current_timestamp() COMMENT 'Updated At',
  `access_token_expires_at` timestamp NOT NULL DEFAULT '0000-00-00 00:00:00' COMMENT 'Access Token Expires At'
) ENGINE=InnoDB DEFAULT CHARSET=utf8 COMMENT='Adobe IMS User Profile';

-- --------------------------------------------------------

--
-- Table structure for table `authorization_role`
--

CREATE TABLE `authorization_role` (
  `role_id` int(10) UNSIGNED NOT NULL COMMENT 'Role ID',
  `parent_id` int(10) UNSIGNED NOT NULL DEFAULT 0 COMMENT 'Parent Role ID',
  `tree_level` smallint(5) UNSIGNED NOT NULL DEFAULT 0 COMMENT 'Role Tree Level',
  `sort_order` smallint(5) UNSIGNED NOT NULL DEFAULT 0 COMMENT 'Role Sort Order',
  `role_type` varchar(1) NOT NULL DEFAULT '0' COMMENT 'Role Type',
  `user_id` int(10) UNSIGNED NOT NULL DEFAULT 0 COMMENT 'User ID',
  `user_type` varchar(16) DEFAULT NULL COMMENT 'User Type',
  `role_name` varchar(50) DEFAULT NULL COMMENT 'Role Name'
) ENGINE=InnoDB DEFAULT CHARSET=utf8 COMMENT='Admin Role Table';

--
-- Dumping data for table `authorization_role`
--

INSERT INTO `authorization_role` (`role_id`, `parent_id`, `tree_level`, `sort_order`, `role_type`, `user_id`, `user_type`, `role_name`) VALUES
(1, 0, 1, 1, 'G', 0, '2', 'Administrators'),
(2, 1, 2, 0, 'U', 1, '2', 'fudugo'),
(4, 0, 1, 0, 'U', 2, '1', '12');

-- --------------------------------------------------------

--
-- Table structure for table `authorization_rule`
--

CREATE TABLE `authorization_rule` (
  `rule_id` int(10) UNSIGNED NOT NULL COMMENT 'Rule ID',
  `role_id` int(10) UNSIGNED NOT NULL DEFAULT 0 COMMENT 'Role ID',
  `resource_id` varchar(255) DEFAULT NULL COMMENT 'Resource ID',
  `privileges` varchar(20) DEFAULT NULL COMMENT 'Privileges',
  `permission` varchar(10) DEFAULT NULL COMMENT 'Permission'
) ENGINE=InnoDB DEFAULT CHARSET=utf8 COMMENT='Admin Rule Table';

--
-- Dumping data for table `authorization_rule`
--

INSERT INTO `authorization_rule` (`rule_id`, `role_id`, `resource_id`, `privileges`, `permission`) VALUES
(1, 1, 'Magento_Backend::all', NULL, 'allow'),
(3, 4, 'Magento_Backend::all', NULL, 'allow');

-- --------------------------------------------------------

--
-- Table structure for table `braintree_credit_prices`
--

CREATE TABLE `braintree_credit_prices` (
  `id` int(10) UNSIGNED NOT NULL COMMENT 'Row ID',
  `product_id` int(10) UNSIGNED NOT NULL COMMENT 'Product Id',
  `term` int(11) NOT NULL COMMENT 'Credit Term',
  `monthly_payment` decimal(12,2) NOT NULL COMMENT 'Monthly Payment',
  `instalment_rate` decimal(12,2) NOT NULL COMMENT 'Instalment Rate',
  `cost_of_purchase` decimal(12,2) NOT NULL COMMENT 'Cost of purchase',
  `total_inc_interest` decimal(12,2) NOT NULL COMMENT 'Total Inc Interest'
) ENGINE=InnoDB DEFAULT CHARSET=utf8 COMMENT='Braintree credit rates';

-- --------------------------------------------------------

--
-- Table structure for table `braintree_transaction_details`
--

CREATE TABLE `braintree_transaction_details` (
  `entity_id` int(10) UNSIGNED NOT NULL COMMENT 'Entity ID',
  `order_id` int(10) UNSIGNED NOT NULL COMMENT 'Order Id',
  `transaction_source` varchar(12) DEFAULT NULL COMMENT 'Transaction Source'
) ENGINE=InnoDB DEFAULT CHARSET=utf8 COMMENT='Braintree transaction details table';

-- --------------------------------------------------------

--
-- Table structure for table `cache`
--

CREATE TABLE `cache` (
  `id` varchar(200) NOT NULL COMMENT 'Cache Id',
  `data` mediumblob DEFAULT NULL COMMENT 'Cache Data',
  `create_time` int(11) DEFAULT NULL COMMENT 'Cache Creation Time',
  `update_time` int(11) DEFAULT NULL COMMENT 'Time of Cache Updating',
  `expire_time` int(11) DEFAULT NULL COMMENT 'Cache Expiration Time'
) ENGINE=InnoDB DEFAULT CHARSET=utf8 COMMENT='Caches';

-- --------------------------------------------------------

--
-- Table structure for table `cache_tag`
--

CREATE TABLE `cache_tag` (
  `tag` varchar(100) NOT NULL COMMENT 'Tag',
  `cache_id` varchar(200) NOT NULL COMMENT 'Cache Id'
) ENGINE=InnoDB DEFAULT CHARSET=utf8 COMMENT='Tag Caches';

-- --------------------------------------------------------

--
-- Table structure for table `captcha_log`
--

CREATE TABLE `captcha_log` (
  `type` varchar(32) NOT NULL COMMENT 'Type',
  `value` varchar(255) NOT NULL COMMENT 'Value',
  `count` int(10) UNSIGNED NOT NULL DEFAULT 0 COMMENT 'Count',
  `updated_at` timestamp NULL DEFAULT NULL COMMENT 'Update Time'
) ENGINE=InnoDB DEFAULT CHARSET=utf8 COMMENT='Count Login Attempts';

--
-- Dumping data for table `captcha_log`
--

INSERT INTO `captcha_log` (`type`, `value`, `count`, `updated_at`) VALUES
('2', 'admin', 4, '2023-03-16 10:41:43');

-- --------------------------------------------------------

--
-- Table structure for table `cataloginventory_stock`
--

CREATE TABLE `cataloginventory_stock` (
  `stock_id` smallint(5) UNSIGNED NOT NULL COMMENT 'Stock ID',
  `website_id` smallint(5) UNSIGNED NOT NULL COMMENT 'Website ID',
  `stock_name` varchar(255) DEFAULT NULL COMMENT 'Stock Name'
) ENGINE=InnoDB DEFAULT CHARSET=utf8 COMMENT='Cataloginventory Stock';

--
-- Dumping data for table `cataloginventory_stock`
--

INSERT INTO `cataloginventory_stock` (`stock_id`, `website_id`, `stock_name`) VALUES
(1, 0, 'Default');

-- --------------------------------------------------------

--
-- Table structure for table `cataloginventory_stock_cl`
--

CREATE TABLE `cataloginventory_stock_cl` (
  `version_id` int(10) UNSIGNED NOT NULL COMMENT 'Version ID',
  `entity_id` int(10) UNSIGNED NOT NULL DEFAULT 0 COMMENT 'Entity ID'
) ENGINE=InnoDB DEFAULT CHARSET=utf8 COMMENT='cataloginventory_stock_cl';

--
-- Dumping data for table `cataloginventory_stock_cl`
--

INSERT INTO `cataloginventory_stock_cl` (`version_id`, `entity_id`) VALUES
(9, 6),
(10, 6),
(11, 6),
(12, 6),
(13, 6),
(14, 6),
(15, 7),
(16, 7),
(17, 7),
(18, 7),
(19, 8),
(20, 8),
(21, 8),
(22, 8),
(27, 8),
(28, 8),
(29, 8),
(30, 8),
(31, 10),
(32, 10),
(33, 10),
(34, 10),
(35, 10),
(36, 10),
(37, 10),
(38, 10),
(39, 11),
(40, 11),
(41, 11),
(42, 11),
(43, 12),
(44, 12),
(45, 12),
(46, 12),
(47, 12),
(48, 12),
(49, 12),
(50, 12),
(51, 6),
(52, 7),
(53, 8),
(54, 10),
(55, 11),
(56, 12),
(57, 12),
(58, 11),
(59, 10),
(60, 6),
(61, 7),
(62, 6),
(63, 7),
(64, 8),
(70, 7),
(71, 10),
(72, 12),
(73, 11),
(74, 6),
(75, 7),
(76, 8),
(77, 10),
(78, 11),
(79, 12),
(80, 7),
(81, 8),
(82, 11),
(90, 12),
(103, 17),
(104, 17),
(105, 17),
(106, 17),
(107, 17),
(108, 17),
(109, 10),
(110, 18),
(111, 18),
(112, 18),
(113, 18),
(114, 18),
(115, 18),
(116, 18),
(117, 6),
(118, 6),
(119, 6),
(120, 11),
(121, 12),
(122, 17),
(123, 7),
(124, 8),
(125, 10),
(126, 6),
(127, 7),
(128, 8),
(129, 10),
(130, 11),
(131, 12),
(132, 17),
(133, 18),
(134, 19),
(135, 19),
(136, 19),
(137, 19),
(138, 19),
(139, 19),
(140, 19),
(141, 19),
(142, 19),
(143, 19),
(144, 19),
(145, 19),
(146, 19),
(147, 20),
(148, 20),
(149, 20),
(150, 20),
(151, 20),
(152, 20),
(153, 20),
(154, 20),
(155, 20),
(156, 20),
(157, 20),
(158, 20),
(159, 20),
(160, 21),
(161, 21),
(162, 21),
(163, 21),
(164, 21),
(165, 21),
(166, 21),
(167, 21),
(168, 21),
(169, 21),
(170, 21),
(171, 21),
(172, 21),
(173, 22),
(174, 22),
(175, 22),
(176, 22),
(177, 22),
(178, 22),
(179, 22),
(180, 22),
(181, 22),
(182, 22),
(183, 22),
(184, 22),
(185, 22),
(186, 6),
(187, 23),
(188, 23),
(189, 23),
(190, 23),
(191, 23),
(192, 23),
(193, 23),
(194, 23),
(195, 23),
(196, 23),
(197, 23),
(198, 23),
(199, 23),
(200, 24),
(201, 24),
(202, 24),
(203, 24),
(204, 24),
(205, 24),
(206, 24),
(207, 24),
(208, 24),
(209, 24),
(210, 24),
(211, 24),
(212, 24),
(213, 25),
(214, 25),
(215, 25),
(216, 25),
(217, 25),
(218, 25),
(219, 25),
(220, 25),
(221, 25),
(222, 25),
(223, 25),
(224, 25),
(225, 25),
(226, 26),
(227, 26),
(228, 26),
(229, 26),
(230, 26),
(231, 26),
(232, 26),
(233, 26),
(234, 26),
(235, 26),
(236, 26),
(237, 26),
(238, 26),
(239, 8),
(240, 8),
(241, 8),
(242, 8),
(243, 8),
(244, 8),
(245, 8),
(246, 8),
(247, 6),
(248, 6),
(249, 6),
(250, 6),
(251, 6),
(252, 6),
(253, 6),
(254, 6),
(255, 6),
(256, 6),
(257, 6),
(258, 6),
(259, 6),
(260, 6),
(261, 6),
(262, 6),
(263, 6),
(264, 6),
(265, 8),
(266, 8),
(267, 8),
(268, 8),
(269, 8),
(270, 8),
(271, 8),
(272, 8),
(273, 8),
(274, 8),
(275, 8),
(276, 8),
(277, 8),
(278, 8);

-- --------------------------------------------------------

--
-- Table structure for table `cataloginventory_stock_item`
--

CREATE TABLE `cataloginventory_stock_item` (
  `item_id` int(10) UNSIGNED NOT NULL COMMENT 'Item ID',
  `product_id` int(10) UNSIGNED NOT NULL DEFAULT 0 COMMENT 'Product ID',
  `stock_id` smallint(5) UNSIGNED NOT NULL DEFAULT 0 COMMENT 'Stock ID',
  `qty` decimal(12,4) DEFAULT NULL COMMENT 'Qty',
  `min_qty` decimal(12,4) NOT NULL DEFAULT 0.0000 COMMENT 'Min Qty',
  `use_config_min_qty` smallint(5) UNSIGNED NOT NULL DEFAULT 1 COMMENT 'Use Config Min Qty',
  `is_qty_decimal` smallint(5) UNSIGNED NOT NULL DEFAULT 0 COMMENT 'Is Qty Decimal',
  `backorders` smallint(5) UNSIGNED NOT NULL DEFAULT 0 COMMENT 'Backorders',
  `use_config_backorders` smallint(5) UNSIGNED NOT NULL DEFAULT 1 COMMENT 'Use Config Backorders',
  `min_sale_qty` decimal(12,4) NOT NULL DEFAULT 1.0000 COMMENT 'Min Sale Qty',
  `use_config_min_sale_qty` smallint(5) UNSIGNED NOT NULL DEFAULT 1 COMMENT 'Use Config Min Sale Qty',
  `max_sale_qty` decimal(12,4) NOT NULL DEFAULT 0.0000 COMMENT 'Max Sale Qty',
  `use_config_max_sale_qty` smallint(5) UNSIGNED NOT NULL DEFAULT 1 COMMENT 'Use Config Max Sale Qty',
  `is_in_stock` smallint(5) UNSIGNED NOT NULL DEFAULT 0 COMMENT 'Is In Stock',
  `low_stock_date` timestamp NULL DEFAULT NULL COMMENT 'Low Stock Date',
  `notify_stock_qty` decimal(12,4) DEFAULT NULL COMMENT 'Notify Stock Qty',
  `use_config_notify_stock_qty` smallint(5) UNSIGNED NOT NULL DEFAULT 1 COMMENT 'Use Config Notify Stock Qty',
  `manage_stock` smallint(5) UNSIGNED NOT NULL DEFAULT 0 COMMENT 'Manage Stock',
  `use_config_manage_stock` smallint(5) UNSIGNED NOT NULL DEFAULT 1 COMMENT 'Use Config Manage Stock',
  `stock_status_changed_auto` smallint(5) UNSIGNED NOT NULL DEFAULT 0 COMMENT 'Stock Status Changed Automatically',
  `use_config_qty_increments` smallint(5) UNSIGNED NOT NULL DEFAULT 1 COMMENT 'Use Config Qty Increments',
  `qty_increments` decimal(12,4) NOT NULL DEFAULT 0.0000 COMMENT 'Qty Increments',
  `use_config_enable_qty_inc` smallint(5) UNSIGNED NOT NULL DEFAULT 1 COMMENT 'Use Config Enable Qty Increments',
  `enable_qty_increments` smallint(5) UNSIGNED NOT NULL DEFAULT 0 COMMENT 'Enable Qty Increments',
  `is_decimal_divided` smallint(5) UNSIGNED NOT NULL DEFAULT 0 COMMENT 'Is Divided into Multiple Boxes for Shipping',
  `website_id` smallint(5) UNSIGNED NOT NULL DEFAULT 0 COMMENT 'Website ID'
) ENGINE=InnoDB DEFAULT CHARSET=utf8 COMMENT='Cataloginventory Stock Item';

--
-- Dumping data for table `cataloginventory_stock_item`
--

INSERT INTO `cataloginventory_stock_item` (`item_id`, `product_id`, `stock_id`, `qty`, `min_qty`, `use_config_min_qty`, `is_qty_decimal`, `backorders`, `use_config_backorders`, `min_sale_qty`, `use_config_min_sale_qty`, `max_sale_qty`, `use_config_max_sale_qty`, `is_in_stock`, `low_stock_date`, `notify_stock_qty`, `use_config_notify_stock_qty`, `manage_stock`, `use_config_manage_stock`, `stock_status_changed_auto`, `use_config_qty_increments`, `qty_increments`, `use_config_enable_qty_inc`, `enable_qty_increments`, `is_decimal_divided`, `website_id`) VALUES
(6, 6, 1, '0.0000', '0.0000', 1, 0, 0, 1, '1.0000', 1, '10000.0000', 1, 1, NULL, '1.0000', 1, 1, 1, 0, 1, '1.0000', 1, 0, 0, 0),
(7, 7, 1, '996.0000', '0.0000', 1, 0, 0, 1, '1.0000', 1, '10000.0000', 1, 1, NULL, '1.0000', 1, 1, 1, 0, 1, '1.0000', 1, 0, 0, 0),
(8, 8, 1, '50.0000', '0.0000', 1, 0, 0, 1, '1.0000', 1, '10000.0000', 1, 1, NULL, '1.0000', 1, 1, 1, 0, 1, '1.0000', 1, 0, 0, 0),
(9, 10, 1, '998.0000', '0.0000', 1, 0, 0, 1, '1.0000', 1, '10000.0000', 1, 1, NULL, '1.0000', 1, 1, 1, 0, 1, '1.0000', 1, 0, 0, 0),
(10, 11, 1, '998.0000', '0.0000', 1, 0, 0, 1, '1.0000', 1, '10000.0000', 1, 1, NULL, '1.0000', 1, 1, 1, 0, 1, '1.0000', 1, 0, 0, 0),
(11, 12, 1, '998.0000', '0.0000', 1, 0, 0, 1, '1.0000', 1, '10000.0000', 1, 1, NULL, '1.0000', 1, 1, 1, 0, 1, '1.0000', 1, 0, 0, 0),
(15, 17, 1, '1000.0000', '0.0000', 1, 0, 0, 1, '1.0000', 1, '10000.0000', 1, 1, NULL, '1.0000', 1, 1, 1, 0, 1, '1.0000', 1, 0, 0, 0),
(16, 18, 1, '50.0000', '0.0000', 1, 0, 0, 1, '1.0000', 1, '10000.0000', 1, 1, NULL, '1.0000', 1, 1, 1, 0, 1, '1.0000', 1, 0, 0, 0),
(17, 19, 1, '20.0000', '0.0000', 1, 0, 0, 1, '1.0000', 1, '10000.0000', 1, 1, NULL, '1.0000', 1, 1, 1, 0, 1, '1.0000', 1, 0, 0, 0),
(18, 20, 1, '20.0000', '0.0000', 1, 0, 0, 1, '1.0000', 1, '10000.0000', 1, 1, NULL, '1.0000', 1, 1, 1, 0, 1, '1.0000', 1, 0, 0, 0),
(19, 21, 1, '20.0000', '0.0000', 1, 0, 0, 1, '1.0000', 1, '10000.0000', 1, 1, NULL, '1.0000', 1, 1, 1, 0, 1, '1.0000', 1, 0, 0, 0),
(20, 22, 1, '20.0000', '0.0000', 1, 0, 0, 1, '1.0000', 1, '10000.0000', 1, 1, NULL, '1.0000', 1, 1, 1, 0, 1, '1.0000', 1, 0, 0, 0),
(21, 23, 1, '15.0000', '0.0000', 1, 0, 0, 1, '1.0000', 1, '10000.0000', 1, 1, NULL, '1.0000', 1, 1, 1, 0, 1, '1.0000', 1, 0, 0, 0),
(22, 24, 1, '20.0000', '0.0000', 1, 0, 0, 1, '1.0000', 1, '10000.0000', 1, 1, NULL, '1.0000', 1, 1, 1, 0, 1, '1.0000', 1, 0, 0, 0),
(23, 25, 1, '20.0000', '0.0000', 1, 0, 0, 1, '1.0000', 1, '10000.0000', 1, 1, NULL, '1.0000', 1, 1, 1, 0, 1, '1.0000', 1, 0, 0, 0),
(24, 26, 1, '20.0000', '0.0000', 1, 0, 0, 1, '1.0000', 1, '10000.0000', 1, 1, NULL, '1.0000', 1, 1, 1, 0, 1, '1.0000', 1, 0, 0, 0);

--
-- Triggers `cataloginventory_stock_item`
--
DELIMITER $$
CREATE TRIGGER `trg_cataloginventory_stock_item_after_delete` AFTER DELETE ON `cataloginventory_stock_item` FOR EACH ROW BEGIN
INSERT IGNORE INTO `catalogsearch_fulltext_cl` (`entity_id`) VALUES (OLD.`product_id`);
INSERT IGNORE INTO `cataloginventory_stock_cl` (`entity_id`) VALUES (OLD.`product_id`);
INSERT IGNORE INTO `catalog_product_price_cl` (`entity_id`) VALUES (OLD.`product_id`);
END
$$
DELIMITER ;
DELIMITER $$
CREATE TRIGGER `trg_cataloginventory_stock_item_after_insert` AFTER INSERT ON `cataloginventory_stock_item` FOR EACH ROW BEGIN
INSERT IGNORE INTO `catalogsearch_fulltext_cl` (`entity_id`) VALUES (NEW.`product_id`);
INSERT IGNORE INTO `cataloginventory_stock_cl` (`entity_id`) VALUES (NEW.`product_id`);
INSERT IGNORE INTO `catalog_product_price_cl` (`entity_id`) VALUES (NEW.`product_id`);
END
$$
DELIMITER ;
DELIMITER $$
CREATE TRIGGER `trg_cataloginventory_stock_item_after_update` AFTER UPDATE ON `cataloginventory_stock_item` FOR EACH ROW BEGIN
IF (NOT(NEW.`item_id` <=> OLD.`item_id`) OR NOT(NEW.`product_id` <=> OLD.`product_id`) OR NOT(NEW.`stock_id` <=> OLD.`stock_id`) OR NOT(NEW.`qty` <=> OLD.`qty`) OR NOT(NEW.`min_qty` <=> OLD.`min_qty`) OR NOT(NEW.`use_config_min_qty` <=> OLD.`use_config_min_qty`) OR NOT(NEW.`is_qty_decimal` <=> OLD.`is_qty_decimal`) OR NOT(NEW.`backorders` <=> OLD.`backorders`) OR NOT(NEW.`use_config_backorders` <=> OLD.`use_config_backorders`) OR NOT(NEW.`min_sale_qty` <=> OLD.`min_sale_qty`) OR NOT(NEW.`use_config_min_sale_qty` <=> OLD.`use_config_min_sale_qty`) OR NOT(NEW.`max_sale_qty` <=> OLD.`max_sale_qty`) OR NOT(NEW.`use_config_max_sale_qty` <=> OLD.`use_config_max_sale_qty`) OR NOT(NEW.`is_in_stock` <=> OLD.`is_in_stock`) OR NOT(NEW.`low_stock_date` <=> OLD.`low_stock_date`) OR NOT(NEW.`notify_stock_qty` <=> OLD.`notify_stock_qty`) OR NOT(NEW.`use_config_notify_stock_qty` <=> OLD.`use_config_notify_stock_qty`) OR NOT(NEW.`manage_stock` <=> OLD.`manage_stock`) OR NOT(NEW.`use_config_manage_stock` <=> OLD.`use_config_manage_stock`) OR NOT(NEW.`stock_status_changed_auto` <=> OLD.`stock_status_changed_auto`) OR NOT(NEW.`use_config_qty_increments` <=> OLD.`use_config_qty_increments`) OR NOT(NEW.`qty_increments` <=> OLD.`qty_increments`) OR NOT(NEW.`use_config_enable_qty_inc` <=> OLD.`use_config_enable_qty_inc`) OR NOT(NEW.`enable_qty_increments` <=> OLD.`enable_qty_increments`) OR NOT(NEW.`is_decimal_divided` <=> OLD.`is_decimal_divided`) OR NOT(NEW.`website_id` <=> OLD.`website_id`)) THEN INSERT IGNORE INTO `catalogsearch_fulltext_cl` (`entity_id`) VALUES (NEW.`product_id`); END IF;
IF (NOT(NEW.`item_id` <=> OLD.`item_id`) OR NOT(NEW.`product_id` <=> OLD.`product_id`) OR NOT(NEW.`stock_id` <=> OLD.`stock_id`) OR NOT(NEW.`qty` <=> OLD.`qty`) OR NOT(NEW.`min_qty` <=> OLD.`min_qty`) OR NOT(NEW.`use_config_min_qty` <=> OLD.`use_config_min_qty`) OR NOT(NEW.`is_qty_decimal` <=> OLD.`is_qty_decimal`) OR NOT(NEW.`backorders` <=> OLD.`backorders`) OR NOT(NEW.`use_config_backorders` <=> OLD.`use_config_backorders`) OR NOT(NEW.`min_sale_qty` <=> OLD.`min_sale_qty`) OR NOT(NEW.`use_config_min_sale_qty` <=> OLD.`use_config_min_sale_qty`) OR NOT(NEW.`max_sale_qty` <=> OLD.`max_sale_qty`) OR NOT(NEW.`use_config_max_sale_qty` <=> OLD.`use_config_max_sale_qty`) OR NOT(NEW.`is_in_stock` <=> OLD.`is_in_stock`) OR NOT(NEW.`low_stock_date` <=> OLD.`low_stock_date`) OR NOT(NEW.`notify_stock_qty` <=> OLD.`notify_stock_qty`) OR NOT(NEW.`use_config_notify_stock_qty` <=> OLD.`use_config_notify_stock_qty`) OR NOT(NEW.`manage_stock` <=> OLD.`manage_stock`) OR NOT(NEW.`use_config_manage_stock` <=> OLD.`use_config_manage_stock`) OR NOT(NEW.`stock_status_changed_auto` <=> OLD.`stock_status_changed_auto`) OR NOT(NEW.`use_config_qty_increments` <=> OLD.`use_config_qty_increments`) OR NOT(NEW.`qty_increments` <=> OLD.`qty_increments`) OR NOT(NEW.`use_config_enable_qty_inc` <=> OLD.`use_config_enable_qty_inc`) OR NOT(NEW.`enable_qty_increments` <=> OLD.`enable_qty_increments`) OR NOT(NEW.`is_decimal_divided` <=> OLD.`is_decimal_divided`) OR NOT(NEW.`website_id` <=> OLD.`website_id`)) THEN INSERT IGNORE INTO `cataloginventory_stock_cl` (`entity_id`) VALUES (NEW.`product_id`); END IF;
IF (NOT(NEW.`item_id` <=> OLD.`item_id`) OR NOT(NEW.`product_id` <=> OLD.`product_id`) OR NOT(NEW.`stock_id` <=> OLD.`stock_id`) OR NOT(NEW.`qty` <=> OLD.`qty`) OR NOT(NEW.`min_qty` <=> OLD.`min_qty`) OR NOT(NEW.`use_config_min_qty` <=> OLD.`use_config_min_qty`) OR NOT(NEW.`is_qty_decimal` <=> OLD.`is_qty_decimal`) OR NOT(NEW.`backorders` <=> OLD.`backorders`) OR NOT(NEW.`use_config_backorders` <=> OLD.`use_config_backorders`) OR NOT(NEW.`min_sale_qty` <=> OLD.`min_sale_qty`) OR NOT(NEW.`use_config_min_sale_qty` <=> OLD.`use_config_min_sale_qty`) OR NOT(NEW.`max_sale_qty` <=> OLD.`max_sale_qty`) OR NOT(NEW.`use_config_max_sale_qty` <=> OLD.`use_config_max_sale_qty`) OR NOT(NEW.`is_in_stock` <=> OLD.`is_in_stock`) OR NOT(NEW.`low_stock_date` <=> OLD.`low_stock_date`) OR NOT(NEW.`notify_stock_qty` <=> OLD.`notify_stock_qty`) OR NOT(NEW.`use_config_notify_stock_qty` <=> OLD.`use_config_notify_stock_qty`) OR NOT(NEW.`manage_stock` <=> OLD.`manage_stock`) OR NOT(NEW.`use_config_manage_stock` <=> OLD.`use_config_manage_stock`) OR NOT(NEW.`stock_status_changed_auto` <=> OLD.`stock_status_changed_auto`) OR NOT(NEW.`use_config_qty_increments` <=> OLD.`use_config_qty_increments`) OR NOT(NEW.`qty_increments` <=> OLD.`qty_increments`) OR NOT(NEW.`use_config_enable_qty_inc` <=> OLD.`use_config_enable_qty_inc`) OR NOT(NEW.`enable_qty_increments` <=> OLD.`enable_qty_increments`) OR NOT(NEW.`is_decimal_divided` <=> OLD.`is_decimal_divided`) OR NOT(NEW.`website_id` <=> OLD.`website_id`)) THEN INSERT IGNORE INTO `catalog_product_price_cl` (`entity_id`) VALUES (NEW.`product_id`); END IF;
END
$$
DELIMITER ;

-- --------------------------------------------------------

--
-- Table structure for table `cataloginventory_stock_status`
--

CREATE TABLE `cataloginventory_stock_status` (
  `product_id` int(10) UNSIGNED NOT NULL COMMENT 'Product ID',
  `website_id` smallint(5) UNSIGNED NOT NULL COMMENT 'Website ID',
  `stock_id` smallint(5) UNSIGNED NOT NULL COMMENT 'Stock ID',
  `qty` decimal(12,4) NOT NULL DEFAULT 0.0000 COMMENT 'Qty',
  `stock_status` smallint(5) UNSIGNED NOT NULL COMMENT 'Stock Status'
) ENGINE=InnoDB DEFAULT CHARSET=utf8 COMMENT='Cataloginventory Stock Status';

--
-- Dumping data for table `cataloginventory_stock_status`
--

INSERT INTO `cataloginventory_stock_status` (`product_id`, `website_id`, `stock_id`, `qty`, `stock_status`) VALUES
(6, 0, 1, '0.0000', 1),
(7, 0, 1, '996.0000', 1),
(8, 0, 1, '50.0000', 1),
(10, 0, 1, '998.0000', 1),
(11, 0, 1, '998.0000', 1),
(12, 0, 1, '998.0000', 1),
(17, 0, 1, '1000.0000', 1),
(18, 0, 1, '50.0000', 1),
(19, 0, 1, '20.0000', 1),
(20, 0, 1, '20.0000', 1),
(21, 0, 1, '20.0000', 1),
(22, 0, 1, '20.0000', 1),
(23, 0, 1, '15.0000', 1),
(24, 0, 1, '20.0000', 1),
(25, 0, 1, '20.0000', 1),
(26, 0, 1, '20.0000', 1);

-- --------------------------------------------------------

--
-- Table structure for table `cataloginventory_stock_status_idx`
--

CREATE TABLE `cataloginventory_stock_status_idx` (
  `product_id` int(10) UNSIGNED NOT NULL COMMENT 'Product ID',
  `website_id` smallint(5) UNSIGNED NOT NULL COMMENT 'Website ID',
  `stock_id` smallint(5) UNSIGNED NOT NULL COMMENT 'Stock ID',
  `qty` decimal(12,4) NOT NULL DEFAULT 0.0000 COMMENT 'Qty',
  `stock_status` smallint(5) UNSIGNED NOT NULL COMMENT 'Stock Status'
) ENGINE=InnoDB DEFAULT CHARSET=utf8 COMMENT='Cataloginventory Stock Status Indexer Idx';

-- --------------------------------------------------------

--
-- Table structure for table `cataloginventory_stock_status_replica`
--

CREATE TABLE `cataloginventory_stock_status_replica` (
  `product_id` int(10) UNSIGNED NOT NULL COMMENT 'Product ID',
  `website_id` smallint(5) UNSIGNED NOT NULL COMMENT 'Website ID',
  `stock_id` smallint(5) UNSIGNED NOT NULL COMMENT 'Stock ID',
  `qty` decimal(12,4) NOT NULL DEFAULT 0.0000 COMMENT 'Qty',
  `stock_status` smallint(5) UNSIGNED NOT NULL COMMENT 'Stock Status'
) ENGINE=InnoDB DEFAULT CHARSET=utf8 COMMENT='Cataloginventory Stock Status';

--
-- Dumping data for table `cataloginventory_stock_status_replica`
--

INSERT INTO `cataloginventory_stock_status_replica` (`product_id`, `website_id`, `stock_id`, `qty`, `stock_status`) VALUES
(6, 0, 1, '0.0000', 1),
(7, 0, 1, '996.0000', 1),
(8, 0, 1, '50.0000', 1),
(10, 0, 1, '998.0000', 1),
(11, 0, 1, '998.0000', 1),
(12, 0, 1, '998.0000', 1),
(17, 0, 1, '1000.0000', 1),
(18, 0, 1, '50.0000', 1),
(19, 0, 1, '20.0000', 1),
(20, 0, 1, '20.0000', 1),
(21, 0, 1, '20.0000', 1),
(22, 0, 1, '20.0000', 1),
(23, 0, 1, '15.0000', 1),
(24, 0, 1, '20.0000', 1),
(25, 0, 1, '20.0000', 1),
(26, 0, 1, '20.0000', 1);

-- --------------------------------------------------------

--
-- Table structure for table `cataloginventory_stock_status_tmp`
--

CREATE TABLE `cataloginventory_stock_status_tmp` (
  `product_id` int(10) UNSIGNED NOT NULL COMMENT 'Product ID',
  `website_id` smallint(5) UNSIGNED NOT NULL COMMENT 'Website ID',
  `stock_id` smallint(5) UNSIGNED NOT NULL COMMENT 'Stock ID',
  `qty` decimal(12,4) NOT NULL DEFAULT 0.0000 COMMENT 'Qty',
  `stock_status` smallint(5) UNSIGNED NOT NULL COMMENT 'Stock Status'
) ENGINE=InnoDB DEFAULT CHARSET=utf8 COMMENT='Cataloginventory Stock Status Indexer Tmp';

-- --------------------------------------------------------

--
-- Table structure for table `catalogrule`
--

CREATE TABLE `catalogrule` (
  `rule_id` int(10) UNSIGNED NOT NULL COMMENT 'Entity ID',
  `name` varchar(255) DEFAULT NULL COMMENT 'Name',
  `description` text DEFAULT NULL COMMENT 'Description',
  `from_date` date DEFAULT NULL COMMENT 'From',
  `to_date` date DEFAULT NULL COMMENT 'To',
  `is_active` smallint(6) NOT NULL DEFAULT 0 COMMENT 'Is Active',
  `conditions_serialized` mediumtext DEFAULT NULL COMMENT 'Conditions Serialized',
  `actions_serialized` mediumtext DEFAULT NULL COMMENT 'Actions Serialized',
  `stop_rules_processing` smallint(6) NOT NULL DEFAULT 1 COMMENT 'Stop Rules Processing',
  `sort_order` int(10) UNSIGNED NOT NULL DEFAULT 0 COMMENT 'Sort Order',
  `simple_action` varchar(32) DEFAULT NULL COMMENT 'Simple Action',
  `discount_amount` decimal(20,6) NOT NULL DEFAULT 0.000000 COMMENT 'Discount Amount'
) ENGINE=InnoDB DEFAULT CHARSET=utf8 COMMENT='CatalogRule';

--
-- Triggers `catalogrule`
--
DELIMITER $$
CREATE TRIGGER `trg_catalogrule_after_delete` AFTER DELETE ON `catalogrule` FOR EACH ROW BEGIN
INSERT IGNORE INTO `catalogrule_rule_cl` (`entity_id`) VALUES (OLD.`rule_id`);
END
$$
DELIMITER ;
DELIMITER $$
CREATE TRIGGER `trg_catalogrule_after_insert` AFTER INSERT ON `catalogrule` FOR EACH ROW BEGIN
INSERT IGNORE INTO `catalogrule_rule_cl` (`entity_id`) VALUES (NEW.`rule_id`);
END
$$
DELIMITER ;
DELIMITER $$
CREATE TRIGGER `trg_catalogrule_after_update` AFTER UPDATE ON `catalogrule` FOR EACH ROW BEGIN
IF (NOT(NEW.`rule_id` <=> OLD.`rule_id`) OR NOT(NEW.`name` <=> OLD.`name`) OR NOT(NEW.`description` <=> OLD.`description`) OR NOT(NEW.`from_date` <=> OLD.`from_date`) OR NOT(NEW.`to_date` <=> OLD.`to_date`) OR NOT(NEW.`is_active` <=> OLD.`is_active`) OR NOT(NEW.`conditions_serialized` <=> OLD.`conditions_serialized`) OR NOT(NEW.`actions_serialized` <=> OLD.`actions_serialized`) OR NOT(NEW.`stop_rules_processing` <=> OLD.`stop_rules_processing`) OR NOT(NEW.`sort_order` <=> OLD.`sort_order`) OR NOT(NEW.`simple_action` <=> OLD.`simple_action`) OR NOT(NEW.`discount_amount` <=> OLD.`discount_amount`)) THEN INSERT IGNORE INTO `catalogrule_rule_cl` (`entity_id`) VALUES (NEW.`rule_id`); END IF;
END
$$
DELIMITER ;

-- --------------------------------------------------------

--
-- Table structure for table `catalogrule_customer_group`
--

CREATE TABLE `catalogrule_customer_group` (
  `rule_id` int(10) UNSIGNED NOT NULL COMMENT 'Rule ID',
  `customer_group_id` int(10) UNSIGNED NOT NULL COMMENT 'Customer Group ID'
) ENGINE=InnoDB DEFAULT CHARSET=utf8 COMMENT='Catalog Rules To Customer Groups Relations';

-- --------------------------------------------------------

--
-- Table structure for table `catalogrule_group_website`
--

CREATE TABLE `catalogrule_group_website` (
  `rule_id` int(10) UNSIGNED NOT NULL DEFAULT 0 COMMENT 'Rule ID',
  `customer_group_id` int(10) UNSIGNED NOT NULL DEFAULT 0 COMMENT 'Customer Group ID',
  `website_id` smallint(5) UNSIGNED NOT NULL DEFAULT 0 COMMENT 'Website ID'
) ENGINE=InnoDB DEFAULT CHARSET=utf8 COMMENT='CatalogRule Group Website';

-- --------------------------------------------------------

--
-- Table structure for table `catalogrule_group_website_replica`
--

CREATE TABLE `catalogrule_group_website_replica` (
  `rule_id` int(10) UNSIGNED NOT NULL DEFAULT 0 COMMENT 'Rule ID',
  `customer_group_id` int(10) UNSIGNED NOT NULL DEFAULT 0 COMMENT 'Customer Group ID',
  `website_id` smallint(5) UNSIGNED NOT NULL DEFAULT 0 COMMENT 'Website ID'
) ENGINE=InnoDB DEFAULT CHARSET=utf8 COMMENT='CatalogRule Group Website';

-- --------------------------------------------------------

--
-- Table structure for table `catalogrule_product`
--

CREATE TABLE `catalogrule_product` (
  `rule_product_id` int(10) UNSIGNED NOT NULL COMMENT 'Rule Product ID',
  `rule_id` int(10) UNSIGNED NOT NULL DEFAULT 0 COMMENT 'Rule ID',
  `from_time` int(10) UNSIGNED NOT NULL DEFAULT 0 COMMENT 'From Time',
  `to_time` int(10) UNSIGNED NOT NULL DEFAULT 0 COMMENT 'To time',
  `customer_group_id` int(11) DEFAULT NULL,
  `product_id` int(10) UNSIGNED NOT NULL DEFAULT 0 COMMENT 'Product ID',
  `action_operator` varchar(10) DEFAULT 'to_fixed' COMMENT 'Action Operator',
  `action_amount` decimal(20,6) NOT NULL DEFAULT 0.000000 COMMENT 'Action Amount',
  `action_stop` smallint(6) NOT NULL DEFAULT 0 COMMENT 'Action Stop',
  `sort_order` int(10) UNSIGNED NOT NULL DEFAULT 0 COMMENT 'Sort Order',
  `website_id` smallint(5) UNSIGNED NOT NULL COMMENT 'Website ID'
) ENGINE=InnoDB DEFAULT CHARSET=utf8 COMMENT='CatalogRule Product';

-- --------------------------------------------------------

--
-- Table structure for table `catalogrule_product_cl`
--

CREATE TABLE `catalogrule_product_cl` (
  `version_id` int(10) UNSIGNED NOT NULL COMMENT 'Version ID',
  `entity_id` int(10) UNSIGNED NOT NULL DEFAULT 0 COMMENT 'Entity ID'
) ENGINE=InnoDB DEFAULT CHARSET=utf8 COMMENT='catalogrule_product_cl';

--
-- Dumping data for table `catalogrule_product_cl`
--

INSERT INTO `catalogrule_product_cl` (`version_id`, `entity_id`) VALUES
(43, 6),
(44, 6),
(45, 6),
(46, 6),
(47, 6),
(48, 6),
(49, 6),
(50, 6),
(51, 6),
(52, 6),
(53, 6),
(54, 6),
(55, 6),
(56, 6),
(57, 6),
(58, 6),
(59, 6),
(60, 6),
(61, 6),
(62, 6),
(63, 6),
(64, 6),
(65, 6),
(66, 6),
(67, 6),
(68, 6),
(69, 6),
(70, 6),
(71, 6),
(72, 6),
(73, 6),
(74, 7),
(75, 7),
(76, 7),
(77, 7),
(78, 7),
(79, 7),
(80, 7),
(81, 7),
(82, 7),
(83, 7),
(84, 7),
(85, 7),
(86, 7),
(87, 7),
(88, 7),
(89, 7),
(90, 7),
(91, 7),
(92, 7),
(93, 7),
(94, 7),
(95, 7),
(96, 7),
(97, 7),
(98, 7),
(99, 7),
(100, 6),
(101, 7),
(102, 6),
(103, 7),
(104, 6),
(105, 7),
(106, 8),
(107, 8),
(108, 8),
(109, 8),
(110, 8),
(111, 8),
(112, 8),
(113, 8),
(114, 8),
(115, 8),
(116, 8),
(117, 8),
(118, 8),
(119, 8),
(120, 8),
(121, 8),
(122, 8),
(123, 8),
(124, 8),
(125, 8),
(143, 8),
(144, 8),
(145, 8),
(146, 7),
(147, 7),
(148, 7),
(149, 7),
(150, 10),
(151, 10),
(152, 10),
(153, 10),
(154, 10),
(155, 10),
(156, 10),
(157, 10),
(158, 10),
(159, 10),
(160, 10),
(161, 10),
(162, 10),
(163, 10),
(164, 10),
(165, 10),
(166, 10),
(167, 10),
(168, 10),
(169, 10),
(170, 10),
(171, 10),
(172, 10),
(173, 10),
(174, 10),
(175, 10),
(176, 7),
(177, 7),
(178, 6),
(179, 6),
(180, 6),
(181, 7),
(182, 6),
(183, 10),
(184, 10),
(185, 10),
(186, 10),
(187, 8),
(188, 8),
(189, 8),
(190, 8),
(191, 11),
(192, 11),
(193, 11),
(194, 11),
(195, 11),
(196, 11),
(197, 11),
(198, 11),
(199, 11),
(200, 11),
(201, 11),
(202, 11),
(203, 11),
(204, 11),
(205, 11),
(206, 11),
(207, 11),
(208, 11),
(209, 12),
(210, 12),
(211, 12),
(212, 12),
(213, 12),
(214, 12),
(215, 12),
(216, 12),
(217, 12),
(218, 12),
(219, 12),
(220, 12),
(221, 12),
(222, 12),
(223, 12),
(224, 12),
(225, 12),
(226, 12),
(227, 12),
(228, 12),
(229, 12),
(230, 6),
(231, 6),
(232, 7),
(233, 8),
(234, 10),
(235, 10),
(236, 11),
(237, 11),
(238, 12),
(239, 12),
(240, 6),
(264, 6),
(265, 6),
(266, 6),
(267, 6),
(268, 7),
(269, 8),
(270, 10),
(271, 10),
(272, 11),
(273, 11),
(274, 12),
(275, 12),
(276, 7),
(277, 8),
(278, 11),
(296, 12),
(332, 17),
(333, 17),
(334, 17),
(335, 17),
(336, 17),
(337, 17),
(338, 17),
(339, 17),
(340, 17),
(341, 17),
(342, 17),
(343, 17),
(344, 17),
(345, 17),
(346, 17),
(347, 17),
(348, 17),
(349, 17),
(350, 10),
(351, 18),
(352, 18),
(353, 18),
(354, 18),
(355, 18),
(356, 18),
(357, 18),
(358, 18),
(359, 18),
(360, 18),
(361, 18),
(362, 18),
(363, 18),
(364, 18),
(365, 18),
(366, 18),
(367, 18),
(368, 18),
(369, 6),
(370, 6),
(371, 6),
(372, 11),
(373, 11),
(374, 12),
(375, 12),
(376, 17),
(377, 17),
(378, 18),
(379, 6),
(380, 7),
(381, 7),
(382, 8),
(383, 8),
(384, 10),
(385, 10),
(386, 11),
(387, 12),
(388, 17),
(389, 6),
(390, 7),
(391, 8),
(392, 10),
(393, 11),
(394, 12),
(395, 17),
(396, 18),
(397, 17),
(398, 19),
(399, 19),
(400, 19),
(401, 19),
(402, 19),
(403, 19),
(404, 19),
(405, 19),
(406, 19),
(407, 19),
(408, 19),
(409, 19),
(410, 19),
(411, 19),
(412, 19),
(413, 19),
(414, 19),
(415, 19),
(416, 19),
(417, 19),
(418, 19),
(419, 19),
(420, 19),
(421, 19),
(422, 19),
(423, 19),
(424, 19),
(425, 19),
(426, 19),
(427, 19),
(428, 19),
(429, 19),
(430, 19),
(431, 19),
(432, 19),
(433, 19),
(434, 20),
(435, 20),
(436, 20),
(437, 20),
(438, 20),
(439, 20),
(440, 20),
(441, 20),
(442, 20),
(443, 20),
(444, 20),
(445, 20),
(446, 20),
(447, 20),
(448, 20),
(449, 20),
(450, 20),
(451, 20),
(452, 20),
(453, 20),
(454, 20),
(455, 20),
(456, 20),
(457, 20),
(458, 20),
(459, 20),
(460, 20),
(461, 20),
(462, 20),
(463, 20),
(464, 20),
(465, 20),
(466, 20),
(467, 20),
(468, 20),
(469, 20),
(470, 21),
(471, 21),
(472, 21),
(473, 21),
(474, 21),
(475, 21),
(476, 21),
(477, 21),
(478, 21),
(479, 21),
(480, 21),
(481, 21),
(482, 21),
(483, 21),
(484, 21),
(485, 21),
(486, 21),
(487, 21),
(488, 21),
(489, 21),
(490, 21),
(491, 21),
(492, 21),
(493, 21),
(494, 21),
(495, 21),
(496, 21),
(497, 21),
(498, 21),
(499, 21),
(500, 21),
(501, 21),
(502, 21),
(503, 21),
(504, 21),
(505, 21),
(506, 22),
(507, 22),
(508, 22),
(509, 22),
(510, 22),
(511, 22),
(512, 22),
(513, 22),
(514, 22),
(515, 22),
(516, 22),
(517, 22),
(518, 22),
(519, 22),
(520, 22),
(521, 22),
(522, 22),
(523, 22),
(524, 22),
(525, 22),
(526, 22),
(527, 22),
(528, 22),
(529, 22),
(530, 22),
(531, 22),
(532, 22),
(533, 22),
(534, 22),
(535, 22),
(536, 22),
(537, 22),
(538, 22),
(539, 22),
(540, 22),
(541, 22),
(542, 6),
(543, 6),
(544, 23),
(545, 23),
(546, 23),
(547, 23),
(548, 23),
(549, 23),
(550, 23),
(551, 23),
(552, 23),
(553, 23),
(554, 23),
(555, 23),
(556, 23),
(557, 23),
(558, 23),
(559, 23),
(560, 23),
(561, 23),
(562, 23),
(563, 23),
(564, 23),
(565, 23),
(566, 23),
(567, 23),
(568, 23),
(569, 23),
(570, 23),
(571, 23),
(572, 23),
(573, 23),
(574, 23),
(575, 23),
(576, 23),
(577, 23),
(578, 23),
(579, 23),
(580, 24),
(581, 24),
(582, 24),
(583, 24),
(584, 24),
(585, 24),
(586, 24),
(587, 24),
(588, 24),
(589, 24),
(590, 24),
(591, 24),
(592, 24),
(593, 24),
(594, 24),
(595, 24),
(596, 24),
(597, 24),
(598, 24),
(599, 24),
(600, 24),
(601, 24),
(602, 24),
(603, 24),
(604, 24),
(605, 24),
(606, 24),
(607, 24),
(608, 24),
(609, 24),
(610, 24),
(611, 24),
(612, 24),
(613, 24),
(614, 24),
(615, 24),
(616, 25),
(617, 25),
(618, 25),
(619, 25),
(620, 25),
(621, 25),
(622, 25),
(623, 25),
(624, 25),
(625, 25),
(626, 25),
(627, 25),
(628, 25),
(629, 25),
(630, 25),
(631, 25),
(632, 25),
(633, 25),
(634, 25),
(635, 25),
(636, 25),
(637, 25),
(638, 25),
(639, 25),
(640, 25),
(641, 25),
(642, 25),
(643, 25),
(644, 25),
(645, 25),
(646, 25),
(647, 25),
(648, 25),
(649, 25),
(650, 25),
(651, 25),
(652, 26),
(653, 26),
(654, 26),
(655, 26),
(656, 26),
(657, 26),
(658, 26),
(659, 26),
(660, 26),
(661, 26),
(662, 26),
(663, 26),
(664, 26),
(665, 26),
(666, 26),
(667, 26),
(668, 26),
(669, 26),
(670, 26),
(671, 26),
(672, 26),
(673, 26),
(674, 26),
(675, 26),
(676, 26),
(677, 26),
(678, 26),
(679, 26),
(680, 26),
(681, 26),
(682, 26),
(683, 26),
(684, 26),
(685, 26),
(686, 26),
(687, 26),
(688, 6),
(689, 7),
(690, 7),
(691, 7),
(692, 7),
(693, 7),
(694, 7),
(695, 7),
(696, 7),
(697, 6),
(698, 6),
(699, 6),
(700, 6),
(701, 19),
(702, 19),
(703, 19),
(704, 19),
(705, 19),
(706, 19),
(707, 19),
(708, 19),
(709, 6),
(710, 6),
(711, 6),
(712, 6),
(713, 7),
(714, 7),
(715, 7),
(716, 7),
(717, 7),
(718, 6),
(719, 6),
(720, 6),
(721, 6),
(722, 6),
(723, 6),
(724, 7),
(725, 7),
(726, 7),
(727, 8),
(728, 8),
(729, 8),
(730, 8),
(731, 8),
(732, 8),
(733, 8),
(734, 8),
(735, 10),
(736, 10),
(737, 10),
(738, 10),
(739, 10),
(740, 10),
(741, 10),
(742, 10),
(743, 11),
(744, 11),
(745, 11),
(746, 11),
(747, 11),
(748, 11),
(749, 11),
(750, 11),
(751, 12),
(752, 12),
(753, 12),
(754, 12),
(755, 12),
(756, 12),
(757, 12),
(758, 12),
(759, 6),
(760, 6),
(761, 6),
(762, 6),
(763, 6),
(764, 6),
(765, 8),
(766, 8),
(767, 8),
(768, 8),
(769, 8),
(770, 8),
(771, 8),
(772, 8),
(773, 8),
(774, 8),
(775, 8),
(776, 8),
(777, 6),
(778, 6),
(779, 6),
(780, 6),
(781, 6),
(782, 6),
(783, 6),
(784, 20),
(785, 20),
(786, 20),
(787, 20),
(788, 20),
(789, 20),
(790, 20),
(791, 20),
(792, 21),
(793, 21),
(794, 21),
(795, 21),
(796, 21),
(797, 21),
(798, 21),
(799, 21),
(800, 23),
(801, 23),
(802, 23),
(803, 23),
(804, 23),
(805, 23),
(806, 23),
(807, 23),
(808, 26),
(809, 26),
(810, 26),
(811, 26),
(812, 26),
(813, 26),
(814, 26),
(815, 26),
(816, 7),
(817, 6),
(818, 6),
(819, 6),
(820, 6),
(821, 6),
(822, 6),
(823, 6),
(824, 6),
(825, 6),
(826, 6),
(827, 6),
(828, 6),
(829, 6),
(830, 6),
(831, 6),
(832, 6),
(833, 6),
(834, 6),
(835, 8),
(836, 8),
(837, 8),
(838, 8),
(839, 8),
(840, 8),
(841, 8),
(842, 8),
(843, 8),
(844, 8),
(845, 8),
(846, 8),
(847, 8),
(848, 8),
(849, 8),
(850, 8),
(851, 8),
(852, 8),
(853, 8),
(854, 8),
(855, 8),
(856, 8),
(857, 10),
(858, 10),
(859, 10),
(860, 10),
(861, 10),
(862, 10),
(863, 10),
(864, 10),
(865, 12),
(866, 12),
(867, 12),
(868, 12),
(869, 12),
(870, 12),
(871, 12),
(872, 12),
(873, 17),
(874, 17),
(875, 17),
(876, 17),
(877, 17),
(878, 17),
(879, 17),
(880, 17),
(881, 18),
(882, 18),
(883, 18),
(884, 18),
(885, 18),
(886, 18),
(887, 18),
(888, 18),
(889, 19),
(890, 19),
(891, 19),
(892, 19),
(893, 19),
(894, 19),
(895, 19),
(896, 19),
(897, 20),
(898, 20),
(899, 20),
(900, 20),
(901, 20),
(902, 20),
(903, 20),
(904, 20),
(905, 21),
(906, 21),
(907, 21),
(908, 21),
(909, 21),
(910, 21),
(911, 21),
(912, 21),
(913, 22),
(914, 22),
(915, 22),
(916, 22),
(917, 22),
(918, 22),
(919, 22),
(920, 22),
(921, 23),
(922, 23),
(923, 23),
(924, 23),
(925, 23),
(926, 23),
(927, 23),
(928, 23),
(929, 24),
(930, 24),
(931, 24),
(932, 24),
(933, 24),
(934, 24),
(935, 24),
(936, 24),
(937, 25),
(938, 25),
(939, 25),
(940, 25),
(941, 25),
(942, 25),
(943, 25),
(944, 25),
(945, 26),
(946, 26),
(947, 26),
(948, 26),
(949, 26),
(950, 26),
(951, 26),
(952, 26);

-- --------------------------------------------------------

--
-- Table structure for table `catalogrule_product_price`
--

CREATE TABLE `catalogrule_product_price` (
  `rule_product_price_id` int(10) UNSIGNED NOT NULL COMMENT 'Rule Product PriceId',
  `rule_date` date NOT NULL COMMENT 'Rule Date',
  `customer_group_id` int(11) DEFAULT NULL,
  `product_id` int(10) UNSIGNED NOT NULL DEFAULT 0 COMMENT 'Product ID',
  `rule_price` decimal(20,6) NOT NULL DEFAULT 0.000000 COMMENT 'Rule Price',
  `website_id` smallint(5) UNSIGNED NOT NULL COMMENT 'Website ID',
  `latest_start_date` date DEFAULT NULL COMMENT 'Latest StartDate',
  `earliest_end_date` date DEFAULT NULL COMMENT 'Earliest EndDate'
) ENGINE=InnoDB DEFAULT CHARSET=utf8 COMMENT='CatalogRule Product Price';

--
-- Triggers `catalogrule_product_price`
--
DELIMITER $$
CREATE TRIGGER `trg_catalogrule_product_price_after_delete` AFTER DELETE ON `catalogrule_product_price` FOR EACH ROW BEGIN
INSERT IGNORE INTO `catalog_product_price_cl` (`entity_id`) VALUES (OLD.`product_id`);
END
$$
DELIMITER ;
DELIMITER $$
CREATE TRIGGER `trg_catalogrule_product_price_after_insert` AFTER INSERT ON `catalogrule_product_price` FOR EACH ROW BEGIN
INSERT IGNORE INTO `catalog_product_price_cl` (`entity_id`) VALUES (NEW.`product_id`);
END
$$
DELIMITER ;
DELIMITER $$
CREATE TRIGGER `trg_catalogrule_product_price_after_update` AFTER UPDATE ON `catalogrule_product_price` FOR EACH ROW BEGIN
IF (NOT(NEW.`rule_product_price_id` <=> OLD.`rule_product_price_id`) OR NOT(NEW.`rule_date` <=> OLD.`rule_date`) OR NOT(NEW.`customer_group_id` <=> OLD.`customer_group_id`) OR NOT(NEW.`product_id` <=> OLD.`product_id`) OR NOT(NEW.`rule_price` <=> OLD.`rule_price`) OR NOT(NEW.`website_id` <=> OLD.`website_id`) OR NOT(NEW.`latest_start_date` <=> OLD.`latest_start_date`) OR NOT(NEW.`earliest_end_date` <=> OLD.`earliest_end_date`)) THEN INSERT IGNORE INTO `catalog_product_price_cl` (`entity_id`) VALUES (NEW.`product_id`); END IF;
END
$$
DELIMITER ;

-- --------------------------------------------------------

--
-- Table structure for table `catalogrule_product_price_replica`
--

CREATE TABLE `catalogrule_product_price_replica` (
  `rule_product_price_id` int(10) UNSIGNED NOT NULL COMMENT 'Rule Product PriceId',
  `rule_date` date NOT NULL COMMENT 'Rule Date',
  `customer_group_id` int(11) DEFAULT NULL,
  `product_id` int(10) UNSIGNED NOT NULL DEFAULT 0 COMMENT 'Product ID',
  `rule_price` decimal(20,6) NOT NULL DEFAULT 0.000000 COMMENT 'Rule Price',
  `website_id` smallint(5) UNSIGNED NOT NULL COMMENT 'Website ID',
  `latest_start_date` date DEFAULT NULL COMMENT 'Latest StartDate',
  `earliest_end_date` date DEFAULT NULL COMMENT 'Earliest EndDate'
) ENGINE=InnoDB DEFAULT CHARSET=utf8 COMMENT='CatalogRule Product Price';

-- --------------------------------------------------------

--
-- Table structure for table `catalogrule_product_replica`
--

CREATE TABLE `catalogrule_product_replica` (
  `rule_product_id` int(10) UNSIGNED NOT NULL COMMENT 'Rule Product ID',
  `rule_id` int(10) UNSIGNED NOT NULL DEFAULT 0 COMMENT 'Rule ID',
  `from_time` int(10) UNSIGNED NOT NULL DEFAULT 0 COMMENT 'From Time',
  `to_time` int(10) UNSIGNED NOT NULL DEFAULT 0 COMMENT 'To time',
  `customer_group_id` int(11) DEFAULT NULL,
  `product_id` int(10) UNSIGNED NOT NULL DEFAULT 0 COMMENT 'Product ID',
  `action_operator` varchar(10) DEFAULT 'to_fixed' COMMENT 'Action Operator',
  `action_amount` decimal(20,6) NOT NULL DEFAULT 0.000000 COMMENT 'Action Amount',
  `action_stop` smallint(6) NOT NULL DEFAULT 0 COMMENT 'Action Stop',
  `sort_order` int(10) UNSIGNED NOT NULL DEFAULT 0 COMMENT 'Sort Order',
  `website_id` smallint(5) UNSIGNED NOT NULL COMMENT 'Website ID'
) ENGINE=InnoDB DEFAULT CHARSET=utf8 COMMENT='CatalogRule Product';

-- --------------------------------------------------------

--
-- Table structure for table `catalogrule_rule_cl`
--

CREATE TABLE `catalogrule_rule_cl` (
  `version_id` int(10) UNSIGNED NOT NULL COMMENT 'Version ID',
  `entity_id` int(10) UNSIGNED NOT NULL DEFAULT 0 COMMENT 'Entity ID'
) ENGINE=InnoDB DEFAULT CHARSET=utf8 COMMENT='catalogrule_rule_cl';

-- --------------------------------------------------------

--
-- Table structure for table `catalogrule_website`
--

CREATE TABLE `catalogrule_website` (
  `rule_id` int(10) UNSIGNED NOT NULL COMMENT 'Rule ID',
  `website_id` smallint(5) UNSIGNED NOT NULL COMMENT 'Website ID'
) ENGINE=InnoDB DEFAULT CHARSET=utf8 COMMENT='Catalog Rules To Websites Relations';

-- --------------------------------------------------------

--
-- Table structure for table `catalogsearch_fulltext_cl`
--

CREATE TABLE `catalogsearch_fulltext_cl` (
  `version_id` int(10) UNSIGNED NOT NULL COMMENT 'Version ID',
  `entity_id` int(10) UNSIGNED NOT NULL DEFAULT 0 COMMENT 'Entity ID'
) ENGINE=InnoDB DEFAULT CHARSET=utf8 COMMENT='catalogsearch_fulltext_cl';

--
-- Dumping data for table `catalogsearch_fulltext_cl`
--

INSERT INTO `catalogsearch_fulltext_cl` (`version_id`, `entity_id`) VALUES
(47, 6),
(48, 6),
(49, 6),
(50, 6),
(51, 6),
(52, 6),
(53, 6),
(54, 6),
(55, 6),
(56, 6),
(57, 6),
(58, 6),
(59, 6),
(60, 6),
(61, 6),
(62, 6),
(63, 6),
(64, 6),
(65, 6),
(66, 6),
(67, 6),
(68, 6),
(69, 6),
(70, 6),
(71, 6),
(72, 6),
(73, 6),
(74, 6),
(75, 6),
(76, 6),
(77, 6),
(78, 6),
(79, 6),
(80, 6),
(81, 6),
(82, 7),
(83, 7),
(84, 7),
(85, 7),
(86, 7),
(87, 7),
(88, 7),
(89, 7),
(90, 7),
(91, 7),
(92, 7),
(93, 7),
(94, 7),
(95, 7),
(96, 7),
(97, 7),
(98, 7),
(99, 7),
(100, 7),
(101, 7),
(102, 7),
(103, 7),
(104, 7),
(105, 7),
(106, 7),
(107, 7),
(108, 7),
(109, 7),
(110, 6),
(111, 7),
(112, 6),
(113, 7),
(114, 6),
(115, 7),
(116, 8),
(117, 8),
(118, 8),
(119, 8),
(120, 8),
(121, 8),
(122, 8),
(123, 8),
(124, 8),
(125, 8),
(126, 8),
(127, 8),
(128, 8),
(129, 8),
(130, 8),
(131, 8),
(132, 8),
(133, 8),
(134, 8),
(135, 8),
(136, 8),
(137, 8),
(156, 8),
(157, 8),
(158, 8),
(159, 8),
(160, 8),
(161, 7),
(162, 7),
(163, 7),
(164, 7),
(165, 10),
(166, 10),
(167, 10),
(168, 10),
(169, 10),
(170, 10),
(171, 10),
(172, 10),
(173, 10),
(174, 10),
(175, 10),
(176, 10),
(177, 10),
(178, 10),
(179, 10),
(180, 10),
(181, 10),
(182, 10),
(183, 10),
(184, 10),
(185, 10),
(186, 10),
(187, 10),
(188, 10),
(189, 10),
(190, 10),
(191, 10),
(192, 10),
(193, 10),
(194, 10),
(195, 7),
(196, 7),
(197, 6),
(198, 6),
(199, 6),
(200, 7),
(201, 6),
(202, 10),
(203, 10),
(204, 10),
(205, 10),
(206, 8),
(207, 8),
(208, 8),
(209, 8),
(210, 11),
(211, 11),
(212, 11),
(213, 11),
(214, 11),
(215, 11),
(216, 11),
(217, 11),
(218, 11),
(219, 11),
(220, 11),
(221, 11),
(222, 11),
(223, 11),
(224, 11),
(225, 11),
(226, 11),
(227, 11),
(228, 11),
(229, 11),
(230, 12),
(231, 12),
(232, 12),
(233, 12),
(234, 12),
(235, 12),
(236, 12),
(237, 12),
(238, 12),
(239, 12),
(240, 12),
(241, 12),
(242, 12),
(243, 12),
(244, 12),
(245, 12),
(246, 12),
(247, 12),
(248, 12),
(249, 12),
(250, 12),
(251, 12),
(252, 12),
(253, 12),
(254, 12),
(255, 6),
(256, 6),
(257, 7),
(258, 8),
(259, 10),
(260, 10),
(261, 11),
(262, 11),
(263, 12),
(264, 12),
(265, 12),
(266, 11),
(267, 10),
(268, 6),
(269, 7),
(270, 6),
(271, 7),
(272, 8),
(273, 6),
(298, 6),
(299, 6),
(300, 6),
(301, 7),
(302, 10),
(303, 12),
(304, 11),
(305, 6),
(306, 7),
(307, 8),
(308, 10),
(309, 10),
(310, 11),
(311, 11),
(312, 12),
(313, 12),
(314, 7),
(315, 8),
(316, 11),
(336, 12),
(376, 17),
(377, 17),
(378, 17),
(379, 17),
(380, 17),
(381, 17),
(382, 17),
(383, 17),
(384, 17),
(385, 17),
(386, 17),
(387, 17),
(388, 17),
(389, 17),
(390, 17),
(391, 17),
(392, 17),
(393, 17),
(394, 17),
(395, 17),
(396, 10),
(397, 18),
(398, 18),
(399, 18),
(400, 18),
(401, 18),
(402, 18),
(403, 18),
(404, 18),
(405, 18),
(406, 18),
(407, 18),
(408, 18),
(409, 18),
(410, 18),
(411, 18),
(412, 18),
(413, 18),
(414, 18),
(415, 18),
(416, 18),
(417, 6),
(418, 6),
(419, 6),
(420, 11),
(421, 11),
(422, 12),
(423, 12),
(424, 17),
(425, 17),
(426, 18),
(427, 6),
(428, 7),
(429, 7),
(430, 8),
(431, 8),
(432, 10),
(433, 10),
(434, 11),
(435, 12),
(436, 17),
(437, 6),
(438, 7),
(439, 8),
(440, 10),
(441, 11),
(442, 12),
(443, 17),
(444, 18),
(445, 17),
(446, 19),
(447, 19),
(448, 19),
(449, 19),
(450, 19),
(451, 19),
(452, 19),
(453, 19),
(454, 19),
(455, 19),
(456, 19),
(457, 19),
(458, 19),
(459, 19),
(460, 19),
(461, 19),
(462, 19),
(463, 19),
(464, 19),
(465, 19),
(466, 19),
(467, 19),
(468, 19),
(469, 19),
(470, 19),
(471, 19),
(472, 19),
(473, 19),
(474, 19),
(475, 19),
(476, 19),
(477, 19),
(478, 19),
(479, 19),
(480, 19),
(481, 19),
(482, 19),
(483, 19),
(484, 20),
(485, 20),
(486, 20),
(487, 20),
(488, 20),
(489, 20),
(490, 20),
(491, 20),
(492, 20),
(493, 20),
(494, 20),
(495, 20),
(496, 20),
(497, 20),
(498, 20),
(499, 20),
(500, 20),
(501, 20),
(502, 20),
(503, 20),
(504, 20),
(505, 20),
(506, 20),
(507, 20),
(508, 20),
(509, 20),
(510, 20),
(511, 20),
(512, 20),
(513, 20),
(514, 20),
(515, 20),
(516, 20),
(517, 20),
(518, 20),
(519, 20),
(520, 20),
(521, 20),
(522, 21),
(523, 21),
(524, 21),
(525, 21),
(526, 21),
(527, 21),
(528, 21),
(529, 21),
(530, 21),
(531, 21),
(532, 21),
(533, 21),
(534, 21),
(535, 21),
(536, 21),
(537, 21),
(538, 21),
(539, 21),
(540, 21),
(541, 21),
(542, 21),
(543, 21),
(544, 21),
(545, 21),
(546, 21),
(547, 21),
(548, 21),
(549, 21),
(550, 21),
(551, 21),
(552, 21),
(553, 21),
(554, 21),
(555, 21),
(556, 21),
(557, 21),
(558, 21),
(559, 21),
(560, 22),
(561, 22),
(562, 22),
(563, 22),
(564, 22),
(565, 22),
(566, 22),
(567, 22),
(568, 22),
(569, 22),
(570, 22),
(571, 22),
(572, 22),
(573, 22),
(574, 22),
(575, 22),
(576, 22),
(577, 22),
(578, 22),
(579, 22),
(580, 22),
(581, 22),
(582, 22),
(583, 22),
(584, 22),
(585, 22),
(586, 22),
(587, 22),
(588, 22),
(589, 22),
(590, 22),
(591, 22),
(592, 22),
(593, 22),
(594, 22),
(595, 22),
(596, 22),
(597, 22),
(598, 6),
(599, 6),
(600, 19),
(601, 20),
(602, 21),
(603, 22),
(604, 6),
(605, 23),
(606, 23),
(607, 23),
(608, 23),
(609, 23),
(610, 23),
(611, 23),
(612, 23),
(613, 23),
(614, 23),
(615, 23),
(616, 23),
(617, 23),
(618, 23),
(619, 23),
(620, 23),
(621, 23),
(622, 23),
(623, 23),
(624, 23),
(625, 23),
(626, 23),
(627, 23),
(628, 23),
(629, 23),
(630, 23),
(631, 23),
(632, 23),
(633, 23),
(634, 23),
(635, 23),
(636, 23),
(637, 23),
(638, 23),
(639, 23),
(640, 23),
(641, 23),
(642, 23),
(643, 24),
(644, 24),
(645, 24),
(646, 24),
(647, 24),
(648, 24),
(649, 24),
(650, 24),
(651, 24),
(652, 24),
(653, 24),
(654, 24),
(655, 24),
(656, 24),
(657, 24),
(658, 24),
(659, 24),
(660, 24),
(661, 24),
(662, 24),
(663, 24),
(664, 24),
(665, 24),
(666, 24),
(667, 24),
(668, 24),
(669, 24),
(670, 24),
(671, 24),
(672, 24),
(673, 24),
(674, 24),
(675, 24),
(676, 24),
(677, 24),
(678, 24),
(679, 24),
(680, 24),
(681, 25),
(682, 25),
(683, 25),
(684, 25),
(685, 25),
(686, 25),
(687, 25),
(688, 25),
(689, 25),
(690, 25),
(691, 25),
(692, 25),
(693, 25),
(694, 25),
(695, 25),
(696, 25),
(697, 25),
(698, 25),
(699, 25),
(700, 25),
(701, 25),
(702, 25),
(703, 25),
(704, 25),
(705, 25),
(706, 25),
(707, 25),
(708, 25),
(709, 25),
(710, 25),
(711, 25),
(712, 25),
(713, 25),
(714, 25),
(715, 25),
(716, 25),
(717, 25),
(718, 25),
(719, 26),
(720, 26),
(721, 26),
(722, 26),
(723, 26),
(724, 26),
(725, 26),
(726, 26),
(727, 26),
(728, 26),
(729, 26),
(730, 26),
(731, 26),
(732, 26),
(733, 26),
(734, 26),
(735, 26),
(736, 26),
(737, 26),
(738, 26),
(739, 26),
(740, 26),
(741, 26),
(742, 26),
(743, 26),
(744, 26),
(745, 26),
(746, 26),
(747, 26),
(748, 26),
(749, 26),
(750, 26),
(751, 26),
(752, 26),
(753, 26),
(754, 26),
(755, 26),
(756, 26),
(757, 6),
(758, 23),
(759, 24),
(760, 25),
(761, 26),
(762, 7),
(763, 7),
(764, 7),
(765, 7),
(766, 7),
(767, 7),
(768, 7),
(769, 7),
(770, 6),
(771, 6),
(772, 6),
(773, 6),
(774, 19),
(775, 19),
(776, 19),
(777, 19),
(778, 19),
(779, 19),
(780, 19),
(781, 19),
(782, 6),
(783, 6),
(784, 6),
(785, 6),
(786, 7),
(787, 7),
(788, 7),
(789, 7),
(790, 7),
(791, 6),
(792, 6),
(793, 6),
(794, 6),
(795, 6),
(796, 6),
(797, 7),
(798, 7),
(799, 7),
(800, 8),
(801, 8),
(802, 8),
(803, 8),
(804, 8),
(805, 8),
(806, 8),
(807, 8),
(808, 10),
(809, 10),
(810, 10),
(811, 10),
(812, 10),
(813, 10),
(814, 10),
(815, 10),
(816, 11),
(817, 11),
(818, 11),
(819, 11),
(820, 11),
(821, 11),
(822, 11),
(823, 11),
(824, 12),
(825, 12),
(826, 12),
(827, 12),
(828, 12),
(829, 12),
(830, 12),
(831, 12),
(832, 6),
(833, 6),
(834, 6),
(835, 6),
(836, 6),
(837, 6),
(838, 8),
(839, 8),
(840, 8),
(841, 8),
(842, 8),
(843, 8),
(844, 8),
(845, 8),
(846, 8),
(847, 8),
(848, 8),
(849, 8),
(850, 8),
(851, 6),
(852, 6),
(853, 6),
(854, 6),
(855, 6),
(856, 6),
(857, 6),
(858, 20),
(859, 20),
(860, 20),
(861, 20),
(862, 20),
(863, 20),
(864, 20),
(865, 20),
(866, 21),
(867, 21),
(868, 21),
(869, 21),
(870, 21),
(871, 21),
(872, 21),
(873, 21),
(874, 23),
(875, 23),
(876, 23),
(877, 23),
(878, 23),
(879, 23),
(880, 23),
(881, 23),
(882, 26),
(883, 26),
(884, 26),
(885, 26),
(886, 26),
(887, 26),
(888, 26),
(889, 26),
(890, 7),
(891, 6),
(892, 6),
(893, 6),
(894, 6),
(895, 6),
(896, 6),
(897, 6),
(898, 6),
(899, 6),
(900, 6),
(901, 6),
(902, 6),
(903, 6),
(904, 6),
(905, 6),
(906, 6),
(907, 6),
(908, 6),
(909, 8),
(910, 8),
(911, 8),
(912, 8),
(913, 8),
(914, 8),
(915, 8),
(916, 8),
(917, 8),
(918, 8),
(919, 8),
(920, 8),
(921, 8),
(922, 8),
(923, 8),
(924, 8),
(925, 8),
(926, 8),
(927, 8),
(928, 8),
(929, 8),
(930, 8),
(931, 10),
(932, 10),
(933, 10),
(934, 10),
(935, 10),
(936, 10),
(937, 10),
(938, 10),
(939, 12),
(940, 12),
(941, 12),
(942, 12),
(943, 12),
(944, 12),
(945, 12),
(946, 12),
(947, 17),
(948, 17),
(949, 17),
(950, 17),
(951, 17),
(952, 17),
(953, 17),
(954, 17),
(955, 18),
(956, 18),
(957, 18),
(958, 18),
(959, 18),
(960, 18),
(961, 18),
(962, 18),
(963, 19),
(964, 19),
(965, 19),
(966, 19),
(967, 19),
(968, 19),
(969, 19),
(970, 19),
(971, 20),
(972, 20),
(973, 20),
(974, 20),
(975, 20),
(976, 20),
(977, 20),
(978, 20),
(979, 21),
(980, 21),
(981, 21),
(982, 21),
(983, 21),
(984, 21),
(985, 21),
(986, 21),
(987, 22),
(988, 22),
(989, 22),
(990, 22),
(991, 22),
(992, 22),
(993, 22),
(994, 22),
(995, 23),
(996, 23),
(997, 23),
(998, 23),
(999, 23),
(1000, 23),
(1001, 23),
(1002, 23),
(1003, 24),
(1004, 24),
(1005, 24),
(1006, 24),
(1007, 24),
(1008, 24),
(1009, 24),
(1010, 24),
(1011, 25),
(1012, 25),
(1013, 25),
(1014, 25),
(1015, 25),
(1016, 25),
(1017, 25),
(1018, 25),
(1019, 26),
(1020, 26),
(1021, 26),
(1022, 26),
(1023, 26),
(1024, 26),
(1025, 26),
(1026, 26);

-- --------------------------------------------------------

--
-- Table structure for table `catalogsearch_recommendations`
--

CREATE TABLE `catalogsearch_recommendations` (
  `id` int(10) UNSIGNED NOT NULL COMMENT 'ID',
  `query_id` int(10) UNSIGNED NOT NULL DEFAULT 0 COMMENT 'Query ID',
  `relation_id` int(10) UNSIGNED NOT NULL DEFAULT 0 COMMENT 'Relation ID'
) ENGINE=InnoDB DEFAULT CHARSET=utf8 COMMENT='Advanced Search Recommendations';

-- --------------------------------------------------------

--
-- Table structure for table `catalog_category_entity`
--

CREATE TABLE `catalog_category_entity` (
  `entity_id` int(10) UNSIGNED NOT NULL COMMENT 'Entity ID',
  `attribute_set_id` smallint(5) UNSIGNED NOT NULL DEFAULT 0 COMMENT 'Attribute Set ID',
  `parent_id` int(10) UNSIGNED NOT NULL DEFAULT 0 COMMENT 'Parent Category ID',
  `created_at` timestamp NOT NULL DEFAULT current_timestamp() COMMENT 'Creation Time',
  `updated_at` timestamp NOT NULL DEFAULT current_timestamp() ON UPDATE current_timestamp() COMMENT 'Update Time',
  `path` varchar(255) NOT NULL COMMENT 'Tree Path',
  `position` int(11) NOT NULL COMMENT 'Position',
  `level` int(11) NOT NULL DEFAULT 0 COMMENT 'Tree Level',
  `children_count` int(11) NOT NULL COMMENT 'Child Count'
) ENGINE=InnoDB DEFAULT CHARSET=utf8 COMMENT='Catalog Category Table';

--
-- Dumping data for table `catalog_category_entity`
--

INSERT INTO `catalog_category_entity` (`entity_id`, `attribute_set_id`, `parent_id`, `created_at`, `updated_at`, `path`, `position`, `level`, `children_count`) VALUES
(1, 3, 0, '2023-02-08 11:19:26', '2023-03-03 11:42:27', '1', 0, 0, 6),
(2, 3, 1, '2023-02-08 11:19:28', '2023-03-03 11:42:27', '1/2', 1, 1, 5),
(3, 3, 2, '2023-02-23 07:33:43', '2023-02-23 07:39:30', '1/2/3', 1, 2, 1),
(4, 3, 3, '2023-02-23 07:39:30', '2023-02-23 07:39:30', '1/2/3/4', 1, 3, 0),
(5, 3, 2, '2023-03-03 11:41:38', '2023-03-03 11:43:03', '1/2/5', 2, 2, 0),
(6, 3, 2, '2023-03-03 11:41:56', '2023-03-03 11:42:51', '1/2/6', 3, 2, 0),
(7, 3, 2, '2023-03-03 11:42:27', '2023-03-03 11:42:39', '1/2/7', 4, 2, 0);

--
-- Triggers `catalog_category_entity`
--
DELIMITER $$
CREATE TRIGGER `trg_catalog_category_entity_after_delete` AFTER DELETE ON `catalog_category_entity` FOR EACH ROW BEGIN
INSERT IGNORE INTO `catalog_category_product_cl` (`entity_id`) VALUES (OLD.`entity_id`);
END
$$
DELIMITER ;
DELIMITER $$
CREATE TRIGGER `trg_catalog_category_entity_after_insert` AFTER INSERT ON `catalog_category_entity` FOR EACH ROW BEGIN
INSERT IGNORE INTO `catalog_category_product_cl` (`entity_id`) VALUES (NEW.`entity_id`);
END
$$
DELIMITER ;
DELIMITER $$
CREATE TRIGGER `trg_catalog_category_entity_after_update` AFTER UPDATE ON `catalog_category_entity` FOR EACH ROW BEGIN
IF (NOT(NEW.`entity_id` <=> OLD.`entity_id`) OR NOT(NEW.`attribute_set_id` <=> OLD.`attribute_set_id`) OR NOT(NEW.`parent_id` <=> OLD.`parent_id`) OR NOT(NEW.`created_at` <=> OLD.`created_at`) OR NOT(NEW.`path` <=> OLD.`path`) OR NOT(NEW.`position` <=> OLD.`position`) OR NOT(NEW.`level` <=> OLD.`level`) OR NOT(NEW.`children_count` <=> OLD.`children_count`)) THEN INSERT IGNORE INTO `catalog_category_product_cl` (`entity_id`) VALUES (NEW.`entity_id`); END IF;
END
$$
DELIMITER ;

-- --------------------------------------------------------

--
-- Table structure for table `catalog_category_entity_datetime`
--

CREATE TABLE `catalog_category_entity_datetime` (
  `value_id` int(11) NOT NULL COMMENT 'Value ID',
  `attribute_id` smallint(5) UNSIGNED NOT NULL DEFAULT 0 COMMENT 'Attribute ID',
  `store_id` smallint(5) UNSIGNED NOT NULL DEFAULT 0 COMMENT 'Store ID',
  `entity_id` int(10) UNSIGNED NOT NULL DEFAULT 0 COMMENT 'Entity ID',
  `value` datetime DEFAULT NULL COMMENT 'Value'
) ENGINE=InnoDB DEFAULT CHARSET=utf8 COMMENT='Catalog Category Datetime Attribute Backend Table';

--
-- Dumping data for table `catalog_category_entity_datetime`
--

INSERT INTO `catalog_category_entity_datetime` (`value_id`, `attribute_id`, `store_id`, `entity_id`, `value`) VALUES
(1, 61, 0, 3, NULL),
(2, 62, 0, 3, NULL),
(3, 61, 0, 7, NULL),
(4, 62, 0, 7, NULL),
(5, 61, 0, 6, NULL),
(6, 62, 0, 6, NULL),
(7, 61, 0, 5, NULL),
(8, 62, 0, 5, NULL);

-- --------------------------------------------------------

--
-- Table structure for table `catalog_category_entity_decimal`
--

CREATE TABLE `catalog_category_entity_decimal` (
  `value_id` int(11) NOT NULL COMMENT 'Value ID',
  `attribute_id` smallint(5) UNSIGNED NOT NULL DEFAULT 0 COMMENT 'Attribute ID',
  `store_id` smallint(5) UNSIGNED NOT NULL DEFAULT 0 COMMENT 'Store ID',
  `entity_id` int(10) UNSIGNED NOT NULL DEFAULT 0 COMMENT 'Entity ID',
  `value` decimal(20,6) DEFAULT NULL COMMENT 'Value'
) ENGINE=InnoDB DEFAULT CHARSET=utf8 COMMENT='Catalog Category Decimal Attribute Backend Table';

-- --------------------------------------------------------

--
-- Table structure for table `catalog_category_entity_int`
--

CREATE TABLE `catalog_category_entity_int` (
  `value_id` int(11) NOT NULL COMMENT 'Value ID',
  `attribute_id` smallint(5) UNSIGNED NOT NULL DEFAULT 0 COMMENT 'Attribute ID',
  `store_id` smallint(5) UNSIGNED NOT NULL DEFAULT 0 COMMENT 'Store ID',
  `entity_id` int(10) UNSIGNED NOT NULL DEFAULT 0 COMMENT 'Entity ID',
  `value` int(11) DEFAULT NULL COMMENT 'Value'
) ENGINE=InnoDB DEFAULT CHARSET=utf8 COMMENT='Catalog Category Integer Attribute Backend Table';

--
-- Dumping data for table `catalog_category_entity_int`
--

INSERT INTO `catalog_category_entity_int` (`value_id`, `attribute_id`, `store_id`, `entity_id`, `value`) VALUES
(1, 69, 0, 1, 1),
(2, 46, 0, 2, 1),
(3, 69, 0, 2, 1),
(4, 46, 0, 3, 1),
(5, 54, 0, 3, 1),
(6, 69, 0, 3, 1),
(7, 70, 0, 3, 0),
(8, 71, 0, 3, 0),
(9, 53, 0, 3, NULL),
(10, 46, 0, 4, 1),
(11, 54, 0, 4, 1),
(12, 69, 0, 4, 1),
(13, 70, 0, 4, 0),
(14, 71, 0, 4, 0),
(15, 46, 0, 5, 1),
(16, 54, 0, 5, 1),
(17, 69, 0, 5, 1),
(18, 70, 0, 5, 0),
(19, 71, 0, 5, 0),
(20, 46, 0, 6, 1),
(21, 54, 0, 6, 1),
(22, 69, 0, 6, 1),
(23, 70, 0, 6, 0),
(24, 71, 0, 6, 0),
(25, 46, 0, 7, 1),
(26, 54, 0, 7, 1),
(27, 69, 0, 7, 1),
(28, 70, 0, 7, 0),
(29, 71, 0, 7, 0),
(30, 53, 0, 7, NULL),
(31, 53, 0, 6, NULL),
(32, 53, 0, 5, NULL);

--
-- Triggers `catalog_category_entity_int`
--
DELIMITER $$
CREATE TRIGGER `trg_catalog_category_entity_int_after_delete` AFTER DELETE ON `catalog_category_entity_int` FOR EACH ROW BEGIN
INSERT IGNORE INTO `catalog_category_product_cl` (`entity_id`) VALUES (OLD.`entity_id`);
END
$$
DELIMITER ;
DELIMITER $$
CREATE TRIGGER `trg_catalog_category_entity_int_after_insert` AFTER INSERT ON `catalog_category_entity_int` FOR EACH ROW BEGIN
INSERT IGNORE INTO `catalog_category_product_cl` (`entity_id`) VALUES (NEW.`entity_id`);
END
$$
DELIMITER ;
DELIMITER $$
CREATE TRIGGER `trg_catalog_category_entity_int_after_update` AFTER UPDATE ON `catalog_category_entity_int` FOR EACH ROW BEGIN
IF (NOT(NEW.`value_id` <=> OLD.`value_id`) OR NOT(NEW.`attribute_id` <=> OLD.`attribute_id`) OR NOT(NEW.`store_id` <=> OLD.`store_id`) OR NOT(NEW.`entity_id` <=> OLD.`entity_id`) OR NOT(NEW.`value` <=> OLD.`value`)) THEN INSERT IGNORE INTO `catalog_category_product_cl` (`entity_id`) VALUES (NEW.`entity_id`); END IF;
END
$$
DELIMITER ;

-- --------------------------------------------------------

--
-- Table structure for table `catalog_category_entity_text`
--

CREATE TABLE `catalog_category_entity_text` (
  `value_id` int(11) NOT NULL COMMENT 'Value ID',
  `attribute_id` smallint(5) UNSIGNED NOT NULL DEFAULT 0 COMMENT 'Attribute ID',
  `store_id` smallint(5) UNSIGNED NOT NULL DEFAULT 0 COMMENT 'Store ID',
  `entity_id` int(10) UNSIGNED NOT NULL DEFAULT 0 COMMENT 'Entity ID',
  `value` mediumtext DEFAULT NULL COMMENT 'Value'
) ENGINE=InnoDB DEFAULT CHARSET=utf8 COMMENT='Catalog Category Text Attribute Backend Table';

--
-- Dumping data for table `catalog_category_entity_text`
--

INSERT INTO `catalog_category_entity_text` (`value_id`, `attribute_id`, `store_id`, `entity_id`, `value`) VALUES
(1, 47, 0, 3, NULL),
(2, 50, 0, 3, NULL),
(3, 51, 0, 3, NULL),
(4, 47, 0, 7, NULL),
(5, 50, 0, 7, NULL),
(6, 51, 0, 7, NULL),
(7, 47, 0, 6, NULL),
(8, 50, 0, 6, NULL),
(9, 51, 0, 6, NULL),
(10, 47, 0, 5, NULL),
(11, 50, 0, 5, NULL),
(12, 51, 0, 5, NULL);

-- --------------------------------------------------------

--
-- Table structure for table `catalog_category_entity_varchar`
--

CREATE TABLE `catalog_category_entity_varchar` (
  `value_id` int(11) NOT NULL COMMENT 'Value ID',
  `attribute_id` smallint(5) UNSIGNED NOT NULL DEFAULT 0 COMMENT 'Attribute ID',
  `store_id` smallint(5) UNSIGNED NOT NULL DEFAULT 0 COMMENT 'Store ID',
  `entity_id` int(10) UNSIGNED NOT NULL DEFAULT 0 COMMENT 'Entity ID',
  `value` varchar(255) DEFAULT NULL COMMENT 'Value'
) ENGINE=InnoDB DEFAULT CHARSET=utf8 COMMENT='Catalog Category Varchar Attribute Backend Table';

--
-- Dumping data for table `catalog_category_entity_varchar`
--

INSERT INTO `catalog_category_entity_varchar` (`value_id`, `attribute_id`, `store_id`, `entity_id`, `value`) VALUES
(1, 45, 0, 1, 'Root Catalog'),
(2, 45, 0, 2, 'Default Category'),
(3, 52, 0, 2, 'PRODUCTS'),
(4, 45, 0, 3, 'Electronics'),
(5, 52, 0, 3, 'PRODUCTS'),
(6, 63, 0, 3, 'category-full-width'),
(7, 121, 0, 3, 'electronics'),
(8, 122, 0, 3, 'electronics'),
(10, 48, 0, 3, NULL),
(11, 49, 0, 3, NULL),
(12, 60, 0, 3, NULL),
(13, 45, 0, 4, 'Computer'),
(14, 52, 0, 4, 'PRODUCTS'),
(15, 63, 0, 4, 'category-full-width'),
(16, 121, 0, 4, 'computer'),
(17, 122, 0, 4, 'electronics/computer'),
(18, 45, 0, 5, 'RSH'),
(19, 52, 0, 5, 'PRODUCTS'),
(20, 63, 0, 5, 'category-full-width'),
(21, 121, 0, 5, 'rsh'),
(22, 122, 0, 5, 'rsh'),
(23, 45, 0, 6, 'CSH'),
(24, 52, 0, 6, 'PRODUCTS'),
(25, 63, 0, 6, 'category-full-width'),
(26, 121, 0, 6, 'csh'),
(27, 122, 0, 6, 'csh'),
(32, 45, 0, 7, 'SHS'),
(33, 52, 0, 7, 'PRODUCTS'),
(34, 63, 0, 7, 'category-full-width'),
(35, 121, 0, 7, 'shs'),
(36, 122, 0, 7, 'shs'),
(38, 48, 0, 7, NULL),
(39, 49, 0, 7, NULL),
(40, 60, 0, 7, NULL),
(42, 48, 0, 6, NULL),
(43, 49, 0, 6, NULL),
(44, 60, 0, 6, NULL),
(46, 48, 0, 5, NULL),
(47, 49, 0, 5, NULL),
(48, 60, 0, 5, NULL);

-- --------------------------------------------------------

--
-- Table structure for table `catalog_category_flat_store_1`
--

CREATE TABLE `catalog_category_flat_store_1` (
  `entity_id` int(10) UNSIGNED NOT NULL COMMENT 'entity_id',
  `parent_id` int(10) UNSIGNED NOT NULL COMMENT 'parent_id',
  `created_at` timestamp NOT NULL DEFAULT current_timestamp() ON UPDATE current_timestamp() COMMENT 'created_at',
  `updated_at` timestamp NOT NULL DEFAULT '0000-00-00 00:00:00' COMMENT 'updated_at',
  `path` varchar(255) NOT NULL DEFAULT '' COMMENT 'path',
  `position` int(11) NOT NULL COMMENT 'position',
  `level` int(11) NOT NULL COMMENT 'level',
  `children_count` int(11) NOT NULL COMMENT 'children_count',
  `store_id` smallint(5) UNSIGNED NOT NULL DEFAULT 0 COMMENT 'Store Id',
  `all_children` text DEFAULT NULL COMMENT 'All Children',
  `available_sort_by` text DEFAULT NULL COMMENT 'Available Product Listing Sort By',
  `children` text DEFAULT NULL COMMENT 'Children',
  `custom_apply_to_products` int(11) DEFAULT NULL COMMENT 'Apply To Products',
  `custom_design` varchar(255) DEFAULT NULL COMMENT 'Custom Design',
  `custom_design_from` datetime DEFAULT NULL COMMENT 'Active From',
  `custom_design_to` datetime DEFAULT NULL COMMENT 'Active To',
  `custom_layout_update` text DEFAULT NULL COMMENT 'Custom Layout Update',
  `custom_layout_update_file` varchar(255) DEFAULT NULL COMMENT 'Custom Layout Update',
  `custom_use_parent_settings` int(11) DEFAULT NULL COMMENT 'Use Parent Category Settings',
  `default_sort_by` varchar(255) DEFAULT NULL COMMENT 'Default Product Listing Sort By',
  `description` text DEFAULT NULL COMMENT 'Description',
  `display_mode` varchar(255) DEFAULT NULL COMMENT 'Display Mode',
  `filter_price_range` decimal(12,4) DEFAULT NULL COMMENT 'Layered Navigation Price Step',
  `image` varchar(255) DEFAULT NULL COMMENT 'Image',
  `include_in_menu` int(11) DEFAULT NULL COMMENT 'Include in Navigation Menu',
  `is_active` int(11) DEFAULT NULL COMMENT 'Is Active',
  `is_anchor` int(11) DEFAULT NULL COMMENT 'Is Anchor',
  `landing_page` int(11) DEFAULT NULL COMMENT 'CMS Block',
  `meta_description` text DEFAULT NULL COMMENT 'Meta Description',
  `meta_keywords` text DEFAULT NULL COMMENT 'Meta Keywords',
  `meta_title` varchar(255) DEFAULT NULL COMMENT 'Page Title',
  `name` varchar(255) DEFAULT NULL COMMENT 'Name',
  `page_layout` varchar(255) DEFAULT NULL COMMENT 'Page Layout',
  `path_in_store` text DEFAULT NULL COMMENT 'Path In Store',
  `url_key` varchar(255) DEFAULT NULL COMMENT 'URL Key',
  `url_path` varchar(255) DEFAULT NULL COMMENT 'Url Path'
) ENGINE=InnoDB DEFAULT CHARSET=utf8 COMMENT='Catalog Category Flat';

--
-- Dumping data for table `catalog_category_flat_store_1`
--

INSERT INTO `catalog_category_flat_store_1` (`entity_id`, `parent_id`, `created_at`, `updated_at`, `path`, `position`, `level`, `children_count`, `store_id`, `all_children`, `available_sort_by`, `children`, `custom_apply_to_products`, `custom_design`, `custom_design_from`, `custom_design_to`, `custom_layout_update`, `custom_layout_update_file`, `custom_use_parent_settings`, `default_sort_by`, `description`, `display_mode`, `filter_price_range`, `image`, `include_in_menu`, `is_active`, `is_anchor`, `landing_page`, `meta_description`, `meta_keywords`, `meta_title`, `name`, `page_layout`, `path_in_store`, `url_key`, `url_path`) VALUES
(1, 0, '2023-02-08 11:19:26', '2023-02-08 11:19:28', '1', 0, 0, 1, 1, NULL, NULL, NULL, NULL, NULL, NULL, NULL, NULL, NULL, NULL, NULL, NULL, NULL, NULL, NULL, 1, NULL, NULL, NULL, NULL, NULL, NULL, 'Root Catalog', NULL, NULL, NULL, NULL),
(2, 1, '2023-02-08 11:19:28', '2023-02-08 11:19:28', '1/2', 1, 1, 0, 1, NULL, NULL, NULL, NULL, NULL, NULL, NULL, NULL, NULL, NULL, NULL, NULL, 'PRODUCTS', NULL, NULL, 1, 1, NULL, NULL, NULL, NULL, NULL, 'Default Category', NULL, NULL, NULL, NULL);

-- --------------------------------------------------------

--
-- Table structure for table `catalog_category_product`
--

CREATE TABLE `catalog_category_product` (
  `entity_id` int(11) NOT NULL COMMENT 'Entity ID',
  `category_id` int(10) UNSIGNED NOT NULL DEFAULT 0 COMMENT 'Category ID',
  `product_id` int(10) UNSIGNED NOT NULL DEFAULT 0 COMMENT 'Product ID',
  `position` int(11) NOT NULL DEFAULT 0 COMMENT 'Position'
) ENGINE=InnoDB DEFAULT CHARSET=utf8 COMMENT='Catalog Product To Category Linkage Table';

--
-- Dumping data for table `catalog_category_product`
--

INSERT INTO `catalog_category_product` (`entity_id`, `category_id`, `product_id`, `position`) VALUES
(6, 2, 6, 0),
(7, 3, 6, 0),
(8, 4, 6, 0),
(9, 2, 7, 0),
(10, 3, 7, 0),
(11, 4, 7, 0),
(12, 7, 6, 0),
(13, 7, 7, 0),
(14, 6, 6, 0),
(15, 6, 7, 0),
(16, 5, 6, 0),
(17, 5, 7, 0),
(18, 2, 8, 0),
(19, 3, 8, 0),
(20, 5, 8, 0),
(21, 2, 10, 0),
(22, 3, 10, 0),
(23, 5, 10, 0),
(24, 6, 10, 0),
(25, 7, 10, 0),
(26, 4, 10, 0),
(27, 5, 11, 0),
(28, 5, 12, 0),
(32, 7, 17, 0),
(34, 2, 11, 0),
(35, 2, 12, 0),
(36, 2, 17, 0),
(37, 2, 19, 0),
(38, 3, 19, 0),
(39, 5, 19, 0),
(40, 6, 19, 0),
(41, 7, 19, 0),
(42, 4, 19, 0),
(43, 2, 20, 0),
(44, 3, 20, 0),
(45, 5, 20, 0),
(46, 6, 20, 0),
(47, 7, 20, 0),
(48, 4, 20, 0),
(49, 2, 21, 0),
(50, 3, 21, 0),
(51, 5, 21, 0),
(52, 6, 21, 0),
(53, 7, 21, 0),
(54, 4, 21, 0),
(55, 2, 22, 0),
(56, 3, 22, 0),
(57, 5, 22, 0),
(58, 6, 22, 0),
(59, 7, 22, 0),
(60, 4, 22, 0),
(61, 2, 23, 0),
(62, 3, 23, 0),
(63, 5, 23, 0),
(64, 6, 23, 0),
(65, 7, 23, 0),
(66, 4, 23, 0),
(67, 2, 24, 0),
(68, 3, 24, 0),
(69, 5, 24, 0),
(70, 6, 24, 0),
(71, 7, 24, 0),
(72, 4, 24, 0),
(73, 2, 25, 0),
(74, 3, 25, 0),
(75, 5, 25, 0),
(76, 6, 25, 0),
(77, 7, 25, 0),
(78, 4, 25, 0),
(79, 2, 26, 0),
(80, 3, 26, 0),
(81, 5, 26, 0),
(82, 6, 26, 0),
(83, 7, 26, 0),
(84, 4, 26, 0);

--
-- Triggers `catalog_category_product`
--
DELIMITER $$
CREATE TRIGGER `trg_catalog_category_product_after_delete` AFTER DELETE ON `catalog_category_product` FOR EACH ROW BEGIN
INSERT IGNORE INTO `catalogsearch_fulltext_cl` (`entity_id`) VALUES (OLD.`product_id`);
INSERT IGNORE INTO `catalog_product_category_cl` (`entity_id`) VALUES (OLD.`product_id`);
INSERT IGNORE INTO `catalogrule_product_cl` (`entity_id`) VALUES (OLD.`product_id`);
END
$$
DELIMITER ;
DELIMITER $$
CREATE TRIGGER `trg_catalog_category_product_after_insert` AFTER INSERT ON `catalog_category_product` FOR EACH ROW BEGIN
INSERT IGNORE INTO `catalogsearch_fulltext_cl` (`entity_id`) VALUES (NEW.`product_id`);
INSERT IGNORE INTO `catalog_product_category_cl` (`entity_id`) VALUES (NEW.`product_id`);
INSERT IGNORE INTO `catalogrule_product_cl` (`entity_id`) VALUES (NEW.`product_id`);
END
$$
DELIMITER ;
DELIMITER $$
CREATE TRIGGER `trg_catalog_category_product_after_update` AFTER UPDATE ON `catalog_category_product` FOR EACH ROW BEGIN
IF (NOT(NEW.`entity_id` <=> OLD.`entity_id`) OR NOT(NEW.`category_id` <=> OLD.`category_id`) OR NOT(NEW.`product_id` <=> OLD.`product_id`) OR NOT(NEW.`position` <=> OLD.`position`)) THEN INSERT IGNORE INTO `catalogsearch_fulltext_cl` (`entity_id`) VALUES (NEW.`product_id`); END IF;
IF (NOT(NEW.`entity_id` <=> OLD.`entity_id`) OR NOT(NEW.`category_id` <=> OLD.`category_id`) OR NOT(NEW.`product_id` <=> OLD.`product_id`) OR NOT(NEW.`position` <=> OLD.`position`)) THEN INSERT IGNORE INTO `catalog_product_category_cl` (`entity_id`) VALUES (NEW.`product_id`); END IF;
IF (NOT(NEW.`entity_id` <=> OLD.`entity_id`) OR NOT(NEW.`category_id` <=> OLD.`category_id`) OR NOT(NEW.`product_id` <=> OLD.`product_id`) OR NOT(NEW.`position` <=> OLD.`position`)) THEN INSERT IGNORE INTO `catalogrule_product_cl` (`entity_id`) VALUES (NEW.`product_id`); END IF;
END
$$
DELIMITER ;

-- --------------------------------------------------------

--
-- Table structure for table `catalog_category_product_cl`
--

CREATE TABLE `catalog_category_product_cl` (
  `version_id` int(10) UNSIGNED NOT NULL COMMENT 'Version ID',
  `entity_id` int(10) UNSIGNED NOT NULL DEFAULT 0 COMMENT 'Entity ID'
) ENGINE=InnoDB DEFAULT CHARSET=utf8 COMMENT='catalog_category_product_cl';

--
-- Dumping data for table `catalog_category_product_cl`
--

INSERT INTO `catalog_category_product_cl` (`version_id`, `entity_id`) VALUES
(1, 1),
(2, 2),
(3, 3),
(4, 3),
(5, 3),
(6, 3),
(7, 3),
(8, 3),
(9, 3),
(10, 3),
(11, 1),
(12, 2),
(13, 3),
(14, 4),
(15, 4),
(16, 4),
(17, 4),
(18, 4),
(19, 4),
(20, 4),
(21, 1),
(22, 2),
(23, 5),
(24, 5),
(25, 5),
(26, 5),
(27, 5),
(28, 5),
(29, 5),
(30, 1),
(31, 2),
(32, 5),
(33, 6),
(34, 6),
(35, 6),
(36, 6),
(37, 6),
(38, 6),
(39, 6),
(40, 1),
(41, 2),
(42, 5),
(43, 1),
(44, 2),
(45, 5),
(46, 6),
(47, 1),
(48, 2),
(49, 1),
(50, 2),
(51, 5),
(52, 6),
(53, 1),
(54, 2),
(55, 7),
(56, 7),
(57, 7),
(58, 7),
(59, 7),
(60, 7),
(61, 7),
(62, 7),
(63, 6),
(64, 5);

-- --------------------------------------------------------

--
-- Table structure for table `catalog_category_product_index`
--

CREATE TABLE `catalog_category_product_index` (
  `category_id` int(10) UNSIGNED NOT NULL DEFAULT 0 COMMENT 'Category ID',
  `product_id` int(10) UNSIGNED NOT NULL DEFAULT 0 COMMENT 'Product ID',
  `position` int(11) DEFAULT NULL COMMENT 'Position',
  `is_parent` smallint(5) UNSIGNED NOT NULL DEFAULT 0 COMMENT 'Is Parent',
  `store_id` smallint(5) UNSIGNED NOT NULL DEFAULT 0 COMMENT 'Store ID',
  `visibility` smallint(5) UNSIGNED NOT NULL COMMENT 'Visibility'
) ENGINE=InnoDB DEFAULT CHARSET=utf8 COMMENT='Catalog Category Product Index';

-- --------------------------------------------------------

--
-- Table structure for table `catalog_category_product_index_replica`
--

CREATE TABLE `catalog_category_product_index_replica` (
  `category_id` int(10) UNSIGNED NOT NULL DEFAULT 0 COMMENT 'Category ID',
  `product_id` int(10) UNSIGNED NOT NULL DEFAULT 0 COMMENT 'Product ID',
  `position` int(11) DEFAULT NULL COMMENT 'Position',
  `is_parent` smallint(5) UNSIGNED NOT NULL DEFAULT 0 COMMENT 'Is Parent',
  `store_id` smallint(5) UNSIGNED NOT NULL DEFAULT 0 COMMENT 'Store ID',
  `visibility` smallint(5) UNSIGNED NOT NULL COMMENT 'Visibility'
) ENGINE=InnoDB DEFAULT CHARSET=utf8 COMMENT='Catalog Category Product Index';

-- --------------------------------------------------------

--
-- Table structure for table `catalog_category_product_index_store1`
--

CREATE TABLE `catalog_category_product_index_store1` (
  `category_id` int(10) UNSIGNED NOT NULL DEFAULT 0 COMMENT 'Category Id',
  `product_id` int(10) UNSIGNED NOT NULL DEFAULT 0 COMMENT 'Product Id',
  `position` int(11) DEFAULT NULL COMMENT 'Position',
  `is_parent` smallint(5) UNSIGNED NOT NULL DEFAULT 0 COMMENT 'Is Parent',
  `store_id` smallint(5) UNSIGNED NOT NULL DEFAULT 0 COMMENT 'Store Id',
  `visibility` smallint(5) UNSIGNED NOT NULL COMMENT 'Visibility'
) ENGINE=InnoDB DEFAULT CHARSET=utf8 COMMENT='Catalog Category Product Index Store1';

--
-- Dumping data for table `catalog_category_product_index_store1`
--

INSERT INTO `catalog_category_product_index_store1` (`category_id`, `product_id`, `position`, `is_parent`, `store_id`, `visibility`) VALUES
(2, 18, 10000, 0, 1, 4),
(2, 6, 0, 1, 1, 4),
(2, 7, 0, 1, 1, 4),
(2, 8, 0, 1, 1, 4),
(2, 10, 0, 1, 1, 4),
(2, 11, 0, 1, 1, 4),
(2, 12, 0, 1, 1, 4),
(2, 17, 0, 1, 1, 4),
(3, 6, 0, 1, 1, 4),
(3, 7, 0, 1, 1, 4),
(3, 8, 0, 1, 1, 4),
(3, 10, 0, 1, 1, 4),
(4, 6, 0, 1, 1, 4),
(4, 7, 0, 1, 1, 4),
(4, 10, 0, 1, 1, 4),
(5, 6, 0, 1, 1, 4),
(5, 7, 0, 1, 1, 4),
(5, 8, 0, 1, 1, 4),
(5, 10, 0, 1, 1, 4),
(5, 11, 0, 1, 1, 4),
(5, 12, 0, 1, 1, 4),
(6, 6, 0, 1, 1, 4),
(6, 7, 0, 1, 1, 4),
(6, 10, 0, 1, 1, 4),
(7, 6, 0, 1, 1, 4),
(7, 7, 0, 1, 1, 4),
(7, 10, 0, 1, 1, 4),
(7, 17, 0, 1, 1, 4);

-- --------------------------------------------------------

--
-- Table structure for table `catalog_category_product_index_store1_replica`
--

CREATE TABLE `catalog_category_product_index_store1_replica` (
  `category_id` int(10) UNSIGNED NOT NULL DEFAULT 0 COMMENT 'Category Id',
  `product_id` int(10) UNSIGNED NOT NULL DEFAULT 0 COMMENT 'Product Id',
  `position` int(11) DEFAULT NULL COMMENT 'Position',
  `is_parent` smallint(5) UNSIGNED NOT NULL DEFAULT 0 COMMENT 'Is Parent',
  `store_id` smallint(5) UNSIGNED NOT NULL DEFAULT 0 COMMENT 'Store Id',
  `visibility` smallint(5) UNSIGNED NOT NULL COMMENT 'Visibility'
) ENGINE=InnoDB DEFAULT CHARSET=utf8 COMMENT='Catalog Category Product Index Store1 Replica';

--
-- Dumping data for table `catalog_category_product_index_store1_replica`
--

INSERT INTO `catalog_category_product_index_store1_replica` (`category_id`, `product_id`, `position`, `is_parent`, `store_id`, `visibility`) VALUES
(2, 18, 10000, 0, 1, 4),
(2, 6, 0, 1, 1, 4),
(2, 7, 0, 1, 1, 4),
(2, 8, 0, 1, 1, 4),
(2, 10, 0, 1, 1, 4),
(2, 11, 0, 1, 1, 4),
(2, 12, 0, 1, 1, 4),
(2, 17, 0, 1, 1, 4),
(3, 6, 0, 1, 1, 4),
(3, 7, 0, 1, 1, 4),
(3, 8, 0, 1, 1, 4),
(3, 10, 0, 1, 1, 4),
(4, 6, 0, 1, 1, 4),
(4, 7, 0, 1, 1, 4),
(4, 10, 0, 1, 1, 4),
(5, 6, 0, 1, 1, 4),
(5, 7, 0, 1, 1, 4),
(5, 8, 0, 1, 1, 4),
(5, 10, 0, 1, 1, 4),
(5, 11, 0, 1, 1, 4),
(5, 12, 0, 1, 1, 4),
(6, 6, 0, 1, 1, 4),
(6, 7, 0, 1, 1, 4),
(6, 10, 0, 1, 1, 4),
(7, 6, 0, 1, 1, 4),
(7, 7, 0, 1, 1, 4),
(7, 10, 0, 1, 1, 4),
(7, 17, 0, 1, 1, 4);

-- --------------------------------------------------------

--
-- Table structure for table `catalog_category_product_index_tmp`
--

CREATE TABLE `catalog_category_product_index_tmp` (
  `category_id` int(10) UNSIGNED NOT NULL DEFAULT 0 COMMENT 'Category ID',
  `product_id` int(10) UNSIGNED NOT NULL DEFAULT 0 COMMENT 'Product ID',
  `position` int(11) NOT NULL DEFAULT 0 COMMENT 'Position',
  `is_parent` smallint(5) UNSIGNED NOT NULL DEFAULT 0 COMMENT 'Is Parent',
  `store_id` smallint(5) UNSIGNED NOT NULL DEFAULT 0 COMMENT 'Store ID',
  `visibility` smallint(5) UNSIGNED NOT NULL COMMENT 'Visibility'
) ENGINE=InnoDB DEFAULT CHARSET=utf8 COMMENT='Catalog Category Product Indexer temporary table';

-- --------------------------------------------------------

--
-- Table structure for table `catalog_compare_item`
--

CREATE TABLE `catalog_compare_item` (
  `catalog_compare_item_id` int(10) UNSIGNED NOT NULL COMMENT 'Compare Item ID',
  `visitor_id` int(10) UNSIGNED NOT NULL DEFAULT 0 COMMENT 'Visitor ID',
  `customer_id` int(10) UNSIGNED DEFAULT NULL COMMENT 'Customer ID',
  `product_id` int(10) UNSIGNED NOT NULL DEFAULT 0 COMMENT 'Product ID',
  `store_id` smallint(5) UNSIGNED DEFAULT NULL COMMENT 'Store ID',
  `list_id` int(10) UNSIGNED DEFAULT NULL COMMENT 'List ID'
) ENGINE=InnoDB DEFAULT CHARSET=utf8 COMMENT='Catalog Compare Table';

-- --------------------------------------------------------

--
-- Table structure for table `catalog_compare_list`
--

CREATE TABLE `catalog_compare_list` (
  `list_id` int(10) UNSIGNED NOT NULL COMMENT 'Compare List ID',
  `list_id_mask` varchar(32) DEFAULT NULL COMMENT 'Masked ID',
  `customer_id` int(10) UNSIGNED DEFAULT NULL COMMENT 'Customer ID'
) ENGINE=InnoDB DEFAULT CHARSET=utf8 COMMENT='Catalog Compare List with hash Table';

-- --------------------------------------------------------

--
-- Table structure for table `catalog_eav_attribute`
--

CREATE TABLE `catalog_eav_attribute` (
  `attribute_id` smallint(5) UNSIGNED NOT NULL COMMENT 'Attribute ID',
  `frontend_input_renderer` varchar(255) DEFAULT NULL COMMENT 'Frontend Input Renderer',
  `is_global` smallint(5) UNSIGNED NOT NULL DEFAULT 1 COMMENT 'Is Global',
  `is_visible` smallint(5) UNSIGNED NOT NULL DEFAULT 1 COMMENT 'Is Visible',
  `is_searchable` smallint(5) UNSIGNED NOT NULL DEFAULT 0 COMMENT 'Is Searchable',
  `is_filterable` smallint(5) UNSIGNED NOT NULL DEFAULT 0 COMMENT 'Is Filterable',
  `is_comparable` smallint(5) UNSIGNED NOT NULL DEFAULT 0 COMMENT 'Is Comparable',
  `is_visible_on_front` smallint(5) UNSIGNED NOT NULL DEFAULT 0 COMMENT 'Is Visible On Front',
  `is_html_allowed_on_front` smallint(5) UNSIGNED NOT NULL DEFAULT 0 COMMENT 'Is HTML Allowed On Front',
  `is_used_for_price_rules` smallint(5) UNSIGNED NOT NULL DEFAULT 0 COMMENT 'Is Used For Price Rules',
  `is_filterable_in_search` smallint(5) UNSIGNED NOT NULL DEFAULT 0 COMMENT 'Is Filterable In Search',
  `used_in_product_listing` smallint(5) UNSIGNED NOT NULL DEFAULT 0 COMMENT 'Is Used In Product Listing',
  `used_for_sort_by` smallint(5) UNSIGNED NOT NULL DEFAULT 0 COMMENT 'Is Used For Sorting',
  `apply_to` varchar(255) DEFAULT NULL COMMENT 'Apply To',
  `is_visible_in_advanced_search` smallint(5) UNSIGNED NOT NULL DEFAULT 0 COMMENT 'Is Visible In Advanced Search',
  `position` int(11) NOT NULL DEFAULT 0 COMMENT 'Position',
  `is_wysiwyg_enabled` smallint(5) UNSIGNED NOT NULL DEFAULT 0 COMMENT 'Is WYSIWYG Enabled',
  `is_used_for_promo_rules` smallint(5) UNSIGNED NOT NULL DEFAULT 0 COMMENT 'Is Used For Promo Rules',
  `is_required_in_admin_store` smallint(5) UNSIGNED NOT NULL DEFAULT 0 COMMENT 'Is Required In Admin Store',
  `is_used_in_grid` smallint(5) UNSIGNED NOT NULL DEFAULT 0 COMMENT 'Is Used in Grid',
  `is_visible_in_grid` smallint(5) UNSIGNED NOT NULL DEFAULT 0 COMMENT 'Is Visible in Grid',
  `is_filterable_in_grid` smallint(5) UNSIGNED NOT NULL DEFAULT 0 COMMENT 'Is Filterable in Grid',
  `search_weight` float NOT NULL DEFAULT 1 COMMENT 'Search Weight',
  `additional_data` text DEFAULT NULL COMMENT 'Additional swatch attributes data',
  `is_pagebuilder_enabled` tinyint(1) NOT NULL DEFAULT 0 COMMENT 'Is PageBuilder Enabled'
) ENGINE=InnoDB DEFAULT CHARSET=utf8 COMMENT='Catalog EAV Attribute Table';

--
-- Dumping data for table `catalog_eav_attribute`
--

INSERT INTO `catalog_eav_attribute` (`attribute_id`, `frontend_input_renderer`, `is_global`, `is_visible`, `is_searchable`, `is_filterable`, `is_comparable`, `is_visible_on_front`, `is_html_allowed_on_front`, `is_used_for_price_rules`, `is_filterable_in_search`, `used_in_product_listing`, `used_for_sort_by`, `apply_to`, `is_visible_in_advanced_search`, `position`, `is_wysiwyg_enabled`, `is_used_for_promo_rules`, `is_required_in_admin_store`, `is_used_in_grid`, `is_visible_in_grid`, `is_filterable_in_grid`, `search_weight`, `additional_data`, `is_pagebuilder_enabled`) VALUES
(45, NULL, 0, 1, 0, 0, 0, 0, 0, 0, 0, 0, 0, NULL, 0, 0, 0, 0, 0, 0, 0, 0, 1, NULL, 0),
(46, NULL, 0, 1, 0, 0, 0, 0, 0, 0, 0, 0, 0, NULL, 0, 0, 0, 0, 0, 0, 0, 0, 1, NULL, 0),
(47, NULL, 0, 1, 0, 0, 0, 0, 1, 0, 0, 0, 0, NULL, 0, 0, 1, 0, 0, 0, 0, 0, 1, NULL, 0),
(48, NULL, 0, 1, 0, 0, 0, 0, 0, 0, 0, 0, 0, NULL, 0, 0, 0, 0, 0, 0, 0, 0, 1, NULL, 0),
(49, NULL, 0, 1, 0, 0, 0, 0, 0, 0, 0, 0, 0, NULL, 0, 0, 0, 0, 0, 0, 0, 0, 1, NULL, 0),
(50, NULL, 0, 1, 0, 0, 0, 0, 0, 0, 0, 0, 0, NULL, 0, 0, 0, 0, 0, 0, 0, 0, 1, NULL, 0),
(51, NULL, 0, 1, 0, 0, 0, 0, 0, 0, 0, 0, 0, NULL, 0, 0, 0, 0, 0, 0, 0, 0, 1, NULL, 0),
(52, NULL, 0, 1, 0, 0, 0, 0, 0, 0, 0, 0, 0, NULL, 0, 0, 0, 0, 0, 0, 0, 0, 1, NULL, 0),
(53, NULL, 0, 1, 0, 0, 0, 0, 0, 0, 0, 0, 0, NULL, 0, 0, 0, 0, 0, 0, 0, 0, 1, NULL, 0),
(54, NULL, 1, 1, 0, 0, 0, 0, 0, 0, 0, 0, 0, NULL, 0, 0, 0, 0, 0, 0, 0, 0, 1, NULL, 0),
(55, NULL, 1, 0, 0, 0, 0, 0, 0, 0, 0, 0, 0, NULL, 0, 0, 0, 0, 0, 0, 0, 0, 1, NULL, 0),
(56, NULL, 1, 0, 0, 0, 0, 0, 0, 0, 0, 0, 0, NULL, 0, 0, 0, 0, 0, 0, 0, 0, 1, NULL, 0),
(57, NULL, 1, 0, 0, 0, 0, 0, 0, 0, 0, 0, 0, NULL, 0, 0, 0, 0, 0, 0, 0, 0, 1, NULL, 0),
(58, NULL, 1, 0, 0, 0, 0, 0, 0, 0, 0, 0, 0, NULL, 0, 0, 0, 0, 0, 0, 0, 0, 1, NULL, 0),
(59, NULL, 1, 0, 0, 0, 0, 0, 0, 0, 0, 0, 0, NULL, 0, 0, 0, 0, 0, 0, 0, 0, 1, NULL, 0),
(60, NULL, 0, 1, 0, 0, 0, 0, 0, 0, 0, 0, 0, NULL, 0, 0, 0, 0, 0, 0, 0, 0, 1, NULL, 0),
(61, NULL, 0, 1, 0, 0, 0, 0, 0, 0, 0, 0, 0, NULL, 0, 0, 0, 0, 0, 0, 0, 0, 1, NULL, 0),
(62, NULL, 0, 1, 0, 0, 0, 0, 0, 0, 0, 0, 0, NULL, 0, 0, 0, 0, 0, 0, 0, 0, 1, NULL, 0),
(63, NULL, 0, 1, 0, 0, 0, 0, 0, 0, 0, 0, 0, NULL, 0, 0, 0, 0, 0, 0, 0, 0, 1, NULL, 0),
(64, NULL, 0, 0, 0, 0, 0, 0, 0, 0, 0, 0, 0, NULL, 0, 0, 0, 0, 0, 0, 0, 0, 1, NULL, 0),
(65, NULL, 1, 0, 0, 0, 0, 0, 0, 0, 0, 0, 0, NULL, 0, 0, 0, 0, 0, 0, 0, 0, 1, NULL, 0),
(66, NULL, 1, 0, 0, 0, 0, 0, 0, 0, 0, 0, 0, NULL, 0, 0, 0, 0, 0, 0, 0, 0, 1, NULL, 0),
(67, 'Magento\\Catalog\\Block\\Adminhtml\\Category\\Helper\\Sortby\\Available', 0, 1, 0, 0, 0, 0, 0, 0, 0, 0, 0, NULL, 0, 0, 0, 0, 0, 0, 0, 0, 1, NULL, 0),
(68, 'Magento\\Catalog\\Block\\Adminhtml\\Category\\Helper\\Sortby\\DefaultSortby', 0, 1, 0, 0, 0, 0, 0, 0, 0, 0, 0, NULL, 0, 0, 0, 0, 0, 0, 0, 0, 1, NULL, 0),
(69, NULL, 0, 1, 0, 0, 0, 0, 0, 0, 0, 0, 0, NULL, 0, 0, 0, 0, 0, 0, 0, 0, 1, NULL, 0),
(70, NULL, 0, 1, 0, 0, 0, 0, 0, 0, 0, 0, 0, NULL, 0, 0, 0, 0, 0, 0, 0, 0, 1, NULL, 0),
(71, NULL, 0, 1, 0, 0, 0, 0, 0, 0, 0, 0, 0, NULL, 0, 0, 0, 0, 0, 0, 0, 0, 1, NULL, 0),
(72, 'Magento\\Catalog\\Block\\Adminhtml\\Category\\Helper\\Pricestep', 0, 1, 0, 0, 0, 0, 0, 0, 0, 0, 0, NULL, 0, 0, 0, 0, 0, 0, 0, 0, 1, NULL, 0),
(73, NULL, 0, 1, 1, 0, 0, 0, 0, 0, 0, 1, 1, NULL, 1, 0, 0, 0, 0, 0, 0, 0, 5, NULL, 0),
(74, NULL, 1, 1, 1, 0, 1, 0, 0, 0, 0, 0, 0, NULL, 1, 0, 0, 0, 0, 0, 0, 0, 6, NULL, 0),
(75, NULL, 0, 1, 1, 0, 1, 0, 1, 0, 0, 0, 0, NULL, 1, 0, 1, 0, 0, 0, 0, 0, 1, NULL, 1),
(76, NULL, 0, 1, 1, 0, 1, 0, 1, 0, 0, 1, 0, NULL, 1, 0, 1, 0, 0, 1, 0, 0, 1, NULL, 0),
(77, NULL, 1, 1, 1, 1, 0, 1, 0, 0, 1, 1, 1, 'simple,virtual,configurable,downloadable,bundle', 1, 0, 0, 0, 0, 1, 0, 1, 1, NULL, 0),
(78, NULL, 1, 1, 0, 0, 0, 0, 0, 0, 0, 1, 0, 'simple,virtual,configurable,downloadable,bundle', 0, 0, 0, 0, 0, 1, 0, 1, 1, NULL, 0),
(79, NULL, 2, 1, 0, 0, 0, 0, 0, 0, 0, 1, 0, 'simple,virtual,configurable,downloadable,bundle', 0, 0, 0, 0, 0, 1, 0, 0, 1, NULL, 0),
(80, NULL, 2, 1, 0, 0, 0, 0, 0, 0, 0, 1, 0, 'simple,virtual,configurable,downloadable,bundle', 0, 0, 0, 0, 0, 1, 0, 0, 1, NULL, 0),
(81, NULL, 1, 1, 0, 0, 0, 0, 0, 0, 0, 0, 0, 'simple,virtual,downloadable', 0, 0, 0, 0, 0, 1, 0, 1, 1, NULL, 0),
(82, 'Magento\\Catalog\\Block\\Adminhtml\\Product\\Helper\\Form\\Weight', 1, 1, 0, 0, 0, 0, 0, 0, 0, 0, 0, 'simple,virtual,configurable,downloadable,bundle', 0, 0, 0, 0, 0, 1, 0, 1, 1, NULL, 0),
(83, NULL, 1, 1, 1, 1, 1, 0, 0, 0, 0, 0, 0, 'simple,configurable', 1, 0, 0, 0, 0, 1, 0, 1, 1, NULL, 0),
(84, NULL, 0, 1, 0, 0, 0, 0, 0, 0, 0, 0, 0, NULL, 0, 0, 0, 0, 0, 1, 0, 1, 1, NULL, 0),
(85, NULL, 0, 1, 0, 0, 0, 0, 0, 0, 0, 0, 0, NULL, 0, 0, 0, 0, 0, 1, 0, 1, 1, NULL, 0),
(86, NULL, 0, 1, 0, 0, 0, 0, 0, 0, 0, 0, 0, NULL, 0, 0, 0, 0, 0, 1, 0, 1, 1, NULL, 0),
(87, NULL, 0, 1, 0, 0, 0, 0, 0, 0, 0, 1, 0, NULL, 0, 0, 0, 0, 0, 0, 0, 0, 1, NULL, 0),
(88, NULL, 0, 1, 0, 0, 0, 0, 0, 0, 0, 1, 0, NULL, 0, 0, 0, 0, 0, 0, 0, 0, 1, NULL, 0),
(89, NULL, 0, 1, 0, 0, 0, 0, 0, 0, 0, 1, 0, NULL, 0, 0, 0, 0, 0, 0, 0, 0, 1, NULL, 0),
(90, NULL, 1, 1, 0, 0, 0, 0, 0, 0, 0, 0, 0, NULL, 0, 0, 0, 0, 0, 0, 0, 0, 1, NULL, 0),
(91, NULL, 1, 0, 0, 0, 0, 0, 0, 0, 0, 0, 0, NULL, 0, 0, 0, 0, 0, 0, 0, 0, 1, NULL, 0),
(92, NULL, 2, 1, 0, 0, 0, 0, 0, 0, 0, 0, 0, 'simple,virtual,downloadable,bundle', 0, 0, 0, 0, 0, 0, 0, 0, 1, NULL, 0),
(93, NULL, 1, 1, 1, 1, 1, 0, 0, 0, 0, 0, 0, 'simple,virtual,configurable', 1, 0, 0, 0, 0, 1, 0, 1, 1, NULL, 0),
(94, NULL, 2, 1, 0, 0, 0, 0, 0, 0, 0, 1, 0, NULL, 0, 0, 0, 0, 0, 1, 0, 0, 1, NULL, 0),
(95, NULL, 2, 1, 0, 0, 0, 0, 0, 0, 0, 1, 0, NULL, 0, 0, 0, 0, 0, 1, 0, 0, 1, NULL, 0),
(96, NULL, 1, 1, 0, 0, 0, 0, 0, 0, 0, 0, 0, NULL, 0, 0, 0, 0, 0, 0, 0, 0, 1, NULL, 0),
(97, 'Magento\\Framework\\Data\\Form\\Element\\Hidden', 2, 1, 1, 0, 0, 0, 0, 0, 0, 1, 0, NULL, 0, 0, 0, 0, 1, 0, 0, 0, 1, NULL, 0),
(98, NULL, 1, 0, 0, 0, 0, 0, 0, 0, 0, 0, 0, 'simple,virtual,configurable,downloadable,bundle', 0, 0, 0, 0, 0, 0, 0, 0, 1, NULL, 0),
(99, NULL, 0, 1, 0, 0, 0, 0, 0, 0, 0, 0, 0, NULL, 0, 0, 0, 0, 1, 0, 0, 0, 1, NULL, 0),
(100, NULL, 0, 1, 0, 0, 0, 0, 0, 0, 0, 0, 0, NULL, 0, 0, 0, 0, 0, 1, 0, 1, 1, NULL, 0),
(101, NULL, 0, 1, 0, 0, 0, 0, 0, 0, 0, 0, 0, NULL, 0, 0, 0, 0, 0, 1, 0, 0, 1, NULL, 0),
(102, NULL, 0, 1, 0, 0, 0, 0, 0, 0, 0, 0, 0, NULL, 0, 0, 0, 0, 0, 1, 0, 0, 1, NULL, 0),
(103, NULL, 0, 0, 0, 0, 0, 0, 0, 0, 0, 0, 0, NULL, 0, 0, 0, 0, 0, 0, 0, 0, 1, NULL, 0),
(104, NULL, 0, 1, 0, 0, 0, 0, 0, 0, 0, 0, 0, NULL, 0, 0, 0, 0, 0, 1, 0, 0, 1, NULL, 0),
(105, 'Magento\\Catalog\\Block\\Adminhtml\\Product\\Helper\\Form\\Category', 1, 1, 0, 0, 0, 0, 0, 0, 0, 0, 0, NULL, 0, 0, 0, 0, 0, 0, 0, 0, 1, NULL, 0),
(106, NULL, 0, 1, 0, 0, 0, 0, 0, 0, 0, 0, 0, NULL, 0, 0, 0, 0, 0, 0, 0, 0, 1, NULL, 0),
(107, NULL, 1, 0, 0, 0, 0, 0, 0, 0, 0, 1, 0, NULL, 0, 0, 0, 0, 0, 0, 0, 0, 1, NULL, 0),
(108, NULL, 1, 0, 0, 0, 0, 0, 0, 0, 0, 0, 0, NULL, 0, 0, 0, 0, 0, 0, 0, 0, 1, NULL, 0),
(109, NULL, 0, 0, 0, 0, 0, 0, 0, 0, 0, 1, 0, NULL, 0, 0, 0, 0, 0, 0, 0, 0, 1, NULL, 0),
(110, NULL, 0, 0, 0, 0, 0, 0, 0, 0, 0, 1, 0, NULL, 0, 0, 0, 0, 0, 0, 0, 0, 1, NULL, 0),
(111, NULL, 0, 0, 0, 0, 0, 0, 0, 0, 0, 1, 0, NULL, 0, 0, 0, 0, 0, 0, 0, 0, 1, NULL, 0),
(112, NULL, 1, 0, 0, 0, 0, 0, 0, 0, 0, 0, 0, NULL, 0, 0, 0, 0, 0, 0, 0, 0, 1, NULL, 0),
(113, NULL, 1, 0, 0, 0, 0, 0, 0, 0, 0, 0, 0, NULL, 0, 0, 0, 0, 0, 0, 0, 0, 1, NULL, 0),
(114, NULL, 2, 1, 0, 0, 0, 0, 0, 0, 0, 0, 0, 'simple,bundle,configurable,grouped', 0, 0, 0, 0, 0, 1, 0, 1, 1, NULL, 0),
(115, 'Magento\\CatalogInventory\\Block\\Adminhtml\\Form\\Field\\Stock', 1, 1, 0, 0, 0, 0, 0, 0, 0, 0, 0, NULL, 0, 0, 0, 0, 0, 0, 0, 0, 1, NULL, 0),
(116, NULL, 0, 1, 0, 0, 0, 0, 0, 0, 0, 0, 0, NULL, 0, 0, 0, 0, 0, 1, 0, 0, 1, NULL, 0),
(117, NULL, 0, 1, 0, 0, 0, 0, 0, 0, 0, 0, 0, NULL, 0, 0, 0, 0, 0, 0, 0, 0, 1, NULL, 0),
(118, NULL, 0, 1, 0, 0, 0, 0, 0, 0, 0, 0, 0, NULL, 0, 0, 0, 0, 0, 0, 0, 0, 1, NULL, 0),
(119, 'Magento\\Msrp\\Block\\Adminhtml\\Product\\Helper\\Form\\Type', 1, 1, 0, 0, 0, 0, 0, 0, 0, 1, 0, 'simple,virtual,downloadable,bundle,configurable', 0, 0, 0, 0, 0, 1, 0, 1, 1, NULL, 0),
(120, 'Magento\\Msrp\\Block\\Adminhtml\\Product\\Helper\\Form\\Type\\Price', 2, 1, 0, 0, 0, 0, 0, 0, 0, 1, 0, 'simple,virtual,downloadable,bundle,configurable', 0, 0, 0, 0, 0, 0, 0, 0, 1, NULL, 0),
(121, NULL, 0, 1, 1, 0, 0, 0, 0, 0, 0, 0, 0, NULL, 0, 0, 0, 0, 0, 0, 0, 0, 1, NULL, 0),
(122, NULL, 0, 0, 0, 0, 0, 0, 0, 0, 0, 0, 0, NULL, 0, 0, 0, 0, 0, 0, 0, 0, 1, NULL, 0),
(123, NULL, 0, 1, 1, 0, 0, 0, 0, 0, 0, 1, 0, NULL, 0, 0, 0, 0, 0, 1, 0, 1, 1, NULL, 0),
(124, NULL, 0, 0, 0, 0, 0, 0, 0, 0, 0, 0, 0, NULL, 0, 0, 0, 0, 0, 0, 0, 0, 1, NULL, 0),
(125, NULL, 1, 0, 0, 0, 0, 0, 0, 0, 0, 1, 0, 'downloadable', 0, 0, 0, 0, 0, 0, 0, 0, 1, NULL, 0),
(126, NULL, 0, 0, 0, 0, 0, 0, 0, 0, 0, 0, 0, 'downloadable', 0, 0, 0, 0, 0, 0, 0, 0, 1, NULL, 0),
(127, NULL, 0, 0, 0, 0, 0, 0, 0, 0, 0, 0, 0, 'downloadable', 0, 0, 0, 0, 0, 0, 0, 0, 1, NULL, 0),
(128, NULL, 1, 0, 0, 0, 0, 0, 0, 0, 0, 1, 0, 'downloadable', 0, 0, 0, 0, 0, 0, 0, 0, 1, NULL, 0),
(129, 'Magento\\GiftMessage\\Block\\Adminhtml\\Product\\Helper\\Form\\Config', 1, 1, 0, 0, 0, 0, 0, 0, 0, 0, 0, NULL, 0, 0, 0, 0, 0, 1, 0, 0, 1, NULL, 0),
(130, NULL, 1, 1, 0, 1, 0, 0, 0, 0, 1, 1, 0, 'bundle', 0, 0, 0, 0, 0, 0, 0, 0, 1, NULL, 0),
(131, NULL, 1, 1, 0, 0, 0, 0, 0, 0, 0, 0, 0, 'bundle', 0, 0, 0, 0, 0, 0, 0, 0, 1, NULL, 0),
(132, NULL, 1, 1, 0, 0, 0, 0, 0, 0, 0, 1, 0, 'bundle', 0, 0, 0, 0, 0, 0, 0, 0, 1, NULL, 0),
(133, NULL, 1, 1, 0, 0, 0, 0, 0, 0, 0, 1, 0, 'bundle', 0, 0, 0, 0, 0, 0, 0, 1, 1, NULL, 0),
(134, NULL, 1, 1, 0, 0, 0, 0, 0, 0, 0, 1, 0, 'bundle', 0, 0, 0, 0, 0, 0, 0, 0, 1, NULL, 0),
(135, NULL, 0, 1, 0, 0, 0, 0, 0, 0, 0, 1, 0, NULL, 0, 0, 0, 0, 0, 0, 0, 0, 1, NULL, 0),
(136, NULL, 2, 1, 1, 0, 0, 0, 0, 0, 0, 1, 0, 'simple,virtual,configurable,downloadable,bundle', 0, 0, 0, 0, 0, 1, 0, 1, 1, NULL, 0),
(139, NULL, 0, 1, 1, 0, 0, 1, 0, 0, 0, 1, 1, NULL, 1, 0, 0, 0, 0, 1, 0, 1, 1, NULL, 0),
(140, NULL, 0, 1, 1, 0, 1, 1, 0, 0, 0, 1, 1, NULL, 1, 0, 0, 0, 0, 1, 0, 1, 1, NULL, 0),
(141, NULL, 0, 1, 1, 0, 1, 1, 0, 0, 0, 1, 1, NULL, 1, 0, 0, 0, 0, 1, 0, 1, 1, NULL, 0),
(142, NULL, 0, 1, 1, 1, 0, 1, 1, 0, 1, 1, 0, NULL, 1, 0, 0, 0, 0, 1, 1, 1, 1, NULL, 0),
(145, NULL, 1, 1, 0, 0, 0, 0, 1, 0, 0, 0, 0, NULL, 0, 1, 0, 0, 0, 1, 1, 1, 1, NULL, 0),
(146, NULL, 1, 1, 0, 0, 0, 0, 1, 0, 0, 0, 0, NULL, 0, 2, 0, 0, 0, 1, 1, 1, 1, NULL, 0),
(147, NULL, 1, 1, 0, 0, 0, 0, 1, 0, 0, 0, 0, NULL, 0, 3, 0, 0, 0, 1, 1, 1, 1, NULL, 0),
(148, NULL, 1, 1, 0, 0, 0, 0, 1, 0, 0, 0, 0, NULL, 0, 4, 0, 0, 0, 1, 1, 1, 1, NULL, 0),
(149, NULL, 1, 1, 0, 0, 0, 0, 1, 0, 0, 0, 0, NULL, 0, 5, 0, 0, 0, 1, 1, 1, 1, NULL, 0),
(150, NULL, 0, 1, 0, 0, 0, 1, 0, 0, 0, 1, 0, NULL, 0, 0, 0, 0, 0, 1, 0, 1, 1, NULL, 0),
(151, NULL, 0, 1, 0, 0, 0, 1, 0, 0, 0, 1, 0, NULL, 0, 0, 0, 0, 0, 1, 0, 1, 1, NULL, 0);

-- --------------------------------------------------------

--
-- Table structure for table `catalog_product_attribute_cl`
--

CREATE TABLE `catalog_product_attribute_cl` (
  `version_id` int(10) UNSIGNED NOT NULL COMMENT 'Version ID',
  `entity_id` int(10) UNSIGNED NOT NULL DEFAULT 0 COMMENT 'Entity ID'
) ENGINE=InnoDB DEFAULT CHARSET=utf8 COMMENT='catalog_product_attribute_cl';

--
-- Dumping data for table `catalog_product_attribute_cl`
--

INSERT INTO `catalog_product_attribute_cl` (`version_id`, `entity_id`) VALUES
(29, 6),
(30, 6),
(31, 6),
(32, 6),
(33, 6),
(34, 6),
(35, 6),
(36, 6),
(37, 6),
(38, 6),
(39, 6),
(40, 6),
(41, 6),
(42, 6),
(43, 6),
(44, 6),
(45, 6),
(46, 6),
(47, 6),
(48, 6),
(49, 6),
(50, 6),
(51, 7),
(52, 7),
(53, 7),
(54, 7),
(55, 7),
(56, 7),
(57, 7),
(58, 7),
(59, 7),
(60, 7),
(61, 7),
(62, 7),
(63, 7),
(64, 7),
(65, 7),
(66, 7),
(67, 7),
(68, 7),
(69, 7),
(70, 7),
(71, 8),
(72, 8),
(73, 8),
(74, 8),
(75, 8),
(76, 8),
(77, 8),
(78, 8),
(79, 8),
(80, 8),
(81, 8),
(82, 8),
(83, 8),
(84, 8),
(100, 8),
(101, 8),
(102, 8),
(103, 7),
(104, 7),
(105, 7),
(106, 7),
(107, 10),
(108, 10),
(109, 10),
(110, 10),
(111, 10),
(112, 10),
(113, 10),
(114, 10),
(115, 10),
(116, 10),
(117, 10),
(118, 10),
(119, 10),
(120, 10),
(121, 10),
(122, 10),
(123, 10),
(124, 7),
(125, 7),
(126, 6),
(127, 6),
(128, 7),
(129, 6),
(130, 10),
(131, 10),
(132, 10),
(133, 8),
(134, 8),
(135, 8),
(136, 11),
(137, 11),
(138, 11),
(139, 11),
(140, 11),
(141, 11),
(142, 11),
(143, 11),
(144, 11),
(145, 11),
(146, 11),
(147, 11),
(148, 11),
(149, 11),
(150, 11),
(151, 12),
(152, 12),
(153, 12),
(154, 12),
(155, 12),
(156, 12),
(157, 12),
(158, 12),
(159, 12),
(160, 12),
(161, 12),
(162, 12),
(163, 12),
(164, 12),
(165, 12),
(166, 12),
(167, 12),
(168, 12),
(169, 6),
(170, 6),
(171, 7),
(172, 8),
(173, 10),
(174, 10),
(175, 11),
(176, 11),
(177, 12),
(178, 12),
(179, 6),
(198, 6),
(199, 6),
(200, 6),
(201, 7),
(202, 8),
(203, 10),
(204, 10),
(205, 11),
(206, 11),
(207, 12),
(208, 12),
(209, 7),
(210, 8),
(211, 11),
(227, 12),
(257, 17),
(258, 17),
(259, 17),
(260, 17),
(261, 17),
(262, 17),
(263, 17),
(264, 17),
(265, 17),
(266, 17),
(267, 17),
(268, 17),
(269, 17),
(270, 17),
(271, 17),
(272, 10),
(273, 18),
(274, 18),
(275, 18),
(276, 18),
(277, 18),
(278, 18),
(279, 18),
(280, 18),
(281, 18),
(282, 18),
(283, 18),
(284, 18),
(285, 18),
(286, 18),
(287, 18),
(288, 6),
(289, 6),
(290, 6),
(291, 11),
(292, 12),
(293, 17),
(294, 7),
(295, 8),
(296, 10),
(297, 6),
(298, 7),
(299, 8),
(300, 10),
(301, 11),
(302, 12),
(303, 17),
(304, 18),
(305, 17),
(306, 19),
(307, 19),
(308, 19),
(309, 19),
(310, 19),
(311, 19),
(312, 19),
(313, 19),
(314, 19),
(315, 19),
(316, 19),
(317, 19),
(318, 19),
(319, 19),
(320, 19),
(321, 19),
(322, 19),
(323, 19),
(324, 19),
(325, 19),
(326, 19),
(327, 19),
(328, 19),
(329, 20),
(330, 20),
(331, 20),
(332, 20),
(333, 20),
(334, 20),
(335, 20),
(336, 20),
(337, 20),
(338, 20),
(339, 20),
(340, 20),
(341, 20),
(342, 20),
(343, 20),
(344, 20),
(345, 20),
(346, 20),
(347, 20),
(348, 20),
(349, 20),
(350, 20),
(351, 20),
(352, 21),
(353, 21),
(354, 21),
(355, 21),
(356, 21),
(357, 21),
(358, 21),
(359, 21),
(360, 21),
(361, 21),
(362, 21),
(363, 21),
(364, 21),
(365, 21),
(366, 21),
(367, 21),
(368, 21),
(369, 21),
(370, 21),
(371, 21),
(372, 21),
(373, 21),
(374, 21),
(375, 22),
(376, 22),
(377, 22),
(378, 22),
(379, 22),
(380, 22),
(381, 22),
(382, 22),
(383, 22),
(384, 22),
(385, 22),
(386, 22),
(387, 22),
(388, 22),
(389, 22),
(390, 22),
(391, 22),
(392, 22),
(393, 22),
(394, 22),
(395, 22),
(396, 22),
(397, 22),
(398, 6),
(399, 23),
(400, 23),
(401, 23),
(402, 23),
(403, 23),
(404, 23),
(405, 23),
(406, 23),
(407, 23),
(408, 23),
(409, 23),
(410, 23),
(411, 23),
(412, 23),
(413, 23),
(414, 23),
(415, 23),
(416, 23),
(417, 23),
(418, 23),
(419, 23),
(420, 23),
(421, 23),
(422, 24),
(423, 24),
(424, 24),
(425, 24),
(426, 24),
(427, 24),
(428, 24),
(429, 24),
(430, 24),
(431, 24),
(432, 24),
(433, 24),
(434, 24),
(435, 24),
(436, 24),
(437, 24),
(438, 24),
(439, 24),
(440, 24),
(441, 24),
(442, 24),
(443, 24),
(444, 24),
(445, 25),
(446, 25),
(447, 25),
(448, 25),
(449, 25),
(450, 25),
(451, 25),
(452, 25),
(453, 25),
(454, 25),
(455, 25),
(456, 25),
(457, 25),
(458, 25),
(459, 25),
(460, 25),
(461, 25),
(462, 25),
(463, 25),
(464, 25),
(465, 25),
(466, 25),
(467, 25),
(468, 26),
(469, 26),
(470, 26),
(471, 26),
(472, 26),
(473, 26),
(474, 26),
(475, 26),
(476, 26),
(477, 26),
(478, 26),
(479, 26),
(480, 26),
(481, 26),
(482, 26),
(483, 26),
(484, 26),
(485, 26),
(486, 26),
(487, 26),
(488, 26),
(489, 26),
(490, 26),
(491, 6),
(492, 7),
(493, 7),
(494, 7),
(495, 7),
(496, 7),
(497, 7),
(498, 7),
(499, 7),
(500, 6),
(501, 6),
(502, 6),
(503, 6),
(504, 19),
(505, 19),
(506, 19),
(507, 19),
(508, 19),
(509, 19),
(510, 19),
(511, 19),
(512, 6),
(513, 6),
(514, 6),
(515, 7),
(516, 7),
(517, 7),
(518, 7),
(519, 7),
(520, 8),
(521, 8),
(522, 8),
(523, 8),
(524, 8),
(525, 8),
(526, 8),
(527, 8),
(528, 10),
(529, 10),
(530, 10),
(531, 10),
(532, 10),
(533, 10),
(534, 10),
(535, 10),
(536, 11),
(537, 11),
(538, 11),
(539, 11),
(540, 11),
(541, 11),
(542, 11),
(543, 11),
(544, 12),
(545, 12),
(546, 12),
(547, 12),
(548, 12),
(549, 12),
(550, 12),
(551, 12),
(552, 6),
(553, 6),
(554, 6),
(555, 8),
(556, 8),
(557, 8),
(558, 8),
(559, 8),
(560, 8),
(561, 8),
(562, 8),
(563, 8),
(564, 8),
(565, 8),
(566, 6),
(567, 6),
(568, 6),
(569, 6),
(570, 6),
(571, 6),
(572, 20),
(573, 20),
(574, 20),
(575, 20),
(576, 20),
(577, 20),
(578, 20),
(579, 20),
(580, 21),
(581, 21),
(582, 21),
(583, 21),
(584, 21),
(585, 21),
(586, 21),
(587, 21),
(588, 23),
(589, 23),
(590, 23),
(591, 23),
(592, 23),
(593, 23),
(594, 23),
(595, 23),
(596, 26),
(597, 26),
(598, 26),
(599, 26),
(600, 26),
(601, 26),
(602, 26),
(603, 26),
(604, 6),
(605, 6),
(606, 6),
(607, 6),
(608, 6),
(609, 6),
(610, 6),
(611, 6),
(612, 6),
(613, 6),
(614, 6),
(615, 6),
(616, 6),
(617, 6),
(618, 6),
(619, 6),
(620, 6),
(621, 6),
(622, 8),
(623, 8),
(624, 8),
(625, 8),
(626, 8),
(627, 8),
(628, 8),
(629, 8),
(630, 8),
(631, 8),
(632, 8),
(633, 8),
(634, 8),
(635, 8),
(636, 8),
(637, 8),
(638, 8),
(639, 8),
(640, 8),
(641, 8),
(642, 8),
(643, 8),
(644, 10),
(645, 10),
(646, 10),
(647, 10),
(648, 10),
(649, 10),
(650, 10),
(651, 10),
(652, 12),
(653, 12),
(654, 12),
(655, 12),
(656, 12),
(657, 12),
(658, 12),
(659, 12),
(660, 17),
(661, 17),
(662, 17),
(663, 17),
(664, 17),
(665, 17),
(666, 17),
(667, 17),
(668, 18),
(669, 18),
(670, 18),
(671, 18),
(672, 18),
(673, 18),
(674, 18),
(675, 18),
(676, 19),
(677, 19),
(678, 19),
(679, 19),
(680, 19),
(681, 19),
(682, 19),
(683, 19),
(684, 20),
(685, 20),
(686, 20),
(687, 20),
(688, 20),
(689, 20),
(690, 20),
(691, 20),
(692, 21),
(693, 21),
(694, 21),
(695, 21),
(696, 21),
(697, 21),
(698, 21),
(699, 21),
(700, 22),
(701, 22),
(702, 22),
(703, 22),
(704, 22),
(705, 22),
(706, 22),
(707, 22),
(708, 23),
(709, 23),
(710, 23),
(711, 23),
(712, 23),
(713, 23),
(714, 23),
(715, 23),
(716, 24),
(717, 24),
(718, 24),
(719, 24),
(720, 24),
(721, 24),
(722, 24),
(723, 24),
(724, 25),
(725, 25),
(726, 25),
(727, 25),
(728, 25),
(729, 25),
(730, 25),
(731, 25),
(732, 26),
(733, 26),
(734, 26),
(735, 26),
(736, 26),
(737, 26),
(738, 26),
(739, 26);

-- --------------------------------------------------------

--
-- Table structure for table `catalog_product_bundle_option`
--

CREATE TABLE `catalog_product_bundle_option` (
  `option_id` int(10) UNSIGNED NOT NULL COMMENT 'Option ID',
  `parent_id` int(10) UNSIGNED NOT NULL COMMENT 'Parent ID',
  `required` smallint(5) UNSIGNED NOT NULL DEFAULT 0 COMMENT 'Required',
  `position` int(10) UNSIGNED NOT NULL DEFAULT 0 COMMENT 'Position',
  `type` varchar(255) DEFAULT NULL COMMENT 'Type'
) ENGINE=InnoDB DEFAULT CHARSET=utf8 COMMENT='Catalog Product Bundle Option';

-- --------------------------------------------------------

--
-- Table structure for table `catalog_product_bundle_option_value`
--

CREATE TABLE `catalog_product_bundle_option_value` (
  `value_id` int(10) UNSIGNED NOT NULL COMMENT 'Value ID',
  `option_id` int(10) UNSIGNED NOT NULL COMMENT 'Option ID',
  `store_id` smallint(5) UNSIGNED NOT NULL COMMENT 'Store ID',
  `title` varchar(255) DEFAULT NULL COMMENT 'Title',
  `parent_product_id` int(10) UNSIGNED NOT NULL COMMENT 'Parent Product ID'
) ENGINE=InnoDB DEFAULT CHARSET=utf8 COMMENT='Catalog Product Bundle Option Value';

-- --------------------------------------------------------

--
-- Table structure for table `catalog_product_bundle_price_index`
--

CREATE TABLE `catalog_product_bundle_price_index` (
  `entity_id` int(10) UNSIGNED NOT NULL COMMENT 'Entity ID',
  `website_id` smallint(5) UNSIGNED NOT NULL COMMENT 'Website ID',
  `customer_group_id` int(10) UNSIGNED NOT NULL COMMENT 'Customer Group ID',
  `min_price` decimal(20,6) NOT NULL COMMENT 'Min Price',
  `max_price` decimal(20,6) NOT NULL COMMENT 'Max Price'
) ENGINE=InnoDB DEFAULT CHARSET=utf8 COMMENT='Catalog Product Bundle Price Index';

-- --------------------------------------------------------

--
-- Table structure for table `catalog_product_bundle_selection`
--

CREATE TABLE `catalog_product_bundle_selection` (
  `selection_id` int(10) UNSIGNED NOT NULL COMMENT 'Selection ID',
  `option_id` int(10) UNSIGNED NOT NULL COMMENT 'Option ID',
  `parent_product_id` int(10) UNSIGNED NOT NULL COMMENT 'Parent Product ID',
  `product_id` int(10) UNSIGNED NOT NULL COMMENT 'Product ID',
  `position` int(10) UNSIGNED NOT NULL DEFAULT 0 COMMENT 'Position',
  `is_default` smallint(5) UNSIGNED NOT NULL DEFAULT 0 COMMENT 'Is Default',
  `selection_price_type` smallint(5) UNSIGNED NOT NULL DEFAULT 0 COMMENT 'Selection Price Type',
  `selection_price_value` decimal(12,4) NOT NULL DEFAULT 0.0000 COMMENT 'Selection Price Value',
  `selection_qty` decimal(12,4) DEFAULT NULL COMMENT 'Selection Qty',
  `selection_can_change_qty` smallint(6) NOT NULL DEFAULT 0 COMMENT 'Selection Can Change Qty'
) ENGINE=InnoDB DEFAULT CHARSET=utf8 COMMENT='Catalog Product Bundle Selection';

--
-- Triggers `catalog_product_bundle_selection`
--
DELIMITER $$
CREATE TRIGGER `trg_catalog_product_bundle_selection_after_delete` AFTER DELETE ON `catalog_product_bundle_selection` FOR EACH ROW BEGIN
INSERT IGNORE INTO `catalogsearch_fulltext_cl` (`entity_id`) VALUES (OLD.`parent_product_id`);
END
$$
DELIMITER ;
DELIMITER $$
CREATE TRIGGER `trg_catalog_product_bundle_selection_after_insert` AFTER INSERT ON `catalog_product_bundle_selection` FOR EACH ROW BEGIN
INSERT IGNORE INTO `catalogsearch_fulltext_cl` (`entity_id`) VALUES (NEW.`parent_product_id`);
END
$$
DELIMITER ;
DELIMITER $$
CREATE TRIGGER `trg_catalog_product_bundle_selection_after_update` AFTER UPDATE ON `catalog_product_bundle_selection` FOR EACH ROW BEGIN
IF (NOT(NEW.`selection_id` <=> OLD.`selection_id`) OR NOT(NEW.`option_id` <=> OLD.`option_id`) OR NOT(NEW.`parent_product_id` <=> OLD.`parent_product_id`) OR NOT(NEW.`product_id` <=> OLD.`product_id`) OR NOT(NEW.`position` <=> OLD.`position`) OR NOT(NEW.`is_default` <=> OLD.`is_default`) OR NOT(NEW.`selection_price_type` <=> OLD.`selection_price_type`) OR NOT(NEW.`selection_price_value` <=> OLD.`selection_price_value`) OR NOT(NEW.`selection_qty` <=> OLD.`selection_qty`) OR NOT(NEW.`selection_can_change_qty` <=> OLD.`selection_can_change_qty`)) THEN INSERT IGNORE INTO `catalogsearch_fulltext_cl` (`entity_id`) VALUES (NEW.`parent_product_id`); END IF;
END
$$
DELIMITER ;

-- --------------------------------------------------------

--
-- Table structure for table `catalog_product_bundle_selection_price`
--

CREATE TABLE `catalog_product_bundle_selection_price` (
  `selection_id` int(10) UNSIGNED NOT NULL COMMENT 'Selection ID',
  `website_id` smallint(5) UNSIGNED NOT NULL COMMENT 'Website ID',
  `selection_price_type` smallint(5) UNSIGNED NOT NULL DEFAULT 0 COMMENT 'Selection Price Type',
  `selection_price_value` decimal(20,6) NOT NULL DEFAULT 0.000000 COMMENT 'Selection Price Value',
  `parent_product_id` int(10) UNSIGNED NOT NULL COMMENT 'Parent Product ID'
) ENGINE=InnoDB DEFAULT CHARSET=utf8 COMMENT='Catalog Product Bundle Selection Price';

-- --------------------------------------------------------

--
-- Table structure for table `catalog_product_bundle_stock_index`
--

CREATE TABLE `catalog_product_bundle_stock_index` (
  `entity_id` int(10) UNSIGNED NOT NULL COMMENT 'Entity ID',
  `website_id` smallint(5) UNSIGNED NOT NULL COMMENT 'Website ID',
  `stock_id` smallint(5) UNSIGNED NOT NULL COMMENT 'Stock ID',
  `option_id` int(10) UNSIGNED NOT NULL DEFAULT 0 COMMENT 'Option ID',
  `stock_status` smallint(6) DEFAULT 0 COMMENT 'Stock Status'
) ENGINE=InnoDB DEFAULT CHARSET=utf8 COMMENT='Catalog Product Bundle Stock Index';

-- --------------------------------------------------------

--
-- Table structure for table `catalog_product_category_cl`
--

CREATE TABLE `catalog_product_category_cl` (
  `version_id` int(10) UNSIGNED NOT NULL COMMENT 'Version ID',
  `entity_id` int(10) UNSIGNED NOT NULL DEFAULT 0 COMMENT 'Entity ID'
) ENGINE=InnoDB DEFAULT CHARSET=utf8 COMMENT='catalog_product_category_cl';

--
-- Dumping data for table `catalog_product_category_cl`
--

INSERT INTO `catalog_product_category_cl` (`version_id`, `entity_id`) VALUES
(11, 6),
(12, 6),
(13, 6),
(14, 6),
(15, 6),
(16, 6),
(17, 6),
(18, 7),
(19, 7),
(20, 7),
(21, 7),
(22, 7),
(23, 7),
(24, 7),
(25, 6),
(26, 7),
(27, 6),
(28, 7),
(29, 6),
(30, 7),
(31, 8),
(32, 8),
(33, 8),
(34, 8),
(35, 8),
(36, 8),
(37, 8),
(43, 8),
(44, 8),
(45, 10),
(46, 10),
(47, 10),
(48, 10),
(49, 10),
(50, 10),
(51, 10),
(52, 10),
(53, 10),
(54, 10),
(55, 10),
(56, 10),
(57, 11),
(58, 11),
(59, 11),
(60, 11),
(61, 11),
(62, 12),
(63, 12),
(64, 12),
(65, 12),
(66, 12),
(67, 12),
(68, 12),
(69, 6),
(70, 7),
(71, 8),
(72, 10),
(73, 11),
(74, 12),
(81, 6),
(82, 7),
(83, 8),
(84, 10),
(85, 11),
(86, 12),
(87, 7),
(88, 8),
(89, 11),
(98, 12),
(113, 17),
(114, 17),
(115, 17),
(116, 17),
(117, 17),
(118, 17),
(119, 17),
(120, 10),
(121, 18),
(122, 18),
(123, 18),
(124, 18),
(125, 18),
(126, 18),
(127, 18),
(128, 18),
(129, 6),
(130, 6),
(131, 6),
(132, 11),
(133, 11),
(134, 12),
(135, 12),
(136, 17),
(137, 17),
(138, 18),
(139, 7),
(140, 8),
(141, 10),
(142, 6),
(143, 7),
(144, 8),
(145, 10),
(146, 11),
(147, 12),
(148, 17),
(149, 18),
(150, 19),
(151, 19),
(152, 19),
(153, 19),
(154, 19),
(155, 19),
(156, 19),
(157, 19),
(158, 19),
(159, 19),
(160, 19),
(161, 19),
(162, 19),
(163, 19),
(164, 19),
(165, 19),
(166, 19),
(167, 19),
(168, 19),
(169, 20),
(170, 20),
(171, 20),
(172, 20),
(173, 20),
(174, 20),
(175, 20),
(176, 20),
(177, 20),
(178, 20),
(179, 20),
(180, 20),
(181, 20),
(182, 20),
(183, 20),
(184, 20),
(185, 20),
(186, 20),
(187, 20),
(188, 21),
(189, 21),
(190, 21),
(191, 21),
(192, 21),
(193, 21),
(194, 21),
(195, 21),
(196, 21),
(197, 21),
(198, 21),
(199, 21),
(200, 21),
(201, 21),
(202, 21),
(203, 21),
(204, 21),
(205, 21),
(206, 21),
(207, 22),
(208, 22),
(209, 22),
(210, 22),
(211, 22),
(212, 22),
(213, 22),
(214, 22),
(215, 22),
(216, 22),
(217, 22),
(218, 22),
(219, 22),
(220, 22),
(221, 22),
(222, 22),
(223, 22),
(224, 22),
(225, 22),
(226, 23),
(227, 23),
(228, 23),
(229, 23),
(230, 23),
(231, 23),
(232, 23),
(233, 23),
(234, 23),
(235, 23),
(236, 23),
(237, 23),
(238, 23),
(239, 23),
(240, 23),
(241, 23),
(242, 23),
(243, 23),
(244, 23),
(245, 24),
(246, 24),
(247, 24),
(248, 24),
(249, 24),
(250, 24),
(251, 24),
(252, 24),
(253, 24),
(254, 24),
(255, 24),
(256, 24),
(257, 24),
(258, 24),
(259, 24),
(260, 24),
(261, 24),
(262, 24),
(263, 24),
(264, 25),
(265, 25),
(266, 25),
(267, 25),
(268, 25),
(269, 25),
(270, 25),
(271, 25),
(272, 25),
(273, 25),
(274, 25),
(275, 25),
(276, 25),
(277, 25),
(278, 25),
(279, 25),
(280, 25),
(281, 25),
(282, 25),
(283, 26),
(284, 26),
(285, 26),
(286, 26),
(287, 26),
(288, 26),
(289, 26),
(290, 26),
(291, 26),
(292, 26),
(293, 26),
(294, 26),
(295, 26),
(296, 26),
(297, 26),
(298, 26),
(299, 26),
(300, 26),
(301, 26);

-- --------------------------------------------------------

--
-- Table structure for table `catalog_product_entity`
--

CREATE TABLE `catalog_product_entity` (
  `entity_id` int(10) UNSIGNED NOT NULL COMMENT 'Entity ID',
  `attribute_set_id` smallint(5) UNSIGNED NOT NULL DEFAULT 0 COMMENT 'Attribute Set ID',
  `type_id` varchar(32) NOT NULL DEFAULT 'simple' COMMENT 'Type ID',
  `sku` varchar(64) NOT NULL COMMENT 'SKU',
  `has_options` smallint(6) NOT NULL DEFAULT 0 COMMENT 'Has Options',
  `required_options` smallint(5) UNSIGNED NOT NULL DEFAULT 0 COMMENT 'Required Options',
  `created_at` timestamp NOT NULL DEFAULT current_timestamp() COMMENT 'Creation Time',
  `updated_at` timestamp NOT NULL DEFAULT current_timestamp() ON UPDATE current_timestamp() COMMENT 'Update Time'
) ENGINE=InnoDB DEFAULT CHARSET=utf8 COMMENT='Catalog Product Table';

--
-- Dumping data for table `catalog_product_entity`
--

INSERT INTO `catalog_product_entity` (`entity_id`, `attribute_set_id`, `type_id`, `sku`, `has_options`, `required_options`, `created_at`, `updated_at`) VALUES
(6, 4, 'configurable', 'TEST01-zzzz09', 1, 1, '2023-02-13 09:58:28', '2023-04-17 06:01:26'),
(7, 4, 'simple', '#OR-001', 0, 0, '2023-03-03 08:31:47', '2023-05-04 06:49:29'),
(8, 4, 'simple', '#OVALRL', 0, 0, '2023-03-10 12:04:49', '2023-04-17 06:02:25'),
(10, 4, 'simple', '#CHS', 0, 0, '2023-03-10 12:21:03', '2023-04-17 06:02:43'),
(11, 4, 'simple', 'HOT ROLLED STRUCTURAL', 0, 0, '2023-03-22 11:40:31', '2023-04-11 18:59:26'),
(12, 4, 'simple', '#HOTDIPPEDGAL', 0, 0, '2023-03-22 11:41:55', '2023-04-17 06:02:54'),
(17, 4, 'simple', 'SHS', 0, 0, '2023-03-23 08:48:40', '2023-04-17 06:03:04'),
(18, 4, 'simple', 'downgrade', 0, 0, '2023-03-23 13:38:10', '2023-04-17 06:03:14'),
(19, 4, 'simple', 'TEST01-10MM-2MM-30MM-30MM-A', 0, 0, '2023-04-08 06:26:49', '2023-04-17 06:03:25'),
(20, 4, 'simple', 'TEST01-10MM-4MM-30MM-30MM-A', 0, 0, '2023-04-08 06:27:22', '2023-04-17 06:03:34'),
(21, 4, 'simple', 'TEST01-40MM-2MM-30MM-30MM-A', 0, 0, '2023-04-08 06:27:23', '2023-04-17 06:03:45'),
(22, 4, 'simple', 'TEST01-40MM-4MM-30MM-30MM-A', 0, 0, '2023-04-08 06:27:23', '2023-04-17 06:03:56'),
(23, 4, 'simple', 'TEST01-10MM-2MM-30MM-30MM-C', 0, 0, '2023-04-08 07:34:52', '2023-04-17 06:04:15'),
(24, 4, 'simple', 'TEST01-10MM-4MM-30MM-30MM-C', 0, 0, '2023-04-08 07:35:01', '2023-04-17 06:04:28'),
(25, 4, 'simple', 'TEST01-40MM-2MM-30MM-30MM-C', 0, 0, '2023-04-08 07:35:02', '2023-04-17 06:04:38'),
(26, 4, 'simple', 'TEST01-40MM-4MM-30MM-30MM-C', 0, 0, '2023-04-08 07:35:03', '2023-04-17 06:04:58');

--
-- Triggers `catalog_product_entity`
--
DELIMITER $$
CREATE TRIGGER `trg_catalog_product_entity_after_delete` AFTER DELETE ON `catalog_product_entity` FOR EACH ROW BEGIN
INSERT IGNORE INTO `catalogsearch_fulltext_cl` (`entity_id`) VALUES (OLD.`entity_id`);
INSERT IGNORE INTO `catalogrule_product_cl` (`entity_id`) VALUES (OLD.`entity_id`);
INSERT IGNORE INTO `catalog_product_price_cl` (`entity_id`) VALUES (OLD.`entity_id`);
END
$$
DELIMITER ;
DELIMITER $$
CREATE TRIGGER `trg_catalog_product_entity_after_insert` AFTER INSERT ON `catalog_product_entity` FOR EACH ROW BEGIN
INSERT IGNORE INTO `catalogsearch_fulltext_cl` (`entity_id`) VALUES (NEW.`entity_id`);
INSERT IGNORE INTO `catalogrule_product_cl` (`entity_id`) VALUES (NEW.`entity_id`);
INSERT IGNORE INTO `catalog_product_price_cl` (`entity_id`) VALUES (NEW.`entity_id`);
END
$$
DELIMITER ;
DELIMITER $$
CREATE TRIGGER `trg_catalog_product_entity_after_update` AFTER UPDATE ON `catalog_product_entity` FOR EACH ROW BEGIN
IF (NOT(NEW.`entity_id` <=> OLD.`entity_id`) OR NOT(NEW.`attribute_set_id` <=> OLD.`attribute_set_id`) OR NOT(NEW.`type_id` <=> OLD.`type_id`) OR NOT(NEW.`sku` <=> OLD.`sku`) OR NOT(NEW.`has_options` <=> OLD.`has_options`) OR NOT(NEW.`required_options` <=> OLD.`required_options`) OR NOT(NEW.`created_at` <=> OLD.`created_at`)) THEN INSERT IGNORE INTO `catalogsearch_fulltext_cl` (`entity_id`) VALUES (NEW.`entity_id`); END IF;
IF (NOT(NEW.`entity_id` <=> OLD.`entity_id`) OR NOT(NEW.`attribute_set_id` <=> OLD.`attribute_set_id`) OR NOT(NEW.`type_id` <=> OLD.`type_id`) OR NOT(NEW.`sku` <=> OLD.`sku`) OR NOT(NEW.`has_options` <=> OLD.`has_options`) OR NOT(NEW.`required_options` <=> OLD.`required_options`) OR NOT(NEW.`created_at` <=> OLD.`created_at`)) THEN INSERT IGNORE INTO `catalogrule_product_cl` (`entity_id`) VALUES (NEW.`entity_id`); END IF;
IF (NOT(NEW.`entity_id` <=> OLD.`entity_id`) OR NOT(NEW.`attribute_set_id` <=> OLD.`attribute_set_id`) OR NOT(NEW.`type_id` <=> OLD.`type_id`) OR NOT(NEW.`sku` <=> OLD.`sku`) OR NOT(NEW.`has_options` <=> OLD.`has_options`) OR NOT(NEW.`required_options` <=> OLD.`required_options`) OR NOT(NEW.`created_at` <=> OLD.`created_at`)) THEN INSERT IGNORE INTO `catalog_product_price_cl` (`entity_id`) VALUES (NEW.`entity_id`); END IF;
END
$$
DELIMITER ;

-- --------------------------------------------------------

--
-- Table structure for table `catalog_product_entity_datetime`
--

CREATE TABLE `catalog_product_entity_datetime` (
  `value_id` int(11) NOT NULL COMMENT 'Value ID',
  `attribute_id` smallint(5) UNSIGNED NOT NULL DEFAULT 0 COMMENT 'Attribute ID',
  `store_id` smallint(5) UNSIGNED NOT NULL DEFAULT 0 COMMENT 'Store ID',
  `entity_id` int(10) UNSIGNED NOT NULL DEFAULT 0 COMMENT 'Entity ID',
  `value` datetime DEFAULT NULL COMMENT 'Value'
) ENGINE=InnoDB DEFAULT CHARSET=utf8 COMMENT='Catalog Product Datetime Attribute Backend Table';

--
-- Dumping data for table `catalog_product_entity_datetime`
--

INSERT INTO `catalog_product_entity_datetime` (`value_id`, `attribute_id`, `store_id`, `entity_id`, `value`) VALUES
(11, 94, 0, 6, '2023-02-12 00:00:00'),
(12, 95, 0, 6, '2023-02-28 00:00:00'),
(15, 94, 0, 19, '2023-02-12 00:00:00'),
(16, 95, 0, 19, '2023-02-28 00:00:00'),
(17, 94, 0, 20, '2023-02-12 00:00:00'),
(18, 95, 0, 20, '2023-02-28 00:00:00'),
(19, 94, 0, 21, '2023-02-12 00:00:00'),
(20, 95, 0, 21, '2023-02-28 00:00:00'),
(21, 94, 0, 22, '2023-02-12 00:00:00'),
(22, 95, 0, 22, '2023-02-28 00:00:00'),
(23, 94, 0, 23, '2023-02-12 00:00:00'),
(24, 95, 0, 23, '2023-02-28 00:00:00'),
(25, 94, 0, 24, '2023-02-12 00:00:00'),
(26, 95, 0, 24, '2023-02-28 00:00:00'),
(27, 94, 0, 25, '2023-02-12 00:00:00'),
(28, 95, 0, 25, '2023-02-28 00:00:00'),
(29, 94, 0, 26, '2023-02-12 00:00:00'),
(30, 95, 0, 26, '2023-02-28 00:00:00'),
(31, 79, 0, 7, '2023-04-11 00:00:00'),
(32, 80, 0, 7, '2023-04-29 00:00:00');

--
-- Triggers `catalog_product_entity_datetime`
--
DELIMITER $$
CREATE TRIGGER `trg_catalog_product_entity_datetime_after_delete` AFTER DELETE ON `catalog_product_entity_datetime` FOR EACH ROW BEGIN
INSERT IGNORE INTO `catalogsearch_fulltext_cl` (`entity_id`) VALUES (OLD.`entity_id`);
INSERT IGNORE INTO `catalogrule_product_cl` (`entity_id`) VALUES (OLD.`entity_id`);
INSERT IGNORE INTO `catalog_product_price_cl` (`entity_id`) VALUES (OLD.`entity_id`);
END
$$
DELIMITER ;
DELIMITER $$
CREATE TRIGGER `trg_catalog_product_entity_datetime_after_insert` AFTER INSERT ON `catalog_product_entity_datetime` FOR EACH ROW BEGIN
INSERT IGNORE INTO `catalogsearch_fulltext_cl` (`entity_id`) VALUES (NEW.`entity_id`);
INSERT IGNORE INTO `catalogrule_product_cl` (`entity_id`) VALUES (NEW.`entity_id`);
INSERT IGNORE INTO `catalog_product_price_cl` (`entity_id`) VALUES (NEW.`entity_id`);
END
$$
DELIMITER ;
DELIMITER $$
CREATE TRIGGER `trg_catalog_product_entity_datetime_after_update` AFTER UPDATE ON `catalog_product_entity_datetime` FOR EACH ROW BEGIN
IF (NOT(NEW.`value_id` <=> OLD.`value_id`) OR NOT(NEW.`attribute_id` <=> OLD.`attribute_id`) OR NOT(NEW.`store_id` <=> OLD.`store_id`) OR NOT(NEW.`entity_id` <=> OLD.`entity_id`) OR NOT(NEW.`value` <=> OLD.`value`)) THEN INSERT IGNORE INTO `catalogsearch_fulltext_cl` (`entity_id`) VALUES (NEW.`entity_id`); END IF;
IF (NOT(NEW.`value_id` <=> OLD.`value_id`) OR NOT(NEW.`attribute_id` <=> OLD.`attribute_id`) OR NOT(NEW.`store_id` <=> OLD.`store_id`) OR NOT(NEW.`entity_id` <=> OLD.`entity_id`) OR NOT(NEW.`value` <=> OLD.`value`)) THEN INSERT IGNORE INTO `catalogrule_product_cl` (`entity_id`) VALUES (NEW.`entity_id`); END IF;
IF (NOT(NEW.`value_id` <=> OLD.`value_id`) OR NOT(NEW.`attribute_id` <=> OLD.`attribute_id`) OR NOT(NEW.`store_id` <=> OLD.`store_id`) OR NOT(NEW.`entity_id` <=> OLD.`entity_id`) OR NOT(NEW.`value` <=> OLD.`value`)) THEN INSERT IGNORE INTO `catalog_product_price_cl` (`entity_id`) VALUES (NEW.`entity_id`); END IF;
END
$$
DELIMITER ;

-- --------------------------------------------------------

--
-- Table structure for table `catalog_product_entity_decimal`
--

CREATE TABLE `catalog_product_entity_decimal` (
  `value_id` int(11) NOT NULL COMMENT 'Value ID',
  `attribute_id` smallint(5) UNSIGNED NOT NULL DEFAULT 0 COMMENT 'Attribute ID',
  `store_id` smallint(5) UNSIGNED NOT NULL DEFAULT 0 COMMENT 'Store ID',
  `entity_id` int(10) UNSIGNED NOT NULL DEFAULT 0 COMMENT 'Entity ID',
  `value` decimal(20,6) DEFAULT NULL COMMENT 'Value'
) ENGINE=InnoDB DEFAULT CHARSET=utf8 COMMENT='Catalog Product Decimal Attribute Backend Table';

--
-- Dumping data for table `catalog_product_entity_decimal`
--

INSERT INTO `catalog_product_entity_decimal` (`value_id`, `attribute_id`, `store_id`, `entity_id`, `value`) VALUES
(11, 82, 0, 6, '10.000000'),
(12, 77, 0, 7, '685.000000'),
(13, 77, 0, 8, '1215.000000'),
(16, 77, 0, 10, '248.990000'),
(17, 77, 0, 11, '559.000000'),
(18, 82, 0, 11, '1.000000'),
(19, 77, 0, 12, '1050.000000'),
(20, 82, 0, 12, '1.000000'),
(28, 77, 0, 17, '1999.500000'),
(29, 82, 0, 17, '0.000000'),
(30, 77, 0, 18, '79.000000'),
(31, 77, 0, 19, '199.000000'),
(32, 82, 0, 19, '2.000000'),
(33, 77, 0, 20, '205.000000'),
(34, 82, 0, 20, '2.000000'),
(35, 77, 0, 21, '220.000000'),
(36, 82, 0, 21, '2.000000'),
(37, 77, 0, 22, '399.000000'),
(38, 82, 0, 22, '2.000000'),
(39, 77, 0, 23, '250.000000'),
(40, 82, 0, 23, '2.000000'),
(41, 77, 0, 24, '199.000000'),
(42, 82, 0, 24, '2.000000'),
(43, 77, 0, 25, '206.000000'),
(44, 82, 0, 25, '2.000000'),
(45, 77, 0, 26, '288.000000'),
(46, 82, 0, 26, '2.000000'),
(47, 78, 0, 7, '685.000000'),
(48, 81, 0, 7, '1200.000000'),
(49, 82, 0, 8, '15.000000');

--
-- Triggers `catalog_product_entity_decimal`
--
DELIMITER $$
CREATE TRIGGER `trg_catalog_product_entity_decimal_after_delete` AFTER DELETE ON `catalog_product_entity_decimal` FOR EACH ROW BEGIN
INSERT IGNORE INTO `catalogsearch_fulltext_cl` (`entity_id`) VALUES (OLD.`entity_id`);
INSERT IGNORE INTO `catalog_product_attribute_cl` (`entity_id`) VALUES (OLD.`entity_id`);
INSERT IGNORE INTO `catalogrule_product_cl` (`entity_id`) VALUES (OLD.`entity_id`);
INSERT IGNORE INTO `catalog_product_price_cl` (`entity_id`) VALUES (OLD.`entity_id`);
END
$$
DELIMITER ;
DELIMITER $$
CREATE TRIGGER `trg_catalog_product_entity_decimal_after_insert` AFTER INSERT ON `catalog_product_entity_decimal` FOR EACH ROW BEGIN
INSERT IGNORE INTO `catalogsearch_fulltext_cl` (`entity_id`) VALUES (NEW.`entity_id`);
INSERT IGNORE INTO `catalog_product_attribute_cl` (`entity_id`) VALUES (NEW.`entity_id`);
INSERT IGNORE INTO `catalogrule_product_cl` (`entity_id`) VALUES (NEW.`entity_id`);
INSERT IGNORE INTO `catalog_product_price_cl` (`entity_id`) VALUES (NEW.`entity_id`);
END
$$
DELIMITER ;
DELIMITER $$
CREATE TRIGGER `trg_catalog_product_entity_decimal_after_update` AFTER UPDATE ON `catalog_product_entity_decimal` FOR EACH ROW BEGIN
IF (NOT(NEW.`value_id` <=> OLD.`value_id`) OR NOT(NEW.`attribute_id` <=> OLD.`attribute_id`) OR NOT(NEW.`store_id` <=> OLD.`store_id`) OR NOT(NEW.`entity_id` <=> OLD.`entity_id`) OR NOT(NEW.`value` <=> OLD.`value`)) THEN INSERT IGNORE INTO `catalogsearch_fulltext_cl` (`entity_id`) VALUES (NEW.`entity_id`); END IF;
IF (NOT(NEW.`value_id` <=> OLD.`value_id`) OR NOT(NEW.`attribute_id` <=> OLD.`attribute_id`) OR NOT(NEW.`store_id` <=> OLD.`store_id`) OR NOT(NEW.`entity_id` <=> OLD.`entity_id`) OR NOT(NEW.`value` <=> OLD.`value`)) THEN INSERT IGNORE INTO `catalog_product_attribute_cl` (`entity_id`) VALUES (NEW.`entity_id`); END IF;
IF (NOT(NEW.`value_id` <=> OLD.`value_id`) OR NOT(NEW.`attribute_id` <=> OLD.`attribute_id`) OR NOT(NEW.`store_id` <=> OLD.`store_id`) OR NOT(NEW.`entity_id` <=> OLD.`entity_id`) OR NOT(NEW.`value` <=> OLD.`value`)) THEN INSERT IGNORE INTO `catalogrule_product_cl` (`entity_id`) VALUES (NEW.`entity_id`); END IF;
IF (NOT(NEW.`value_id` <=> OLD.`value_id`) OR NOT(NEW.`attribute_id` <=> OLD.`attribute_id`) OR NOT(NEW.`store_id` <=> OLD.`store_id`) OR NOT(NEW.`entity_id` <=> OLD.`entity_id`) OR NOT(NEW.`value` <=> OLD.`value`)) THEN INSERT IGNORE INTO `catalog_product_price_cl` (`entity_id`) VALUES (NEW.`entity_id`); END IF;
END
$$
DELIMITER ;

-- --------------------------------------------------------

--
-- Table structure for table `catalog_product_entity_gallery`
--

CREATE TABLE `catalog_product_entity_gallery` (
  `value_id` int(11) NOT NULL COMMENT 'Value ID',
  `attribute_id` smallint(5) UNSIGNED NOT NULL DEFAULT 0 COMMENT 'Attribute ID',
  `store_id` smallint(5) UNSIGNED NOT NULL DEFAULT 0 COMMENT 'Store ID',
  `entity_id` int(10) UNSIGNED NOT NULL DEFAULT 0 COMMENT 'Entity ID',
  `position` int(11) NOT NULL DEFAULT 0 COMMENT 'Position',
  `value` varchar(255) DEFAULT NULL COMMENT 'Value'
) ENGINE=InnoDB DEFAULT CHARSET=utf8 COMMENT='Catalog Product Gallery Attribute Backend Table';

-- --------------------------------------------------------

--
-- Table structure for table `catalog_product_entity_int`
--

CREATE TABLE `catalog_product_entity_int` (
  `value_id` int(11) NOT NULL COMMENT 'Value ID',
  `attribute_id` smallint(5) UNSIGNED NOT NULL DEFAULT 0 COMMENT 'Attribute ID',
  `store_id` smallint(5) UNSIGNED NOT NULL DEFAULT 0 COMMENT 'Store ID',
  `entity_id` int(10) UNSIGNED NOT NULL DEFAULT 0 COMMENT 'Entity ID',
  `value` int(11) DEFAULT NULL COMMENT 'Value'
) ENGINE=InnoDB DEFAULT CHARSET=utf8 COMMENT='Catalog Product Integer Attribute Backend Table';

--
-- Dumping data for table `catalog_product_entity_int`
--

INSERT INTO `catalog_product_entity_int` (`value_id`, `attribute_id`, `store_id`, `entity_id`, `value`) VALUES
(16, 97, 0, 6, 1),
(17, 99, 0, 6, 4),
(18, 136, 0, 6, 2),
(19, 97, 0, 7, 1),
(20, 99, 0, 7, 4),
(21, 136, 0, 7, 2),
(22, 97, 0, 8, 1),
(23, 99, 0, 8, 4),
(24, 136, 0, 8, 2),
(29, 97, 0, 10, 1),
(30, 99, 0, 10, 4),
(31, 115, 0, 10, 1),
(32, 136, 0, 10, 2),
(33, 97, 0, 11, 1),
(34, 99, 0, 11, 4),
(35, 136, 0, 11, 2),
(36, 97, 0, 12, 1),
(37, 99, 0, 12, 4),
(38, 115, 0, 12, 1),
(39, 136, 0, 12, 2),
(51, 139, 0, 6, 1),
(52, 139, 0, 7, 1),
(53, 139, 0, 8, 1),
(54, 139, 0, 10, 1),
(55, 139, 0, 11, 1),
(56, 139, 0, 12, 1),
(57, 140, 0, 7, 1),
(58, 140, 0, 8, 1),
(59, 140, 0, 11, 1),
(66, 140, 0, 12, 1),
(77, 97, 0, 17, 1),
(78, 99, 0, 17, 4),
(79, 136, 0, 17, 2),
(80, 139, 0, 17, 1),
(81, 140, 0, 17, 1),
(82, 140, 0, 10, 1),
(83, 97, 0, 18, 1),
(84, 99, 0, 18, 4),
(85, 136, 0, 18, 2),
(86, 139, 0, 18, 0),
(87, 140, 0, 18, 0),
(88, 141, 0, 18, 1),
(89, 140, 0, 6, 0),
(90, 141, 0, 6, 0),
(91, 141, 0, 11, 0),
(92, 141, 0, 12, 0),
(93, 141, 0, 17, 0),
(94, 141, 0, 7, 0),
(95, 141, 0, 8, 0),
(96, 141, 0, 10, 0),
(97, 93, 0, 6, 7),
(98, 93, 0, 7, 8),
(99, 93, 0, 8, 9),
(100, 93, 0, 10, 10),
(101, 93, 0, 11, 9),
(102, 93, 0, 12, 7),
(103, 93, 0, 17, 8),
(104, 93, 0, 18, 8),
(105, 93, 0, 19, 7),
(106, 97, 0, 19, 1),
(107, 99, 0, 19, 1),
(108, 136, 0, 19, 2),
(109, 139, 0, 19, 1),
(110, 140, 0, 19, 0),
(111, 141, 0, 19, 0),
(112, 145, 0, 19, 15),
(113, 146, 0, 19, 20),
(114, 147, 0, 19, 25),
(115, 148, 0, 19, 29),
(116, 149, 0, 19, 30),
(117, 93, 0, 20, 7),
(118, 97, 0, 20, 1),
(119, 99, 0, 20, 1),
(120, 136, 0, 20, 2),
(121, 139, 0, 20, 1),
(122, 140, 0, 20, 0),
(123, 141, 0, 20, 0),
(124, 145, 0, 20, 15),
(125, 146, 0, 20, 22),
(126, 147, 0, 20, 25),
(127, 148, 0, 20, 29),
(128, 149, 0, 20, 30),
(129, 93, 0, 21, 7),
(130, 97, 0, 21, 1),
(131, 99, 0, 21, 1),
(132, 136, 0, 21, 2),
(133, 139, 0, 21, 1),
(134, 140, 0, 21, 0),
(135, 141, 0, 21, 0),
(136, 145, 0, 21, 18),
(137, 146, 0, 21, 20),
(138, 147, 0, 21, 25),
(139, 148, 0, 21, 29),
(140, 149, 0, 21, 30),
(141, 93, 0, 22, 7),
(142, 97, 0, 22, 1),
(143, 99, 0, 22, 1),
(144, 136, 0, 22, 2),
(145, 139, 0, 22, 1),
(146, 140, 0, 22, 0),
(147, 141, 0, 22, 0),
(148, 145, 0, 22, 18),
(149, 146, 0, 22, 22),
(150, 147, 0, 22, 25),
(151, 148, 0, 22, 29),
(152, 149, 0, 22, 30),
(153, 93, 0, 23, 7),
(154, 97, 0, 23, 1),
(155, 99, 0, 23, 1),
(156, 136, 0, 23, 2),
(157, 139, 0, 23, 1),
(158, 140, 0, 23, 0),
(159, 141, 0, 23, 0),
(160, 145, 0, 23, 15),
(161, 146, 0, 23, 20),
(162, 147, 0, 23, 25),
(163, 148, 0, 23, 29),
(164, 149, 0, 23, 32),
(165, 93, 0, 24, 7),
(166, 97, 0, 24, 1),
(167, 99, 0, 24, 1),
(168, 136, 0, 24, 2),
(169, 139, 0, 24, 1),
(170, 140, 0, 24, 0),
(171, 141, 0, 24, 0),
(172, 145, 0, 24, 15),
(173, 146, 0, 24, 22),
(174, 147, 0, 24, 25),
(175, 148, 0, 24, 29),
(176, 149, 0, 24, 32),
(177, 93, 0, 25, 7),
(178, 97, 0, 25, 1),
(179, 99, 0, 25, 1),
(180, 136, 0, 25, 2),
(181, 139, 0, 25, 1),
(182, 140, 0, 25, 0),
(183, 141, 0, 25, 0),
(184, 145, 0, 25, 18),
(185, 146, 0, 25, 20),
(186, 147, 0, 25, 25),
(187, 148, 0, 25, 29),
(188, 149, 0, 25, 32),
(189, 93, 0, 26, 7),
(190, 97, 0, 26, 1),
(191, 99, 0, 26, 1),
(192, 136, 0, 26, 2),
(193, 139, 0, 26, 1),
(194, 140, 0, 26, 0),
(195, 141, 0, 26, 0),
(196, 145, 0, 26, 18),
(197, 146, 0, 26, 22),
(198, 147, 0, 26, 25),
(199, 148, 0, 26, 29),
(200, 149, 0, 26, 32);

--
-- Triggers `catalog_product_entity_int`
--
DELIMITER $$
CREATE TRIGGER `trg_catalog_product_entity_int_after_delete` AFTER DELETE ON `catalog_product_entity_int` FOR EACH ROW BEGIN
INSERT IGNORE INTO `catalogsearch_fulltext_cl` (`entity_id`) VALUES (OLD.`entity_id`);
INSERT IGNORE INTO `catalog_product_category_cl` (`entity_id`) VALUES (OLD.`entity_id`);
INSERT IGNORE INTO `catalog_product_attribute_cl` (`entity_id`) VALUES (OLD.`entity_id`);
INSERT IGNORE INTO `cataloginventory_stock_cl` (`entity_id`) VALUES (OLD.`entity_id`);
INSERT IGNORE INTO `catalogrule_product_cl` (`entity_id`) VALUES (OLD.`entity_id`);
INSERT IGNORE INTO `catalog_product_price_cl` (`entity_id`) VALUES (OLD.`entity_id`);
END
$$
DELIMITER ;
DELIMITER $$
CREATE TRIGGER `trg_catalog_product_entity_int_after_insert` AFTER INSERT ON `catalog_product_entity_int` FOR EACH ROW BEGIN
INSERT IGNORE INTO `catalogsearch_fulltext_cl` (`entity_id`) VALUES (NEW.`entity_id`);
INSERT IGNORE INTO `catalog_product_category_cl` (`entity_id`) VALUES (NEW.`entity_id`);
INSERT IGNORE INTO `catalog_product_attribute_cl` (`entity_id`) VALUES (NEW.`entity_id`);
INSERT IGNORE INTO `cataloginventory_stock_cl` (`entity_id`) VALUES (NEW.`entity_id`);
INSERT IGNORE INTO `catalogrule_product_cl` (`entity_id`) VALUES (NEW.`entity_id`);
INSERT IGNORE INTO `catalog_product_price_cl` (`entity_id`) VALUES (NEW.`entity_id`);
END
$$
DELIMITER ;
DELIMITER $$
CREATE TRIGGER `trg_catalog_product_entity_int_after_update` AFTER UPDATE ON `catalog_product_entity_int` FOR EACH ROW BEGIN
IF (NOT(NEW.`value_id` <=> OLD.`value_id`) OR NOT(NEW.`attribute_id` <=> OLD.`attribute_id`) OR NOT(NEW.`store_id` <=> OLD.`store_id`) OR NOT(NEW.`entity_id` <=> OLD.`entity_id`) OR NOT(NEW.`value` <=> OLD.`value`)) THEN INSERT IGNORE INTO `catalogsearch_fulltext_cl` (`entity_id`) VALUES (NEW.`entity_id`); END IF;
IF (NOT(NEW.`value_id` <=> OLD.`value_id`) OR NOT(NEW.`attribute_id` <=> OLD.`attribute_id`) OR NOT(NEW.`store_id` <=> OLD.`store_id`) OR NOT(NEW.`entity_id` <=> OLD.`entity_id`) OR NOT(NEW.`value` <=> OLD.`value`)) THEN INSERT IGNORE INTO `catalog_product_category_cl` (`entity_id`) VALUES (NEW.`entity_id`); END IF;
IF (NOT(NEW.`value_id` <=> OLD.`value_id`) OR NOT(NEW.`attribute_id` <=> OLD.`attribute_id`) OR NOT(NEW.`store_id` <=> OLD.`store_id`) OR NOT(NEW.`entity_id` <=> OLD.`entity_id`) OR NOT(NEW.`value` <=> OLD.`value`)) THEN INSERT IGNORE INTO `catalog_product_attribute_cl` (`entity_id`) VALUES (NEW.`entity_id`); END IF;
IF (NOT(NEW.`value_id` <=> OLD.`value_id`) OR NOT(NEW.`attribute_id` <=> OLD.`attribute_id`) OR NOT(NEW.`store_id` <=> OLD.`store_id`) OR NOT(NEW.`entity_id` <=> OLD.`entity_id`) OR NOT(NEW.`value` <=> OLD.`value`)) THEN INSERT IGNORE INTO `cataloginventory_stock_cl` (`entity_id`) VALUES (NEW.`entity_id`); END IF;
IF (NOT(NEW.`value_id` <=> OLD.`value_id`) OR NOT(NEW.`attribute_id` <=> OLD.`attribute_id`) OR NOT(NEW.`store_id` <=> OLD.`store_id`) OR NOT(NEW.`entity_id` <=> OLD.`entity_id`) OR NOT(NEW.`value` <=> OLD.`value`)) THEN INSERT IGNORE INTO `catalogrule_product_cl` (`entity_id`) VALUES (NEW.`entity_id`); END IF;
IF (NOT(NEW.`value_id` <=> OLD.`value_id`) OR NOT(NEW.`attribute_id` <=> OLD.`attribute_id`) OR NOT(NEW.`store_id` <=> OLD.`store_id`) OR NOT(NEW.`entity_id` <=> OLD.`entity_id`) OR NOT(NEW.`value` <=> OLD.`value`)) THEN INSERT IGNORE INTO `catalog_product_price_cl` (`entity_id`) VALUES (NEW.`entity_id`); END IF;
END
$$
DELIMITER ;

-- --------------------------------------------------------

--
-- Table structure for table `catalog_product_entity_media_gallery`
--

CREATE TABLE `catalog_product_entity_media_gallery` (
  `value_id` int(10) UNSIGNED NOT NULL COMMENT 'Value ID',
  `attribute_id` smallint(5) UNSIGNED NOT NULL DEFAULT 0 COMMENT 'Attribute ID',
  `value` varchar(255) DEFAULT NULL COMMENT 'Value',
  `media_type` varchar(32) NOT NULL DEFAULT 'image' COMMENT 'Media entry type',
  `disabled` smallint(5) UNSIGNED NOT NULL DEFAULT 0 COMMENT 'Visibility status'
) ENGINE=InnoDB DEFAULT CHARSET=utf8 COMMENT='Catalog Product Media Gallery Attribute Backend Table';

--
-- Dumping data for table `catalog_product_entity_media_gallery`
--

INSERT INTO `catalog_product_entity_media_gallery` (`value_id`, `attribute_id`, `value`, `media_type`, `disabled`) VALUES
(3, 90, '//i/m/image__02.jpg', 'image', 0),
(14, 90, '//i/m/image__01_1.jpg', 'image', 0),
(15, 90, '//i/m/image__04_1.jpg', 'image', 0),
(16, 90, '//i/m/image__05_1.jpg', 'image', 0),
(17, 90, '//i/m/image__06.jpg', 'image', 0),
(18, 90, '//i/m/image__07.jpg', 'image', 0),
(21, 90, '//i/m/image__03.jpg', 'image', 0),
(27, 90, '//i/m/image__01.jpg', 'image', 0),
(28, 90, '//i/m/image__02_1.jpg', 'image', 0),
(29, 90, '//i/m/image__03.jpg', 'image', 0),
(30, 90, '//i/m/image__04.jpg', 'image', 0),
(31, 90, '//i/m/image__05.jpg', 'image', 0),
(32, 90, '//i/m/image__06.jpg', 'image', 0),
(33, 90, '//i/m/image__07.jpg', 'image', 0),
(34, 90, '//i/m/image__06_1.jpg', 'image', 0),
(35, 90, '//i/m/image__06_2.jpg', 'image', 0),
(36, 90, '//s/l/slider__01.jpg', 'image', 0),
(37, 90, '//i/m/image__04_1.jpg', 'image', 0),
(38, 90, '//i/m/image__03_1.jpg', 'image', 0),
(39, 90, '//i/m/image__01_1.jpg', 'image', 0),
(40, 90, '//i/m/image__07_1.jpg', 'image', 0),
(41, 90, '//i/m/image__05_1.jpg', 'image', 0),
(42, 90, '//i/m/image__03_2.jpg', 'image', 0),
(43, 90, '//i/m/image__04_2.jpg', 'image', 0),
(44, 90, '//i/m/image__07_2.jpg', 'image', 0),
(45, 90, '//i/m/image__03_3.jpg', 'image', 0),
(46, 90, '//i/m/image__06_3.jpg', 'image', 0);

-- --------------------------------------------------------

--
-- Table structure for table `catalog_product_entity_media_gallery_value`
--

CREATE TABLE `catalog_product_entity_media_gallery_value` (
  `value_id` int(10) UNSIGNED NOT NULL DEFAULT 0 COMMENT 'Value ID',
  `store_id` smallint(5) UNSIGNED NOT NULL DEFAULT 0 COMMENT 'Store ID',
  `entity_id` int(10) UNSIGNED NOT NULL DEFAULT 0 COMMENT 'Entity ID',
  `label` varchar(255) DEFAULT NULL COMMENT 'Label',
  `position` int(10) UNSIGNED DEFAULT NULL COMMENT 'Position',
  `disabled` smallint(5) UNSIGNED NOT NULL DEFAULT 0 COMMENT 'Is Disabled',
  `record_id` int(10) UNSIGNED NOT NULL COMMENT 'Record ID'
) ENGINE=InnoDB DEFAULT CHARSET=utf8 COMMENT='Catalog Product Media Gallery Attribute Value Table';

--
-- Dumping data for table `catalog_product_entity_media_gallery_value`
--

INSERT INTO `catalog_product_entity_media_gallery_value` (`value_id`, `store_id`, `entity_id`, `label`, `position`, `disabled`, `record_id`) VALUES
(21, 0, 11, NULL, 1, 0, 96),
(27, 0, 6, NULL, 11, 0, 126),
(28, 0, 6, NULL, 12, 0, 127),
(29, 0, 6, NULL, 13, 0, 128),
(30, 0, 6, NULL, 14, 0, 129),
(31, 0, 6, NULL, 15, 0, 130),
(32, 0, 6, NULL, 16, 0, 131),
(33, 0, 6, NULL, 17, 0, 132),
(34, 0, 8, NULL, 3, 0, 133),
(35, 0, 10, NULL, 2, 0, 134),
(36, 0, 12, NULL, 2, 0, 135),
(37, 0, 17, NULL, 1, 0, 136),
(38, 0, 18, NULL, 1, 0, 137),
(39, 0, 19, NULL, 2, 0, 138),
(40, 0, 20, NULL, 2, 0, 139),
(41, 0, 21, NULL, 2, 0, 140),
(42, 0, 22, NULL, 1, 0, 141),
(43, 0, 23, NULL, 2, 0, 142),
(44, 0, 24, NULL, 1, 0, 143),
(45, 0, 25, NULL, 1, 0, 144),
(46, 0, 26, NULL, 3, 0, 145),
(3, 0, 7, NULL, 1, 0, 146),
(14, 0, 7, NULL, 2, 0, 147),
(15, 0, 7, NULL, 3, 0, 148),
(16, 0, 7, NULL, 4, 0, 149),
(17, 0, 7, NULL, 5, 0, 150),
(18, 0, 7, NULL, 6, 0, 151);

-- --------------------------------------------------------

--
-- Table structure for table `catalog_product_entity_media_gallery_value_to_entity`
--

CREATE TABLE `catalog_product_entity_media_gallery_value_to_entity` (
  `value_id` int(10) UNSIGNED NOT NULL COMMENT 'Value media Entry ID',
  `entity_id` int(10) UNSIGNED NOT NULL COMMENT 'Product Entity ID'
) ENGINE=InnoDB DEFAULT CHARSET=utf8 COMMENT='Link Media value to Product entity table';

--
-- Dumping data for table `catalog_product_entity_media_gallery_value_to_entity`
--

INSERT INTO `catalog_product_entity_media_gallery_value_to_entity` (`value_id`, `entity_id`) VALUES
(3, 7),
(14, 7),
(15, 7),
(16, 7),
(17, 7),
(18, 7),
(21, 11),
(27, 6),
(28, 6),
(29, 6),
(30, 6),
(31, 6),
(32, 6),
(33, 6),
(34, 8),
(35, 10),
(36, 12),
(37, 17),
(38, 18),
(39, 19),
(40, 20),
(41, 21),
(42, 22),
(43, 23),
(44, 24),
(45, 25),
(46, 26);

-- --------------------------------------------------------

--
-- Table structure for table `catalog_product_entity_media_gallery_value_video`
--

CREATE TABLE `catalog_product_entity_media_gallery_value_video` (
  `value_id` int(10) UNSIGNED NOT NULL COMMENT 'Media Entity ID',
  `store_id` smallint(5) UNSIGNED NOT NULL DEFAULT 0 COMMENT 'Store ID',
  `provider` varchar(32) DEFAULT NULL COMMENT 'Video provider ID',
  `url` text DEFAULT NULL COMMENT 'Video URL',
  `title` varchar(255) DEFAULT NULL COMMENT 'Title',
  `description` text DEFAULT NULL COMMENT 'Page Meta Description',
  `metadata` text DEFAULT NULL COMMENT 'Video meta data'
) ENGINE=InnoDB DEFAULT CHARSET=utf8 COMMENT='Catalog Product Video Table';

-- --------------------------------------------------------

--
-- Table structure for table `catalog_product_entity_text`
--

CREATE TABLE `catalog_product_entity_text` (
  `value_id` int(11) NOT NULL COMMENT 'Value ID',
  `attribute_id` smallint(5) UNSIGNED NOT NULL DEFAULT 0 COMMENT 'Attribute ID',
  `store_id` smallint(5) UNSIGNED NOT NULL DEFAULT 0 COMMENT 'Store ID',
  `entity_id` int(10) UNSIGNED NOT NULL DEFAULT 0 COMMENT 'Entity ID',
  `value` mediumtext DEFAULT NULL COMMENT 'Value'
) ENGINE=InnoDB DEFAULT CHARSET=utf8 COMMENT='Catalog Product Text Attribute Backend Table';

--
-- Dumping data for table `catalog_product_entity_text`
--

INSERT INTO `catalog_product_entity_text` (`value_id`, `attribute_id`, `store_id`, `entity_id`, `value`) VALUES
(16, 75, 0, 6, '<style>#html-body [data-pb-style=Y0M48XW]{justify-content:flex-start;display:flex;flex-direction:column;background-position:left top;background-size:cover;background-repeat:no-repeat;background-attachment:scroll}</style><div data-content-type=\"row\" data-appearance=\"contained\" data-element=\"main\"><div data-enable-parallax=\"0\" data-parallax-speed=\"0.5\" data-background-images=\"{}\" data-background-type=\"image\" data-video-loop=\"true\" data-video-play-only-visible=\"true\" data-video-lazy-load=\"true\" data-video-fallback-src=\"\" data-element=\"inner\" data-pb-style=\"Y0M48XW\"><div data-content-type=\"text\" data-appearance=\"default\" data-element=\"main\"><p>This is test product Long&nbsp; description. This is test product Long &nbsp;description. This is test product Long &nbsp;description.&nbsp;</p></div></div></div>'),
(17, 76, 0, 6, '<p>Orrcon Steel distributes and manufactures square hollow sections ranging from 38x25mm to 400x300mm.* Our Rectangular Hollow Sections are manufactured to the Australian Standard for structural steel hollow section AS/NZS 1163 and cover steel grades C250L0 and C350L0.</p>'),
(18, 85, 0, 6, 'Test Product'),
(19, 76, 0, 7, '<div className=\"flex flex-col space-y-4 text-gray-500 short_description\">\r\n                                    <ul className=\"pl-5 space-y-1 text-base list-disc\">\r\n                                        <li><strong className=\"font-bold text-brand\">Product Number:</strong> SelectOptions</li>\r\n                                        <li><strong className=\"font-bold text-brand\">Weight:</strong> SelectOptions</li>\r\n                                        <li><strong className=\"font-bold text-brand\">Package Dimensions:</strong> SelectOptions</li>\r\n                                    </ul>\r\n                                    <p>\r\n                                    Orrcon Steel distributes and manufactures square hollow sections ranging from 38x25mm to 400x300mm.* Our Rectangular Hollow Sections are manufactured to the Australian Standard for structural steel hollow section AS/NZS 1163 and cover steel grades C250L0 and C350L0.\r\n                                    </p>\r\n                                </div>'),
(20, 85, 0, 7, 'RHS'),
(21, 76, 0, 8, '<p>Orrcon Steel distributes and manufactures square hollow sections ranging from 38x25mm to 400x300mm.* Our Rectangular Hollow Sections are manufactured to the Australian Standard for structural steel hollow section AS/NZS 1163 and cover steel grades C250L0 and C350L0.</p>'),
(22, 85, 0, 8, 'T-shirt'),
(24, 76, 0, 10, '<p>This is test product</p>'),
(25, 85, 0, 11, 'HOT ROLLED STRUCTURAL'),
(30, 85, 0, 17, 'SHS'),
(31, 85, 0, 18, 'Downgrade'),
(32, 142, 0, 6, '4,5'),
(33, 142, 0, 7, '6'),
(34, 142, 0, 8, '5'),
(35, 142, 0, 10, '4,6'),
(36, 142, 0, 11, '5'),
(37, 142, 0, 12, '5'),
(38, 142, 0, 17, '4'),
(39, 75, 0, 19, '<style>#html-body [data-pb-style=QFC1OHR]{justify-content:flex-start;display:flex;flex-direction:column;background-position:left top;background-size:cover;background-repeat:no-repeat;background-attachment:scroll}</style><div data-content-type=\"row\" data-appearance=\"contained\" data-element=\"main\"><div data-enable-parallax=\"0\" data-parallax-speed=\"0.5\" data-background-images=\"{}\" data-background-type=\"image\" data-video-loop=\"true\" data-video-play-only-visible=\"true\" data-video-lazy-load=\"true\" data-video-fallback-src=\"\" data-element=\"inner\" data-pb-style=\"QFC1OHR\"><div data-content-type=\"text\" data-appearance=\"default\" data-element=\"main\"><p>This is test product Long&nbsp; description. This is test product Long &nbsp;description. This is test product Long &nbsp;description.&nbsp;</p></div></div></div>'),
(40, 76, 0, 19, '<p>This is test product short description. </p>\r\n<p>This is test product short description. </p>\r\n<p>This is test product short description. </p>'),
(41, 85, 0, 19, 'Test Product'),
(42, 142, 0, 19, '4,5'),
(43, 75, 0, 20, '<style>#html-body [data-pb-style=QFC1OHR]{justify-content:flex-start;display:flex;flex-direction:column;background-position:left top;background-size:cover;background-repeat:no-repeat;background-attachment:scroll}</style><div data-content-type=\"row\" data-appearance=\"contained\" data-element=\"main\"><div data-enable-parallax=\"0\" data-parallax-speed=\"0.5\" data-background-images=\"{}\" data-background-type=\"image\" data-video-loop=\"true\" data-video-play-only-visible=\"true\" data-video-lazy-load=\"true\" data-video-fallback-src=\"\" data-element=\"inner\" data-pb-style=\"QFC1OHR\"><div data-content-type=\"text\" data-appearance=\"default\" data-element=\"main\"><p>This is test product Long&nbsp; description. This is test product Long &nbsp;description. This is test product Long &nbsp;description.&nbsp;</p></div></div></div>'),
(44, 76, 0, 20, '<p>This is test product short description. </p>\r\n<p>This is test product short description. </p>\r\n<p>This is test product short description. </p>'),
(45, 85, 0, 20, 'Test Product'),
(46, 142, 0, 20, '4,5'),
(47, 75, 0, 21, '<style>#html-body [data-pb-style=QFC1OHR]{justify-content:flex-start;display:flex;flex-direction:column;background-position:left top;background-size:cover;background-repeat:no-repeat;background-attachment:scroll}</style><div data-content-type=\"row\" data-appearance=\"contained\" data-element=\"main\"><div data-enable-parallax=\"0\" data-parallax-speed=\"0.5\" data-background-images=\"{}\" data-background-type=\"image\" data-video-loop=\"true\" data-video-play-only-visible=\"true\" data-video-lazy-load=\"true\" data-video-fallback-src=\"\" data-element=\"inner\" data-pb-style=\"QFC1OHR\"><div data-content-type=\"text\" data-appearance=\"default\" data-element=\"main\"><p>This is test product Long&nbsp; description. This is test product Long &nbsp;description. This is test product Long &nbsp;description.&nbsp;</p></div></div></div>'),
(48, 76, 0, 21, '<p>This is test product short description. </p>\r\n<p>This is test product short description. </p>\r\n<p>This is test product short description. </p>'),
(49, 85, 0, 21, 'Test Product'),
(50, 142, 0, 21, '4,5'),
(51, 75, 0, 22, '<style>#html-body [data-pb-style=QFC1OHR]{justify-content:flex-start;display:flex;flex-direction:column;background-position:left top;background-size:cover;background-repeat:no-repeat;background-attachment:scroll}</style><div data-content-type=\"row\" data-appearance=\"contained\" data-element=\"main\"><div data-enable-parallax=\"0\" data-parallax-speed=\"0.5\" data-background-images=\"{}\" data-background-type=\"image\" data-video-loop=\"true\" data-video-play-only-visible=\"true\" data-video-lazy-load=\"true\" data-video-fallback-src=\"\" data-element=\"inner\" data-pb-style=\"QFC1OHR\"><div data-content-type=\"text\" data-appearance=\"default\" data-element=\"main\"><p>This is test product Long&nbsp; description. This is test product Long &nbsp;description. This is test product Long &nbsp;description.&nbsp;</p></div></div></div>'),
(52, 76, 0, 22, '<p>This is test product short description. </p>\r\n<p>This is test product short description. </p>\r\n<p>This is test product short description. </p>'),
(53, 85, 0, 22, 'Test Product'),
(54, 142, 0, 22, '4,5'),
(55, 75, 0, 23, '<style>#html-body [data-pb-style=QFC1OHR]{justify-content:flex-start;display:flex;flex-direction:column;background-position:left top;background-size:cover;background-repeat:no-repeat;background-attachment:scroll}</style><div data-content-type=\"row\" data-appearance=\"contained\" data-element=\"main\"><div data-enable-parallax=\"0\" data-parallax-speed=\"0.5\" data-background-images=\"{}\" data-background-type=\"image\" data-video-loop=\"true\" data-video-play-only-visible=\"true\" data-video-lazy-load=\"true\" data-video-fallback-src=\"\" data-element=\"inner\" data-pb-style=\"QFC1OHR\"><div data-content-type=\"text\" data-appearance=\"default\" data-element=\"main\"><p>This is test product Long&nbsp; description. This is test product Long &nbsp;description. This is test product Long &nbsp;description.&nbsp;</p></div></div></div>'),
(56, 76, 0, 23, '<p>This is test product short description. </p>\r\n<p>This is test product short description. </p>\r\n<p>This is test product short description. </p>'),
(57, 85, 0, 23, 'Test Product'),
(58, 142, 0, 23, '4,5'),
(59, 75, 0, 24, '<style>#html-body [data-pb-style=QFC1OHR]{justify-content:flex-start;display:flex;flex-direction:column;background-position:left top;background-size:cover;background-repeat:no-repeat;background-attachment:scroll}</style><div data-content-type=\"row\" data-appearance=\"contained\" data-element=\"main\"><div data-enable-parallax=\"0\" data-parallax-speed=\"0.5\" data-background-images=\"{}\" data-background-type=\"image\" data-video-loop=\"true\" data-video-play-only-visible=\"true\" data-video-lazy-load=\"true\" data-video-fallback-src=\"\" data-element=\"inner\" data-pb-style=\"QFC1OHR\"><div data-content-type=\"text\" data-appearance=\"default\" data-element=\"main\"><p>This is test product Long&nbsp; description. This is test product Long &nbsp;description. This is test product Long &nbsp;description.&nbsp;</p></div></div></div>'),
(60, 76, 0, 24, '<p>This is test product short description. </p>\r\n<p>This is test product short description. </p>\r\n<p>This is test product short description. </p>'),
(61, 85, 0, 24, 'Test Product'),
(62, 142, 0, 24, '4,5'),
(63, 75, 0, 25, '<style>#html-body [data-pb-style=QFC1OHR]{justify-content:flex-start;display:flex;flex-direction:column;background-position:left top;background-size:cover;background-repeat:no-repeat;background-attachment:scroll}</style><div data-content-type=\"row\" data-appearance=\"contained\" data-element=\"main\"><div data-enable-parallax=\"0\" data-parallax-speed=\"0.5\" data-background-images=\"{}\" data-background-type=\"image\" data-video-loop=\"true\" data-video-play-only-visible=\"true\" data-video-lazy-load=\"true\" data-video-fallback-src=\"\" data-element=\"inner\" data-pb-style=\"QFC1OHR\"><div data-content-type=\"text\" data-appearance=\"default\" data-element=\"main\"><p>This is test product Long&nbsp; description. This is test product Long &nbsp;description. This is test product Long &nbsp;description.&nbsp;</p></div></div></div>'),
(64, 76, 0, 25, '<p>This is test product short description. </p>\r\n<p>This is test product short description. </p>\r\n<p>This is test product short description. </p>'),
(65, 85, 0, 25, 'Test Product'),
(66, 142, 0, 25, '4,5'),
(67, 75, 0, 26, '<style>#html-body [data-pb-style=QFC1OHR]{justify-content:flex-start;display:flex;flex-direction:column;background-position:left top;background-size:cover;background-repeat:no-repeat;background-attachment:scroll}</style><div data-content-type=\"row\" data-appearance=\"contained\" data-element=\"main\"><div data-enable-parallax=\"0\" data-parallax-speed=\"0.5\" data-background-images=\"{}\" data-background-type=\"image\" data-video-loop=\"true\" data-video-play-only-visible=\"true\" data-video-lazy-load=\"true\" data-video-fallback-src=\"\" data-element=\"inner\" data-pb-style=\"QFC1OHR\"><div data-content-type=\"text\" data-appearance=\"default\" data-element=\"main\"><p>This is test product Long&nbsp; description. This is test product Long &nbsp;description. This is test product Long &nbsp;description.&nbsp;</p></div></div></div>'),
(68, 76, 0, 26, '<p>This is test product short description. </p>\r\n<p>This is test product short description. </p>\r\n<p>This is test product short description. </p>'),
(69, 85, 0, 26, 'Test Product'),
(70, 142, 0, 26, '4,5');

--
-- Triggers `catalog_product_entity_text`
--
DELIMITER $$
CREATE TRIGGER `trg_catalog_product_entity_text_after_delete` AFTER DELETE ON `catalog_product_entity_text` FOR EACH ROW BEGIN
INSERT IGNORE INTO `catalogsearch_fulltext_cl` (`entity_id`) VALUES (OLD.`entity_id`);
INSERT IGNORE INTO `catalogrule_product_cl` (`entity_id`) VALUES (OLD.`entity_id`);
END
$$
DELIMITER ;
DELIMITER $$
CREATE TRIGGER `trg_catalog_product_entity_text_after_insert` AFTER INSERT ON `catalog_product_entity_text` FOR EACH ROW BEGIN
INSERT IGNORE INTO `catalogsearch_fulltext_cl` (`entity_id`) VALUES (NEW.`entity_id`);
INSERT IGNORE INTO `catalogrule_product_cl` (`entity_id`) VALUES (NEW.`entity_id`);
END
$$
DELIMITER ;
DELIMITER $$
CREATE TRIGGER `trg_catalog_product_entity_text_after_update` AFTER UPDATE ON `catalog_product_entity_text` FOR EACH ROW BEGIN
IF (NOT(NEW.`value_id` <=> OLD.`value_id`) OR NOT(NEW.`attribute_id` <=> OLD.`attribute_id`) OR NOT(NEW.`store_id` <=> OLD.`store_id`) OR NOT(NEW.`entity_id` <=> OLD.`entity_id`) OR NOT(NEW.`value` <=> OLD.`value`)) THEN INSERT IGNORE INTO `catalogsearch_fulltext_cl` (`entity_id`) VALUES (NEW.`entity_id`); END IF;
IF (NOT(NEW.`value_id` <=> OLD.`value_id`) OR NOT(NEW.`attribute_id` <=> OLD.`attribute_id`) OR NOT(NEW.`store_id` <=> OLD.`store_id`) OR NOT(NEW.`entity_id` <=> OLD.`entity_id`) OR NOT(NEW.`value` <=> OLD.`value`)) THEN INSERT IGNORE INTO `catalogrule_product_cl` (`entity_id`) VALUES (NEW.`entity_id`); END IF;
END
$$
DELIMITER ;

-- --------------------------------------------------------

--
-- Table structure for table `catalog_product_entity_tier_price`
--

CREATE TABLE `catalog_product_entity_tier_price` (
  `value_id` int(11) NOT NULL COMMENT 'Value ID',
  `entity_id` int(10) UNSIGNED NOT NULL DEFAULT 0 COMMENT 'Entity ID',
  `all_groups` smallint(5) UNSIGNED NOT NULL DEFAULT 1 COMMENT 'Is Applicable To All Customer Groups',
  `customer_group_id` int(10) UNSIGNED NOT NULL DEFAULT 0 COMMENT 'Customer Group ID',
  `qty` decimal(12,4) NOT NULL DEFAULT 1.0000 COMMENT 'QTY',
  `value` decimal(20,6) NOT NULL DEFAULT 0.000000 COMMENT 'Value',
  `website_id` smallint(5) UNSIGNED NOT NULL COMMENT 'Website ID',
  `percentage_value` decimal(5,2) DEFAULT NULL COMMENT 'Percentage value'
) ENGINE=InnoDB DEFAULT CHARSET=utf8 COMMENT='Catalog Product Tier Price Attribute Backend Table';

--
-- Triggers `catalog_product_entity_tier_price`
--
DELIMITER $$
CREATE TRIGGER `trg_catalog_product_entity_tier_price_after_delete` AFTER DELETE ON `catalog_product_entity_tier_price` FOR EACH ROW BEGIN
INSERT IGNORE INTO `catalog_product_price_cl` (`entity_id`) VALUES (OLD.`entity_id`);
INSERT IGNORE INTO `catalogrule_product_cl` (`entity_id`) VALUES (OLD.`entity_id`);
END
$$
DELIMITER ;
DELIMITER $$
CREATE TRIGGER `trg_catalog_product_entity_tier_price_after_insert` AFTER INSERT ON `catalog_product_entity_tier_price` FOR EACH ROW BEGIN
INSERT IGNORE INTO `catalog_product_price_cl` (`entity_id`) VALUES (NEW.`entity_id`);
INSERT IGNORE INTO `catalogrule_product_cl` (`entity_id`) VALUES (NEW.`entity_id`);
END
$$
DELIMITER ;
DELIMITER $$
CREATE TRIGGER `trg_catalog_product_entity_tier_price_after_update` AFTER UPDATE ON `catalog_product_entity_tier_price` FOR EACH ROW BEGIN
IF (NOT(NEW.`value_id` <=> OLD.`value_id`) OR NOT(NEW.`entity_id` <=> OLD.`entity_id`) OR NOT(NEW.`all_groups` <=> OLD.`all_groups`) OR NOT(NEW.`customer_group_id` <=> OLD.`customer_group_id`) OR NOT(NEW.`qty` <=> OLD.`qty`) OR NOT(NEW.`value` <=> OLD.`value`) OR NOT(NEW.`website_id` <=> OLD.`website_id`) OR NOT(NEW.`percentage_value` <=> OLD.`percentage_value`)) THEN INSERT IGNORE INTO `catalog_product_price_cl` (`entity_id`) VALUES (NEW.`entity_id`); END IF;
IF (NOT(NEW.`value_id` <=> OLD.`value_id`) OR NOT(NEW.`entity_id` <=> OLD.`entity_id`) OR NOT(NEW.`all_groups` <=> OLD.`all_groups`) OR NOT(NEW.`customer_group_id` <=> OLD.`customer_group_id`) OR NOT(NEW.`qty` <=> OLD.`qty`) OR NOT(NEW.`value` <=> OLD.`value`) OR NOT(NEW.`website_id` <=> OLD.`website_id`) OR NOT(NEW.`percentage_value` <=> OLD.`percentage_value`)) THEN INSERT IGNORE INTO `catalogrule_product_cl` (`entity_id`) VALUES (NEW.`entity_id`); END IF;
END
$$
DELIMITER ;

-- --------------------------------------------------------

--
-- Table structure for table `catalog_product_entity_varchar`
--

CREATE TABLE `catalog_product_entity_varchar` (
  `value_id` int(11) NOT NULL COMMENT 'Value ID',
  `attribute_id` smallint(5) UNSIGNED NOT NULL DEFAULT 0 COMMENT 'Attribute ID',
  `store_id` smallint(5) UNSIGNED NOT NULL DEFAULT 0 COMMENT 'Store ID',
  `entity_id` int(10) UNSIGNED NOT NULL DEFAULT 0 COMMENT 'Entity ID',
  `value` varchar(255) DEFAULT NULL COMMENT 'Value'
) ENGINE=InnoDB DEFAULT CHARSET=utf8 COMMENT='Catalog Product Varchar Attribute Backend Table';

--
-- Dumping data for table `catalog_product_entity_varchar`
--

INSERT INTO `catalog_product_entity_varchar` (`value_id`, `attribute_id`, `store_id`, `entity_id`, `value`) VALUES
(46, 73, 0, 6, 'Test Product'),
(47, 84, 0, 6, 'Test Product'),
(48, 86, 0, 6, 'Test Product #html-body [data-pb-style=QFC1OHR]{justify-content:flex-start;display:flex;flex-direction:column;background-position:left top;background-size:cover;background-repeat:no-repeat;background-attachment:scroll}This is test product Long&nbsp; descr'),
(49, 104, 0, 6, 'product-full-width'),
(50, 106, 0, 6, 'container2'),
(51, 114, 0, 6, 'AU'),
(52, 120, 0, 6, '0'),
(53, 123, 0, 6, 'test-product'),
(54, 129, 0, 6, '2'),
(55, 87, 0, 6, '//i/m/image__01.jpg'),
(56, 88, 0, 6, '//i/m/image__01.jpg'),
(57, 89, 0, 6, '//i/m/image__01.jpg'),
(58, 135, 0, 6, 'no_selection'),
(63, 73, 0, 7, 'RHS'),
(64, 84, 0, 7, 'RHS'),
(65, 86, 0, 7, 'RHS'),
(66, 87, 0, 7, '//i/m/image__02.jpg'),
(67, 88, 0, 7, '//i/m/image__02.jpg'),
(68, 89, 0, 7, '//i/m/image__02.jpg'),
(69, 104, 0, 7, 'product-full-width'),
(70, 106, 0, 7, 'container2'),
(71, 120, 0, 7, '0'),
(72, 123, 0, 7, 'rhs'),
(73, 129, 0, 7, '2'),
(74, 135, 0, 7, '//i/m/image__02.jpg'),
(79, 73, 0, 8, 'OVAL RAIL'),
(80, 84, 0, 8, 'T-shirt'),
(81, 86, 0, 8, '<p>Orrcon Steel distributes and manufactures square hollow sections ranging from 38x25mm to 400x300mm.* Our Rectangular Hollow Sections are manufactured to the Australian Standard for structural steel hollow section AS/NZS 1163 and cover steel grades C250'),
(82, 104, 0, 8, 'product-full-width'),
(83, 106, 0, 8, 'container2'),
(84, 114, 0, 8, 'IN'),
(85, 120, 0, 8, '0'),
(86, 123, 0, 8, 't-shirt'),
(87, 129, 0, 8, '2'),
(106, 73, 0, 10, 'CHS'),
(107, 87, 0, 10, '//i/m/image__06_2.jpg'),
(108, 88, 0, 10, '//i/m/image__06_2.jpg'),
(109, 89, 0, 10, '//i/m/image__06_2.jpg'),
(110, 104, 0, 10, 'product-full-width'),
(111, 106, 0, 10, 'container2'),
(112, 120, 0, 10, '0'),
(113, 123, 0, 10, 'oval-rail-1'),
(114, 129, 0, 10, '2'),
(115, 135, 0, 10, '//i/m/image__06_2.jpg'),
(128, 73, 0, 11, 'HOT ROLLED STRUCTURAL'),
(129, 84, 0, 11, 'HOT ROLLED STRUCTURAL'),
(130, 86, 0, 11, 'HOT ROLLED STRUCTURAL '),
(131, 104, 0, 11, 'product-full-width'),
(132, 106, 0, 11, 'container2'),
(133, 114, 0, 11, 'IN'),
(134, 120, 0, 11, '0'),
(135, 123, 0, 11, 'hot-rolled-structural'),
(136, 129, 0, 11, '2'),
(138, 73, 0, 12, 'HOT DIPPED GALVANISED'),
(139, 104, 0, 12, 'product-full-width'),
(140, 106, 0, 12, 'container2'),
(141, 114, 0, 12, 'IN'),
(142, 120, 0, 12, '0'),
(143, 123, 0, 12, 'hot-dipped-galvanised'),
(144, 129, 0, 12, '2'),
(196, 73, 0, 17, 'SHS'),
(197, 84, 0, 17, 'SHS'),
(198, 86, 0, 17, 'SHS '),
(199, 104, 0, 17, 'product-full-width'),
(200, 106, 0, 17, 'container2'),
(201, 120, 0, 17, '0'),
(202, 123, 0, 17, 'shs-1'),
(203, 129, 0, 17, '2'),
(204, 73, 0, 18, 'Downgrade'),
(205, 84, 0, 18, 'Downgrade'),
(206, 86, 0, 18, 'Downgrade '),
(207, 104, 0, 18, 'product-full-width'),
(208, 106, 0, 18, 'container2'),
(209, 120, 0, 18, '0'),
(210, 123, 0, 18, 'downgrade'),
(211, 129, 0, 18, '2'),
(232, 73, 0, 19, 'Test Product-10MM-2MM-30MM-30MM-A'),
(233, 84, 0, 19, 'Test Product'),
(234, 86, 0, 19, 'Test Product #html-body [data-pb-style=QFC1OHR]{justify-content:flex-start;display:flex;flex-direction:column;background-position:left top;background-size:cover;background-repeat:no-repeat;background-attachment:scroll}This is test product Long&nbsp; descr'),
(235, 104, 0, 19, 'product-full-width'),
(236, 106, 0, 19, 'container2'),
(237, 114, 0, 19, 'AU'),
(238, 120, 0, 19, '0'),
(239, 123, 0, 19, 'test-product-10mm-2mm-30mm-30mm-a'),
(240, 129, 0, 19, '0'),
(241, 73, 0, 20, 'Test Product-10MM-4MM-30MM-30MM-A'),
(242, 84, 0, 20, 'Test Product'),
(243, 86, 0, 20, 'Test Product #html-body [data-pb-style=QFC1OHR]{justify-content:flex-start;display:flex;flex-direction:column;background-position:left top;background-size:cover;background-repeat:no-repeat;background-attachment:scroll}This is test product Long&nbsp; descr'),
(244, 104, 0, 20, 'product-full-width'),
(245, 106, 0, 20, 'container2'),
(246, 114, 0, 20, 'AU'),
(247, 120, 0, 20, '0'),
(248, 123, 0, 20, 'test-product-10mm-4mm-30mm-30mm-a'),
(249, 129, 0, 20, '0'),
(250, 73, 0, 21, 'Test Product-40MM-2MM-30MM-30MM-A'),
(251, 84, 0, 21, 'Test Product'),
(252, 86, 0, 21, 'Test Product #html-body [data-pb-style=QFC1OHR]{justify-content:flex-start;display:flex;flex-direction:column;background-position:left top;background-size:cover;background-repeat:no-repeat;background-attachment:scroll}This is test product Long&nbsp; descr'),
(253, 104, 0, 21, 'product-full-width'),
(254, 106, 0, 21, 'container2'),
(255, 114, 0, 21, 'AU'),
(256, 120, 0, 21, '0'),
(257, 123, 0, 21, 'test-product-40mm-2mm-30mm-30mm-a'),
(258, 129, 0, 21, '0'),
(259, 73, 0, 22, 'Test Product-40MM-4MM-30MM-30MM-A'),
(260, 84, 0, 22, 'Test Product'),
(261, 86, 0, 22, 'Test Product #html-body [data-pb-style=QFC1OHR]{justify-content:flex-start;display:flex;flex-direction:column;background-position:left top;background-size:cover;background-repeat:no-repeat;background-attachment:scroll}This is test product Long&nbsp; descr'),
(262, 104, 0, 22, 'product-full-width'),
(263, 106, 0, 22, 'container2'),
(264, 114, 0, 22, 'AU'),
(265, 120, 0, 22, '0'),
(266, 123, 0, 22, 'test-product-40mm-4mm-30mm-30mm-a'),
(267, 129, 0, 22, '0'),
(272, 73, 0, 23, 'Test Product-10MM-2MM-30MM-30MM-C'),
(273, 84, 0, 23, 'Test Product'),
(274, 86, 0, 23, 'Test Product #html-body [data-pb-style=QFC1OHR]{justify-content:flex-start;display:flex;flex-direction:column;background-position:left top;background-size:cover;background-repeat:no-repeat;background-attachment:scroll}This is test product Long&nbsp; descr'),
(275, 104, 0, 23, 'product-full-width'),
(276, 106, 0, 23, 'container2'),
(277, 114, 0, 23, 'AU'),
(278, 120, 0, 23, '0'),
(279, 123, 0, 23, 'test-product-10mm-2mm-30mm-30mm-c'),
(280, 129, 0, 23, '0'),
(281, 73, 0, 24, 'Test Product-10MM-4MM-30MM-30MM-C'),
(282, 84, 0, 24, 'Test Product'),
(283, 86, 0, 24, 'Test Product #html-body [data-pb-style=QFC1OHR]{justify-content:flex-start;display:flex;flex-direction:column;background-position:left top;background-size:cover;background-repeat:no-repeat;background-attachment:scroll}This is test product Long&nbsp; descr'),
(284, 104, 0, 24, 'product-full-width'),
(285, 106, 0, 24, 'container2'),
(286, 114, 0, 24, 'AU'),
(287, 120, 0, 24, '0'),
(288, 123, 0, 24, 'test-product-10mm-4mm-30mm-30mm-c'),
(289, 129, 0, 24, '0'),
(290, 73, 0, 25, 'Test Product-40MM-2MM-30MM-30MM-C'),
(291, 84, 0, 25, 'Test Product'),
(292, 86, 0, 25, 'Test Product #html-body [data-pb-style=QFC1OHR]{justify-content:flex-start;display:flex;flex-direction:column;background-position:left top;background-size:cover;background-repeat:no-repeat;background-attachment:scroll}This is test product Long&nbsp; descr'),
(293, 104, 0, 25, 'product-full-width'),
(294, 106, 0, 25, 'container2'),
(295, 114, 0, 25, 'AU'),
(296, 120, 0, 25, '0'),
(297, 123, 0, 25, 'test-product-40mm-2mm-30mm-30mm-c'),
(298, 129, 0, 25, '0'),
(299, 73, 0, 26, 'Test Product-40MM-4MM-30MM-30MM-C'),
(300, 84, 0, 26, 'Test Product'),
(301, 86, 0, 26, 'Test Product #html-body [data-pb-style=QFC1OHR]{justify-content:flex-start;display:flex;flex-direction:column;background-position:left top;background-size:cover;background-repeat:no-repeat;background-attachment:scroll}This is test product Long&nbsp; descr'),
(302, 104, 0, 26, 'product-full-width'),
(303, 106, 0, 26, 'container2'),
(304, 114, 0, 26, 'AU'),
(305, 120, 0, 26, '0'),
(306, 123, 0, 26, 'test-product-40mm-4mm-30mm-30mm-c'),
(307, 129, 0, 26, '0'),
(324, 87, 0, 19, '//i/m/image__01_1.jpg'),
(325, 88, 0, 19, '//i/m/image__01_1.jpg'),
(326, 89, 0, 19, '//i/m/image__01_1.jpg'),
(327, 135, 0, 19, '//i/m/image__01_1.jpg'),
(384, 87, 0, 8, '//i/m/image__06_1.jpg'),
(385, 88, 0, 8, '//i/m/image__06_1.jpg'),
(386, 89, 0, 8, '//i/m/image__06_1.jpg'),
(387, 135, 0, 8, '//i/m/image__06_1.jpg'),
(396, 87, 0, 11, '//i/m/image__03.jpg'),
(397, 88, 0, 11, '//i/m/image__03.jpg'),
(398, 89, 0, 11, '//i/m/image__03.jpg'),
(399, 135, 0, 11, '//i/m/image__03.jpg'),
(404, 87, 0, 12, '//s/l/slider__01.jpg'),
(405, 88, 0, 12, '//s/l/slider__01.jpg'),
(406, 89, 0, 12, '//s/l/slider__01.jpg'),
(407, 135, 0, 12, '//s/l/slider__01.jpg'),
(420, 150, 0, 6, 'DGG440043ERT'),
(421, 151, 0, 6, '10MM x 20MM x 40MM'),
(430, 150, 0, 8, 'FG5567FF008'),
(431, 151, 0, 8, '10 X 52 X 30'),
(448, 87, 0, 20, '//i/m/image__07_1.jpg'),
(449, 88, 0, 20, '//i/m/image__07_1.jpg'),
(450, 89, 0, 20, '//i/m/image__07_1.jpg'),
(451, 135, 0, 20, '//i/m/image__07_1.jpg'),
(456, 87, 0, 21, '//i/m/image__05_1.jpg'),
(457, 88, 0, 21, '//i/m/image__05_1.jpg'),
(458, 89, 0, 21, '//i/m/image__05_1.jpg'),
(459, 135, 0, 21, '//i/m/image__05_1.jpg'),
(464, 87, 0, 23, '//i/m/image__04_2.jpg'),
(465, 88, 0, 23, '//i/m/image__04_2.jpg'),
(466, 89, 0, 23, '//i/m/image__04_2.jpg'),
(467, 135, 0, 23, '//i/m/image__04_2.jpg'),
(472, 87, 0, 26, '//i/m/image__06_3.jpg'),
(473, 88, 0, 26, '//i/m/image__06_3.jpg'),
(474, 89, 0, 26, '//i/m/image__06_3.jpg'),
(475, 135, 0, 26, '//i/m/image__06_3.jpg'),
(500, 87, 0, 17, '//i/m/image__04_1.jpg'),
(501, 88, 0, 17, '//i/m/image__04_1.jpg'),
(502, 89, 0, 17, '//i/m/image__04_1.jpg'),
(503, 135, 0, 17, '//i/m/image__04_1.jpg'),
(508, 87, 0, 18, '//i/m/image__03_1.jpg'),
(509, 88, 0, 18, '//i/m/image__03_1.jpg'),
(510, 89, 0, 18, '//i/m/image__03_1.jpg'),
(511, 135, 0, 18, '//i/m/image__03_1.jpg'),
(528, 87, 0, 22, '//i/m/image__03_2.jpg'),
(529, 88, 0, 22, '//i/m/image__03_2.jpg'),
(530, 89, 0, 22, '//i/m/image__03_2.jpg'),
(531, 135, 0, 22, '//i/m/image__03_2.jpg'),
(540, 87, 0, 24, '//i/m/image__07_2.jpg'),
(541, 88, 0, 24, '//i/m/image__07_2.jpg'),
(542, 89, 0, 24, '//i/m/image__07_2.jpg'),
(543, 135, 0, 24, '//i/m/image__07_2.jpg'),
(548, 87, 0, 25, '//i/m/image__03_3.jpg'),
(549, 88, 0, 25, '//i/m/image__03_3.jpg'),
(550, 89, 0, 25, '//i/m/image__03_3.jpg'),
(551, 135, 0, 25, '//i/m/image__03_3.jpg');

--
-- Triggers `catalog_product_entity_varchar`
--
DELIMITER $$
CREATE TRIGGER `trg_catalog_product_entity_varchar_after_delete` AFTER DELETE ON `catalog_product_entity_varchar` FOR EACH ROW BEGIN
INSERT IGNORE INTO `catalogsearch_fulltext_cl` (`entity_id`) VALUES (OLD.`entity_id`);
INSERT IGNORE INTO `catalog_product_attribute_cl` (`entity_id`) VALUES (OLD.`entity_id`);
INSERT IGNORE INTO `catalogrule_product_cl` (`entity_id`) VALUES (OLD.`entity_id`);
END
$$
DELIMITER ;
DELIMITER $$
CREATE TRIGGER `trg_catalog_product_entity_varchar_after_insert` AFTER INSERT ON `catalog_product_entity_varchar` FOR EACH ROW BEGIN
INSERT IGNORE INTO `catalogsearch_fulltext_cl` (`entity_id`) VALUES (NEW.`entity_id`);
INSERT IGNORE INTO `catalog_product_attribute_cl` (`entity_id`) VALUES (NEW.`entity_id`);
INSERT IGNORE INTO `catalogrule_product_cl` (`entity_id`) VALUES (NEW.`entity_id`);
END
$$
DELIMITER ;
DELIMITER $$
CREATE TRIGGER `trg_catalog_product_entity_varchar_after_update` AFTER UPDATE ON `catalog_product_entity_varchar` FOR EACH ROW BEGIN
IF (NOT(NEW.`value_id` <=> OLD.`value_id`) OR NOT(NEW.`attribute_id` <=> OLD.`attribute_id`) OR NOT(NEW.`store_id` <=> OLD.`store_id`) OR NOT(NEW.`entity_id` <=> OLD.`entity_id`) OR NOT(NEW.`value` <=> OLD.`value`)) THEN INSERT IGNORE INTO `catalogsearch_fulltext_cl` (`entity_id`) VALUES (NEW.`entity_id`); END IF;
IF (NOT(NEW.`value_id` <=> OLD.`value_id`) OR NOT(NEW.`attribute_id` <=> OLD.`attribute_id`) OR NOT(NEW.`store_id` <=> OLD.`store_id`) OR NOT(NEW.`entity_id` <=> OLD.`entity_id`) OR NOT(NEW.`value` <=> OLD.`value`)) THEN INSERT IGNORE INTO `catalog_product_attribute_cl` (`entity_id`) VALUES (NEW.`entity_id`); END IF;
IF (NOT(NEW.`value_id` <=> OLD.`value_id`) OR NOT(NEW.`attribute_id` <=> OLD.`attribute_id`) OR NOT(NEW.`store_id` <=> OLD.`store_id`) OR NOT(NEW.`entity_id` <=> OLD.`entity_id`) OR NOT(NEW.`value` <=> OLD.`value`)) THEN INSERT IGNORE INTO `catalogrule_product_cl` (`entity_id`) VALUES (NEW.`entity_id`); END IF;
END
$$
DELIMITER ;

-- --------------------------------------------------------

--
-- Table structure for table `catalog_product_flat_1`
--

CREATE TABLE `catalog_product_flat_1` (
  `entity_id` int(10) UNSIGNED NOT NULL COMMENT 'Entity Id',
  `attribute_set_id` smallint(5) UNSIGNED NOT NULL DEFAULT 0 COMMENT 'Attribute Set ID',
  `type_id` varchar(32) NOT NULL DEFAULT 'simple' COMMENT 'Type Id',
  `cost` decimal(12,4) DEFAULT NULL COMMENT 'cost',
  `created_at` timestamp NULL DEFAULT NULL COMMENT 'created_at',
  `description` longtext DEFAULT NULL COMMENT 'description',
  `gift_message_available` smallint(6) DEFAULT NULL COMMENT 'gift_message_available column',
  `has_options` smallint(6) NOT NULL DEFAULT 0 COMMENT 'has_options',
  `image` varchar(255) DEFAULT NULL COMMENT 'image',
  `image_label` varchar(255) DEFAULT NULL COMMENT 'image_label',
  `links_exist` int(11) DEFAULT NULL COMMENT 'links_exist',
  `links_purchased_separately` int(11) DEFAULT NULL COMMENT 'links_purchased_separately',
  `links_title` varchar(255) DEFAULT NULL COMMENT 'links_title',
  `msrp` decimal(12,4) DEFAULT NULL COMMENT 'msrp',
  `msrp_display_actual_price_type` text DEFAULT NULL COMMENT 'msrp_display_actual_price_type',
  `name` varchar(255) DEFAULT NULL COMMENT 'name',
  `news_from_date` datetime DEFAULT NULL COMMENT 'news_from_date',
  `news_to_date` datetime DEFAULT NULL COMMENT 'news_to_date',
  `price` decimal(12,4) DEFAULT NULL COMMENT 'price',
  `price_type` int(11) DEFAULT NULL COMMENT 'price_type',
  `price_view` int(11) DEFAULT NULL COMMENT 'Bundle Price View price_view column',
  `required_options` smallint(5) UNSIGNED NOT NULL DEFAULT 0 COMMENT 'required_options',
  `short_description` longtext DEFAULT NULL COMMENT 'short_description',
  `sku` varchar(64) NOT NULL COMMENT 'sku',
  `sku_type` int(11) DEFAULT NULL COMMENT 'sku_type',
  `small_image` varchar(255) DEFAULT NULL COMMENT 'small_image',
  `small_image_label` varchar(255) DEFAULT NULL COMMENT 'small_image_label',
  `special_from_date` datetime DEFAULT NULL COMMENT 'special_from_date',
  `special_price` decimal(12,4) DEFAULT NULL COMMENT 'special_price',
  `special_to_date` datetime DEFAULT NULL COMMENT 'special_to_date',
  `swatch_image` varchar(255) DEFAULT NULL COMMENT 'swatch_image',
  `tax_class_id` int(10) UNSIGNED DEFAULT NULL COMMENT 'tax_class_id tax column',
  `thumbnail` varchar(255) DEFAULT NULL COMMENT 'thumbnail',
  `thumbnail_label` varchar(255) DEFAULT NULL COMMENT 'thumbnail_label',
  `updated_at` timestamp NOT NULL DEFAULT '0000-00-00 00:00:00' COMMENT 'updated_at',
  `url_key` varchar(255) DEFAULT NULL COMMENT 'url_key',
  `url_path` varchar(255) DEFAULT NULL COMMENT 'url_path',
  `visibility` smallint(5) UNSIGNED DEFAULT NULL COMMENT 'Catalog Product Visibility visibility column',
  `weight` decimal(12,4) DEFAULT NULL COMMENT 'weight',
  `weight_type` int(11) DEFAULT NULL COMMENT 'weight_type'
) ENGINE=InnoDB DEFAULT CHARSET=utf8 COMMENT='Catalog Product Flat (Store 1)';

--
-- Dumping data for table `catalog_product_flat_1`
--

INSERT INTO `catalog_product_flat_1` (`entity_id`, `attribute_set_id`, `type_id`, `cost`, `created_at`, `description`, `gift_message_available`, `has_options`, `image`, `image_label`, `links_exist`, `links_purchased_separately`, `links_title`, `msrp`, `msrp_display_actual_price_type`, `name`, `news_from_date`, `news_to_date`, `price`, `price_type`, `price_view`, `required_options`, `short_description`, `sku`, `sku_type`, `small_image`, `small_image_label`, `special_from_date`, `special_price`, `special_to_date`, `swatch_image`, `tax_class_id`, `thumbnail`, `thumbnail_label`, `updated_at`, `url_key`, `url_path`, `visibility`, `weight`, `weight_type`) VALUES
(6, 4, 'simple', NULL, '2023-02-13 09:58:28', '<style>#html-body [data-pb-style=QFC1OHR]{justify-content:flex-start;display:flex;flex-direction:column;background-position:left top;background-size:cover;background-repeat:no-repeat;background-attachment:scroll}</style><div data-content-type=\"row\" data-appearance=\"contained\" data-element=\"main\"><div data-enable-parallax=\"0\" data-parallax-speed=\"0.5\" data-background-images=\"{}\" data-background-type=\"image\" data-video-loop=\"true\" data-video-play-only-visible=\"true\" data-video-lazy-load=\"true\" data-video-fallback-src=\"\" data-element=\"inner\" data-pb-style=\"QFC1OHR\"><div data-content-type=\"text\" data-appearance=\"default\" data-element=\"main\"><p>This is test product Long&nbsp; description. This is test product Long &nbsp;description. This is test product Long &nbsp;description.&nbsp;</p></div></div></div>', 2, 0, NULL, NULL, NULL, NULL, NULL, NULL, '0', 'Test Product', '2023-02-12 00:00:00', '2023-02-28 00:00:00', '1500.0000', NULL, NULL, 0, '<p>This is test product short description. </p>\r\n<p>This is test product short description. </p>\r\n<p>This is test product short description. </p>', 'TEST01', NULL, NULL, NULL, NULL, NULL, NULL, NULL, 2, NULL, NULL, '2023-02-13 09:58:28', 'test-product', NULL, 4, '2.0000', NULL);

-- --------------------------------------------------------

--
-- Table structure for table `catalog_product_frontend_action`
--

CREATE TABLE `catalog_product_frontend_action` (
  `action_id` bigint(20) UNSIGNED NOT NULL COMMENT 'Product Action ID',
  `type_id` varchar(64) NOT NULL COMMENT 'Type of product action',
  `visitor_id` int(10) UNSIGNED DEFAULT NULL COMMENT 'Visitor ID',
  `customer_id` int(10) UNSIGNED DEFAULT NULL COMMENT 'Customer ID',
  `product_id` int(10) UNSIGNED NOT NULL COMMENT 'Product ID',
  `added_at` bigint(20) NOT NULL COMMENT 'Added At'
) ENGINE=InnoDB DEFAULT CHARSET=utf8 COMMENT='Catalog Product Frontend Action Table';

-- --------------------------------------------------------

--
-- Table structure for table `catalog_product_index_eav`
--

CREATE TABLE `catalog_product_index_eav` (
  `entity_id` int(10) UNSIGNED NOT NULL COMMENT 'Entity ID',
  `attribute_id` smallint(5) UNSIGNED NOT NULL COMMENT 'Attribute ID',
  `store_id` smallint(5) UNSIGNED NOT NULL COMMENT 'Store ID',
  `value` int(10) UNSIGNED NOT NULL COMMENT 'Value',
  `source_id` int(10) UNSIGNED NOT NULL DEFAULT 0 COMMENT 'Original entity ID for attribute value'
) ENGINE=InnoDB DEFAULT CHARSET=utf8 COMMENT='Catalog Product EAV Index Table';

--
-- Dumping data for table `catalog_product_index_eav`
--

INSERT INTO `catalog_product_index_eav` (`entity_id`, `attribute_id`, `store_id`, `value`, `source_id`) VALUES
(6, 93, 1, 7, 6),
(6, 93, 1, 7, 19),
(6, 93, 1, 7, 20),
(6, 93, 1, 7, 21),
(6, 93, 1, 7, 22),
(6, 93, 1, 7, 23),
(6, 93, 1, 7, 24),
(6, 93, 1, 7, 25),
(6, 93, 1, 7, 26),
(6, 99, 1, 1, 19),
(6, 99, 1, 1, 20),
(6, 99, 1, 1, 21),
(6, 99, 1, 1, 22),
(6, 99, 1, 1, 23),
(6, 99, 1, 1, 24),
(6, 99, 1, 1, 25),
(6, 99, 1, 1, 26),
(6, 99, 1, 4, 6),
(6, 139, 1, 1, 6),
(6, 139, 1, 1, 19),
(6, 139, 1, 1, 20),
(6, 139, 1, 1, 21),
(6, 139, 1, 1, 22),
(6, 139, 1, 1, 23),
(6, 139, 1, 1, 24),
(6, 139, 1, 1, 25),
(6, 139, 1, 1, 26),
(6, 140, 1, 0, 6),
(6, 140, 1, 0, 19),
(6, 140, 1, 0, 20),
(6, 140, 1, 0, 21),
(6, 140, 1, 0, 22),
(6, 140, 1, 0, 23),
(6, 140, 1, 0, 24),
(6, 140, 1, 0, 25),
(6, 140, 1, 0, 26),
(6, 141, 1, 0, 6),
(6, 141, 1, 0, 19),
(6, 141, 1, 0, 20),
(6, 141, 1, 0, 21),
(6, 141, 1, 0, 22),
(6, 141, 1, 0, 23),
(6, 141, 1, 0, 24),
(6, 141, 1, 0, 25),
(6, 141, 1, 0, 26),
(6, 142, 1, 4, 6),
(6, 142, 1, 4, 19),
(6, 142, 1, 4, 20),
(6, 142, 1, 4, 21),
(6, 142, 1, 4, 22),
(6, 142, 1, 4, 23),
(6, 142, 1, 4, 24),
(6, 142, 1, 4, 25),
(6, 142, 1, 4, 26),
(6, 142, 1, 5, 6),
(6, 142, 1, 5, 19),
(6, 142, 1, 5, 20),
(6, 142, 1, 5, 21),
(6, 142, 1, 5, 22),
(6, 142, 1, 5, 23),
(6, 142, 1, 5, 24),
(6, 142, 1, 5, 25),
(6, 142, 1, 5, 26),
(7, 93, 1, 8, 7),
(7, 99, 1, 4, 7),
(7, 139, 1, 1, 7),
(7, 140, 1, 1, 7),
(7, 141, 1, 0, 7),
(7, 142, 1, 6, 7),
(8, 93, 1, 9, 8),
(8, 99, 1, 4, 8),
(8, 139, 1, 1, 8),
(8, 140, 1, 1, 8),
(8, 141, 1, 0, 8),
(8, 142, 1, 5, 8),
(10, 93, 1, 10, 10),
(10, 99, 1, 4, 10),
(10, 139, 1, 1, 10),
(10, 140, 1, 1, 10),
(10, 141, 1, 0, 10),
(10, 142, 1, 4, 10),
(10, 142, 1, 6, 10),
(11, 93, 1, 9, 11),
(11, 99, 1, 4, 11),
(11, 139, 1, 1, 11),
(11, 140, 1, 1, 11),
(11, 141, 1, 0, 11),
(11, 142, 1, 5, 11),
(12, 93, 1, 7, 12),
(12, 99, 1, 4, 12),
(12, 139, 1, 1, 12),
(12, 140, 1, 1, 12),
(12, 141, 1, 0, 12),
(12, 142, 1, 5, 12),
(17, 93, 1, 8, 17),
(17, 99, 1, 4, 17),
(17, 139, 1, 1, 17),
(17, 140, 1, 1, 17),
(17, 141, 1, 0, 17),
(17, 142, 1, 4, 17),
(18, 93, 1, 8, 18),
(18, 99, 1, 4, 18),
(18, 139, 1, 0, 18),
(18, 140, 1, 0, 18),
(18, 141, 1, 1, 18);

-- --------------------------------------------------------

--
-- Table structure for table `catalog_product_index_eav_decimal`
--

CREATE TABLE `catalog_product_index_eav_decimal` (
  `entity_id` int(10) UNSIGNED NOT NULL COMMENT 'Entity ID',
  `attribute_id` smallint(5) UNSIGNED NOT NULL COMMENT 'Attribute ID',
  `store_id` smallint(5) UNSIGNED NOT NULL COMMENT 'Store ID',
  `value` decimal(12,4) NOT NULL COMMENT 'Value',
  `source_id` int(10) UNSIGNED NOT NULL DEFAULT 0 COMMENT 'Original entity ID for attribute value'
) ENGINE=InnoDB DEFAULT CHARSET=utf8 COMMENT='Catalog Product EAV Decimal Index Table';

-- --------------------------------------------------------

--
-- Table structure for table `catalog_product_index_eav_decimal_idx`
--

CREATE TABLE `catalog_product_index_eav_decimal_idx` (
  `entity_id` int(10) UNSIGNED NOT NULL COMMENT 'Entity ID',
  `attribute_id` smallint(5) UNSIGNED NOT NULL COMMENT 'Attribute ID',
  `store_id` smallint(5) UNSIGNED NOT NULL COMMENT 'Store ID',
  `value` decimal(12,4) NOT NULL COMMENT 'Value',
  `source_id` int(10) UNSIGNED NOT NULL DEFAULT 0 COMMENT 'Original entity ID for attribute value'
) ENGINE=InnoDB DEFAULT CHARSET=utf8 COMMENT='Catalog Product EAV Decimal Indexer Index Table';

-- --------------------------------------------------------

--
-- Table structure for table `catalog_product_index_eav_decimal_replica`
--

CREATE TABLE `catalog_product_index_eav_decimal_replica` (
  `entity_id` int(10) UNSIGNED NOT NULL COMMENT 'Entity ID',
  `attribute_id` smallint(5) UNSIGNED NOT NULL COMMENT 'Attribute ID',
  `store_id` smallint(5) UNSIGNED NOT NULL COMMENT 'Store ID',
  `value` decimal(12,4) NOT NULL COMMENT 'Value',
  `source_id` int(10) UNSIGNED NOT NULL DEFAULT 0 COMMENT 'Original entity ID for attribute value'
) ENGINE=InnoDB DEFAULT CHARSET=utf8 COMMENT='Catalog Product EAV Decimal Index Table';

-- --------------------------------------------------------

--
-- Table structure for table `catalog_product_index_eav_decimal_tmp`
--

CREATE TABLE `catalog_product_index_eav_decimal_tmp` (
  `entity_id` int(10) UNSIGNED NOT NULL COMMENT 'Entity ID',
  `attribute_id` smallint(5) UNSIGNED NOT NULL COMMENT 'Attribute ID',
  `store_id` smallint(5) UNSIGNED NOT NULL COMMENT 'Store ID',
  `value` decimal(12,4) NOT NULL COMMENT 'Value',
  `source_id` int(10) UNSIGNED NOT NULL DEFAULT 0 COMMENT 'Original entity ID for attribute value'
) ENGINE=InnoDB DEFAULT CHARSET=utf8 COMMENT='Catalog Product EAV Decimal Indexer Temp Table';

-- --------------------------------------------------------

--
-- Table structure for table `catalog_product_index_eav_idx`
--

CREATE TABLE `catalog_product_index_eav_idx` (
  `entity_id` int(10) UNSIGNED NOT NULL COMMENT 'Entity ID',
  `attribute_id` smallint(5) UNSIGNED NOT NULL COMMENT 'Attribute ID',
  `store_id` smallint(5) UNSIGNED NOT NULL COMMENT 'Store ID',
  `value` int(10) UNSIGNED NOT NULL COMMENT 'Value',
  `source_id` int(10) UNSIGNED NOT NULL DEFAULT 0 COMMENT 'Original entity ID for attribute value'
) ENGINE=InnoDB DEFAULT CHARSET=utf8 COMMENT='Catalog Product EAV Indexer Index Table';

-- --------------------------------------------------------

--
-- Table structure for table `catalog_product_index_eav_replica`
--

CREATE TABLE `catalog_product_index_eav_replica` (
  `entity_id` int(10) UNSIGNED NOT NULL COMMENT 'Entity ID',
  `attribute_id` smallint(5) UNSIGNED NOT NULL COMMENT 'Attribute ID',
  `store_id` smallint(5) UNSIGNED NOT NULL COMMENT 'Store ID',
  `value` int(10) UNSIGNED NOT NULL COMMENT 'Value',
  `source_id` int(10) UNSIGNED NOT NULL DEFAULT 0 COMMENT 'Original entity ID for attribute value'
) ENGINE=InnoDB DEFAULT CHARSET=utf8 COMMENT='Catalog Product EAV Index Table';

--
-- Dumping data for table `catalog_product_index_eav_replica`
--

INSERT INTO `catalog_product_index_eav_replica` (`entity_id`, `attribute_id`, `store_id`, `value`, `source_id`) VALUES
(6, 93, 1, 7, 6),
(6, 93, 1, 7, 19),
(6, 93, 1, 7, 20),
(6, 93, 1, 7, 21),
(6, 93, 1, 7, 22),
(6, 93, 1, 7, 23),
(6, 93, 1, 7, 24),
(6, 93, 1, 7, 25),
(6, 93, 1, 7, 26),
(6, 99, 1, 1, 19),
(6, 99, 1, 1, 20),
(6, 99, 1, 1, 21),
(6, 99, 1, 1, 22),
(6, 99, 1, 1, 23),
(6, 99, 1, 1, 24),
(6, 99, 1, 1, 25),
(6, 99, 1, 1, 26),
(6, 99, 1, 4, 6),
(6, 139, 1, 1, 6),
(6, 139, 1, 1, 19),
(6, 139, 1, 1, 20),
(6, 139, 1, 1, 21),
(6, 139, 1, 1, 22),
(6, 139, 1, 1, 23),
(6, 139, 1, 1, 24),
(6, 139, 1, 1, 25),
(6, 139, 1, 1, 26),
(6, 140, 1, 0, 6),
(6, 140, 1, 0, 19),
(6, 140, 1, 0, 20),
(6, 140, 1, 0, 21),
(6, 140, 1, 0, 22),
(6, 140, 1, 0, 23),
(6, 140, 1, 0, 24),
(6, 140, 1, 0, 25),
(6, 140, 1, 0, 26),
(6, 141, 1, 0, 6),
(6, 141, 1, 0, 19),
(6, 141, 1, 0, 20),
(6, 141, 1, 0, 21),
(6, 141, 1, 0, 22),
(6, 141, 1, 0, 23),
(6, 141, 1, 0, 24),
(6, 141, 1, 0, 25),
(6, 141, 1, 0, 26),
(6, 142, 1, 4, 6),
(6, 142, 1, 4, 19),
(6, 142, 1, 4, 20),
(6, 142, 1, 4, 21),
(6, 142, 1, 4, 22),
(6, 142, 1, 4, 23),
(6, 142, 1, 4, 24),
(6, 142, 1, 4, 25),
(6, 142, 1, 4, 26),
(6, 142, 1, 5, 6),
(6, 142, 1, 5, 19),
(6, 142, 1, 5, 20),
(6, 142, 1, 5, 21),
(6, 142, 1, 5, 22),
(6, 142, 1, 5, 23),
(6, 142, 1, 5, 24),
(6, 142, 1, 5, 25),
(6, 142, 1, 5, 26),
(7, 93, 1, 8, 7),
(7, 99, 1, 4, 7),
(7, 139, 1, 1, 7),
(7, 140, 1, 1, 7),
(7, 141, 1, 0, 7),
(7, 142, 1, 6, 7),
(8, 93, 1, 9, 8),
(8, 99, 1, 4, 8),
(8, 139, 1, 1, 8),
(8, 140, 1, 1, 8),
(8, 141, 1, 0, 8),
(8, 142, 1, 5, 8),
(10, 93, 1, 10, 10),
(10, 99, 1, 4, 10),
(10, 139, 1, 1, 10),
(10, 140, 1, 1, 10),
(10, 141, 1, 0, 10),
(10, 142, 1, 4, 10),
(10, 142, 1, 6, 10),
(11, 93, 1, 9, 11),
(11, 99, 1, 4, 11),
(11, 139, 1, 1, 11),
(11, 140, 1, 1, 11),
(11, 141, 1, 0, 11),
(11, 142, 1, 5, 11),
(12, 93, 1, 7, 12),
(12, 99, 1, 4, 12),
(12, 139, 1, 1, 12),
(12, 140, 1, 1, 12),
(12, 141, 1, 0, 12),
(12, 142, 1, 5, 12),
(17, 93, 1, 8, 17),
(17, 99, 1, 4, 17),
(17, 139, 1, 1, 17),
(17, 140, 1, 1, 17),
(17, 141, 1, 0, 17),
(17, 142, 1, 4, 17),
(18, 93, 1, 8, 18),
(18, 99, 1, 4, 18),
(18, 139, 1, 0, 18),
(18, 140, 1, 0, 18),
(18, 141, 1, 1, 18);

-- --------------------------------------------------------

--
-- Table structure for table `catalog_product_index_eav_tmp`
--

CREATE TABLE `catalog_product_index_eav_tmp` (
  `entity_id` int(10) UNSIGNED NOT NULL COMMENT 'Entity ID',
  `attribute_id` smallint(5) UNSIGNED NOT NULL COMMENT 'Attribute ID',
  `store_id` smallint(5) UNSIGNED NOT NULL COMMENT 'Store ID',
  `value` int(10) UNSIGNED NOT NULL COMMENT 'Value',
  `source_id` int(10) UNSIGNED NOT NULL DEFAULT 0 COMMENT 'Original entity ID for attribute value'
) ENGINE=InnoDB DEFAULT CHARSET=utf8 COMMENT='Catalog Product EAV Indexer Temp Table';

-- --------------------------------------------------------

--
-- Table structure for table `catalog_product_index_price`
--

CREATE TABLE `catalog_product_index_price` (
  `entity_id` int(10) UNSIGNED NOT NULL COMMENT 'Entity ID',
  `customer_group_id` int(10) UNSIGNED NOT NULL COMMENT 'Customer Group ID',
  `website_id` smallint(5) UNSIGNED NOT NULL COMMENT 'Website ID',
  `tax_class_id` smallint(5) UNSIGNED DEFAULT 0 COMMENT 'Tax Class ID',
  `price` decimal(20,6) DEFAULT NULL COMMENT 'Price',
  `final_price` decimal(20,6) DEFAULT NULL COMMENT 'Final Price',
  `min_price` decimal(20,6) DEFAULT NULL COMMENT 'Min Price',
  `max_price` decimal(20,6) DEFAULT NULL COMMENT 'Max Price',
  `tier_price` decimal(20,6) DEFAULT NULL COMMENT 'Tier Price'
) ENGINE=InnoDB DEFAULT CHARSET=utf8 COMMENT='Catalog Product Price Index Table';

--
-- Dumping data for table `catalog_product_index_price`
--

INSERT INTO `catalog_product_index_price` (`entity_id`, `customer_group_id`, `website_id`, `tax_class_id`, `price`, `final_price`, `min_price`, `max_price`, `tier_price`) VALUES
(6, 0, 1, 2, '0.000000', '0.000000', '199.000000', '399.000000', NULL),
(6, 1, 1, 2, '0.000000', '0.000000', '199.000000', '399.000000', NULL),
(6, 2, 1, 2, '0.000000', '0.000000', '199.000000', '399.000000', NULL),
(6, 3, 1, 2, '0.000000', '0.000000', '199.000000', '399.000000', NULL),
(7, 0, 1, 2, '685.000000', '685.000000', '685.000000', '685.000000', NULL),
(7, 1, 1, 2, '685.000000', '685.000000', '685.000000', '685.000000', NULL),
(7, 2, 1, 2, '685.000000', '685.000000', '685.000000', '685.000000', NULL),
(7, 3, 1, 2, '685.000000', '685.000000', '685.000000', '685.000000', NULL),
(8, 0, 1, 2, '1215.000000', '1215.000000', '1215.000000', '1215.000000', NULL),
(8, 1, 1, 2, '1215.000000', '1215.000000', '1215.000000', '1215.000000', NULL),
(8, 2, 1, 2, '1215.000000', '1215.000000', '1215.000000', '1215.000000', NULL),
(8, 3, 1, 2, '1215.000000', '1215.000000', '1215.000000', '1215.000000', NULL),
(10, 0, 1, 2, '248.990000', '248.990000', '248.990000', '248.990000', NULL),
(10, 1, 1, 2, '248.990000', '248.990000', '248.990000', '248.990000', NULL),
(10, 2, 1, 2, '248.990000', '248.990000', '248.990000', '248.990000', NULL),
(10, 3, 1, 2, '248.990000', '248.990000', '248.990000', '248.990000', NULL),
(11, 0, 1, 2, '559.000000', '559.000000', '559.000000', '559.000000', NULL),
(11, 1, 1, 2, '559.000000', '559.000000', '559.000000', '559.000000', NULL),
(11, 2, 1, 2, '559.000000', '559.000000', '559.000000', '559.000000', NULL),
(11, 3, 1, 2, '559.000000', '559.000000', '559.000000', '559.000000', NULL),
(12, 0, 1, 2, '1050.000000', '1050.000000', '1050.000000', '1050.000000', NULL),
(12, 1, 1, 2, '1050.000000', '1050.000000', '1050.000000', '1050.000000', NULL),
(12, 2, 1, 2, '1050.000000', '1050.000000', '1050.000000', '1050.000000', NULL),
(12, 3, 1, 2, '1050.000000', '1050.000000', '1050.000000', '1050.000000', NULL),
(17, 0, 1, 2, '1999.500000', '1999.500000', '1999.500000', '1999.500000', NULL),
(17, 1, 1, 2, '1999.500000', '1999.500000', '1999.500000', '1999.500000', NULL),
(17, 2, 1, 2, '1999.500000', '1999.500000', '1999.500000', '1999.500000', NULL),
(17, 3, 1, 2, '1999.500000', '1999.500000', '1999.500000', '1999.500000', NULL),
(18, 0, 1, 2, '79.000000', '79.000000', '79.000000', '79.000000', NULL),
(18, 1, 1, 2, '79.000000', '79.000000', '79.000000', '79.000000', NULL),
(18, 2, 1, 2, '79.000000', '79.000000', '79.000000', '79.000000', NULL),
(18, 3, 1, 2, '79.000000', '79.000000', '79.000000', '79.000000', NULL),
(19, 0, 1, 2, '199.000000', '199.000000', '199.000000', '199.000000', NULL),
(19, 1, 1, 2, '199.000000', '199.000000', '199.000000', '199.000000', NULL),
(19, 2, 1, 2, '199.000000', '199.000000', '199.000000', '199.000000', NULL),
(19, 3, 1, 2, '199.000000', '199.000000', '199.000000', '199.000000', NULL),
(20, 0, 1, 2, '205.000000', '205.000000', '205.000000', '205.000000', NULL),
(20, 1, 1, 2, '205.000000', '205.000000', '205.000000', '205.000000', NULL),
(20, 2, 1, 2, '205.000000', '205.000000', '205.000000', '205.000000', NULL),
(20, 3, 1, 2, '205.000000', '205.000000', '205.000000', '205.000000', NULL),
(21, 0, 1, 2, '220.000000', '220.000000', '220.000000', '220.000000', NULL),
(21, 1, 1, 2, '220.000000', '220.000000', '220.000000', '220.000000', NULL),
(21, 2, 1, 2, '220.000000', '220.000000', '220.000000', '220.000000', NULL),
(21, 3, 1, 2, '220.000000', '220.000000', '220.000000', '220.000000', NULL),
(22, 0, 1, 2, '399.000000', '399.000000', '399.000000', '399.000000', NULL),
(22, 1, 1, 2, '399.000000', '399.000000', '399.000000', '399.000000', NULL),
(22, 2, 1, 2, '399.000000', '399.000000', '399.000000', '399.000000', NULL),
(22, 3, 1, 2, '399.000000', '399.000000', '399.000000', '399.000000', NULL),
(23, 0, 1, 2, '250.000000', '250.000000', '250.000000', '250.000000', NULL),
(23, 1, 1, 2, '250.000000', '250.000000', '250.000000', '250.000000', NULL),
(23, 2, 1, 2, '250.000000', '250.000000', '250.000000', '250.000000', NULL),
(23, 3, 1, 2, '250.000000', '250.000000', '250.000000', '250.000000', NULL),
(24, 0, 1, 2, '199.000000', '199.000000', '199.000000', '199.000000', NULL),
(24, 1, 1, 2, '199.000000', '199.000000', '199.000000', '199.000000', NULL),
(24, 2, 1, 2, '199.000000', '199.000000', '199.000000', '199.000000', NULL),
(24, 3, 1, 2, '199.000000', '199.000000', '199.000000', '199.000000', NULL),
(25, 0, 1, 2, '206.000000', '206.000000', '206.000000', '206.000000', NULL),
(25, 1, 1, 2, '206.000000', '206.000000', '206.000000', '206.000000', NULL),
(25, 2, 1, 2, '206.000000', '206.000000', '206.000000', '206.000000', NULL),
(25, 3, 1, 2, '206.000000', '206.000000', '206.000000', '206.000000', NULL),
(26, 0, 1, 2, '288.000000', '288.000000', '288.000000', '288.000000', NULL),
(26, 1, 1, 2, '288.000000', '288.000000', '288.000000', '288.000000', NULL),
(26, 2, 1, 2, '288.000000', '288.000000', '288.000000', '288.000000', NULL),
(26, 3, 1, 2, '288.000000', '288.000000', '288.000000', '288.000000', NULL);

-- --------------------------------------------------------

--
-- Table structure for table `catalog_product_index_price_bundle_idx`
--

CREATE TABLE `catalog_product_index_price_bundle_idx` (
  `entity_id` int(10) UNSIGNED NOT NULL COMMENT 'Entity ID',
  `customer_group_id` int(11) NOT NULL,
  `website_id` smallint(5) UNSIGNED NOT NULL COMMENT 'Website ID',
  `tax_class_id` smallint(5) UNSIGNED DEFAULT 0 COMMENT 'Tax Class ID',
  `price_type` smallint(5) UNSIGNED NOT NULL COMMENT 'Price Type',
  `special_price` decimal(20,6) DEFAULT NULL COMMENT 'Special Price',
  `tier_percent` decimal(20,6) DEFAULT NULL COMMENT 'Tier Percent',
  `orig_price` decimal(20,6) DEFAULT NULL COMMENT 'Orig Price',
  `price` decimal(20,6) DEFAULT NULL COMMENT 'Price',
  `min_price` decimal(20,6) DEFAULT NULL COMMENT 'Min Price',
  `max_price` decimal(20,6) DEFAULT NULL COMMENT 'Max Price',
  `tier_price` decimal(20,6) DEFAULT NULL COMMENT 'Tier Price',
  `base_tier` decimal(20,6) DEFAULT NULL COMMENT 'Base Tier'
) ENGINE=InnoDB DEFAULT CHARSET=utf8 COMMENT='Catalog Product Index Price Bundle Idx';

-- --------------------------------------------------------

--
-- Table structure for table `catalog_product_index_price_bundle_opt_idx`
--

CREATE TABLE `catalog_product_index_price_bundle_opt_idx` (
  `entity_id` int(10) UNSIGNED NOT NULL COMMENT 'Entity ID',
  `customer_group_id` int(11) NOT NULL,
  `website_id` smallint(5) UNSIGNED NOT NULL COMMENT 'Website ID',
  `option_id` int(10) UNSIGNED NOT NULL DEFAULT 0 COMMENT 'Option ID',
  `min_price` decimal(20,6) DEFAULT NULL COMMENT 'Min Price',
  `alt_price` decimal(20,6) DEFAULT NULL COMMENT 'Alt Price',
  `max_price` decimal(20,6) DEFAULT NULL COMMENT 'Max Price',
  `tier_price` decimal(20,6) DEFAULT NULL COMMENT 'Tier Price',
  `alt_tier_price` decimal(20,6) DEFAULT NULL COMMENT 'Alt Tier Price'
) ENGINE=InnoDB DEFAULT CHARSET=utf8 COMMENT='Catalog Product Index Price Bundle Opt Idx';

-- --------------------------------------------------------

--
-- Table structure for table `catalog_product_index_price_bundle_opt_tmp`
--

CREATE TABLE `catalog_product_index_price_bundle_opt_tmp` (
  `entity_id` int(10) UNSIGNED NOT NULL COMMENT 'Entity ID',
  `customer_group_id` int(11) NOT NULL,
  `website_id` smallint(5) UNSIGNED NOT NULL COMMENT 'Website ID',
  `option_id` int(10) UNSIGNED NOT NULL DEFAULT 0 COMMENT 'Option ID',
  `min_price` decimal(20,6) DEFAULT NULL COMMENT 'Min Price',
  `alt_price` decimal(20,6) DEFAULT NULL COMMENT 'Alt Price',
  `max_price` decimal(20,6) DEFAULT NULL COMMENT 'Max Price',
  `tier_price` decimal(20,6) DEFAULT NULL COMMENT 'Tier Price',
  `alt_tier_price` decimal(20,6) DEFAULT NULL COMMENT 'Alt Tier Price'
) ENGINE=InnoDB DEFAULT CHARSET=utf8 COMMENT='Catalog Product Index Price Bundle Opt Tmp';

-- --------------------------------------------------------

--
-- Table structure for table `catalog_product_index_price_bundle_sel_idx`
--

CREATE TABLE `catalog_product_index_price_bundle_sel_idx` (
  `entity_id` int(10) UNSIGNED NOT NULL COMMENT 'Entity ID',
  `customer_group_id` int(11) NOT NULL,
  `website_id` smallint(5) UNSIGNED NOT NULL COMMENT 'Website ID',
  `option_id` int(10) UNSIGNED NOT NULL DEFAULT 0 COMMENT 'Option ID',
  `selection_id` int(10) UNSIGNED NOT NULL DEFAULT 0 COMMENT 'Selection ID',
  `group_type` smallint(5) UNSIGNED DEFAULT 0 COMMENT 'Group Type',
  `is_required` smallint(5) UNSIGNED DEFAULT 0 COMMENT 'Is Required',
  `price` decimal(20,6) DEFAULT NULL COMMENT 'Price',
  `tier_price` decimal(20,6) DEFAULT NULL COMMENT 'Tier Price'
) ENGINE=InnoDB DEFAULT CHARSET=utf8 COMMENT='Catalog Product Index Price Bundle Sel Idx';

-- --------------------------------------------------------

--
-- Table structure for table `catalog_product_index_price_bundle_sel_tmp`
--

CREATE TABLE `catalog_product_index_price_bundle_sel_tmp` (
  `entity_id` int(10) UNSIGNED NOT NULL COMMENT 'Entity ID',
  `customer_group_id` int(11) NOT NULL,
  `website_id` smallint(5) UNSIGNED NOT NULL COMMENT 'Website ID',
  `option_id` int(10) UNSIGNED NOT NULL DEFAULT 0 COMMENT 'Option ID',
  `selection_id` int(10) UNSIGNED NOT NULL DEFAULT 0 COMMENT 'Selection ID',
  `group_type` smallint(5) UNSIGNED DEFAULT 0 COMMENT 'Group Type',
  `is_required` smallint(5) UNSIGNED DEFAULT 0 COMMENT 'Is Required',
  `price` decimal(20,6) DEFAULT NULL COMMENT 'Price',
  `tier_price` decimal(20,6) DEFAULT NULL COMMENT 'Tier Price'
) ENGINE=InnoDB DEFAULT CHARSET=utf8 COMMENT='Catalog Product Index Price Bundle Sel Tmp';

-- --------------------------------------------------------

--
-- Table structure for table `catalog_product_index_price_bundle_tmp`
--

CREATE TABLE `catalog_product_index_price_bundle_tmp` (
  `entity_id` int(10) UNSIGNED NOT NULL COMMENT 'Entity ID',
  `customer_group_id` int(11) NOT NULL,
  `website_id` smallint(5) UNSIGNED NOT NULL COMMENT 'Website ID',
  `tax_class_id` smallint(5) UNSIGNED DEFAULT 0 COMMENT 'Tax Class ID',
  `price_type` smallint(5) UNSIGNED NOT NULL COMMENT 'Price Type',
  `special_price` decimal(20,6) DEFAULT NULL COMMENT 'Special Price',
  `tier_percent` decimal(20,6) DEFAULT NULL COMMENT 'Tier Percent',
  `orig_price` decimal(20,6) DEFAULT NULL COMMENT 'Orig Price',
  `price` decimal(20,6) DEFAULT NULL COMMENT 'Price',
  `min_price` decimal(20,6) DEFAULT NULL COMMENT 'Min Price',
  `max_price` decimal(20,6) DEFAULT NULL COMMENT 'Max Price',
  `tier_price` decimal(20,6) DEFAULT NULL COMMENT 'Tier Price',
  `base_tier` decimal(20,6) DEFAULT NULL COMMENT 'Base Tier'
) ENGINE=InnoDB DEFAULT CHARSET=utf8 COMMENT='Catalog Product Index Price Bundle Tmp';

-- --------------------------------------------------------

--
-- Table structure for table `catalog_product_index_price_cfg_opt_agr_idx`
--

CREATE TABLE `catalog_product_index_price_cfg_opt_agr_idx` (
  `parent_id` int(10) UNSIGNED NOT NULL COMMENT 'Parent ID',
  `child_id` int(10) UNSIGNED NOT NULL COMMENT 'Child ID',
  `customer_group_id` int(10) UNSIGNED NOT NULL DEFAULT 0 COMMENT 'Customer Group ID',
  `website_id` smallint(5) UNSIGNED NOT NULL COMMENT 'Website ID',
  `price` decimal(20,6) DEFAULT NULL COMMENT 'Price',
  `tier_price` decimal(20,6) DEFAULT NULL COMMENT 'Tier Price'
) ENGINE=InnoDB DEFAULT CHARSET=utf8 COMMENT='Catalog Product Price Indexer Config Option Aggregate Index Table';

-- --------------------------------------------------------

--
-- Table structure for table `catalog_product_index_price_cfg_opt_agr_tmp`
--

CREATE TABLE `catalog_product_index_price_cfg_opt_agr_tmp` (
  `parent_id` int(10) UNSIGNED NOT NULL COMMENT 'Parent ID',
  `child_id` int(10) UNSIGNED NOT NULL COMMENT 'Child ID',
  `customer_group_id` int(10) UNSIGNED NOT NULL DEFAULT 0 COMMENT 'Customer Group ID',
  `website_id` smallint(5) UNSIGNED NOT NULL COMMENT 'Website ID',
  `price` decimal(20,6) DEFAULT NULL COMMENT 'Price',
  `tier_price` decimal(20,6) DEFAULT NULL COMMENT 'Tier Price'
) ENGINE=InnoDB DEFAULT CHARSET=utf8 COMMENT='Catalog Product Price Indexer Config Option Aggregate Temp Table';

-- --------------------------------------------------------

--
-- Table structure for table `catalog_product_index_price_cfg_opt_idx`
--

CREATE TABLE `catalog_product_index_price_cfg_opt_idx` (
  `entity_id` int(10) UNSIGNED NOT NULL COMMENT 'Entity ID',
  `customer_group_id` int(10) UNSIGNED NOT NULL DEFAULT 0 COMMENT 'Customer Group ID',
  `website_id` smallint(5) UNSIGNED NOT NULL COMMENT 'Website ID',
  `min_price` decimal(20,6) DEFAULT NULL COMMENT 'Min Price',
  `max_price` decimal(20,6) DEFAULT NULL COMMENT 'Max Price',
  `tier_price` decimal(20,6) DEFAULT NULL COMMENT 'Tier Price'
) ENGINE=InnoDB DEFAULT CHARSET=utf8 COMMENT='Catalog Product Price Indexer Config Option Index Table';

-- --------------------------------------------------------

--
-- Table structure for table `catalog_product_index_price_cfg_opt_tmp`
--

CREATE TABLE `catalog_product_index_price_cfg_opt_tmp` (
  `entity_id` int(10) UNSIGNED NOT NULL COMMENT 'Entity ID',
  `customer_group_id` int(10) UNSIGNED NOT NULL DEFAULT 0 COMMENT 'Customer Group ID',
  `website_id` smallint(5) UNSIGNED NOT NULL COMMENT 'Website ID',
  `min_price` decimal(20,6) DEFAULT NULL COMMENT 'Min Price',
  `max_price` decimal(20,6) DEFAULT NULL COMMENT 'Max Price',
  `tier_price` decimal(20,6) DEFAULT NULL COMMENT 'Tier Price'
) ENGINE=InnoDB DEFAULT CHARSET=utf8 COMMENT='Catalog Product Price Indexer Config Option Temp Table';

-- --------------------------------------------------------

--
-- Table structure for table `catalog_product_index_price_downlod_idx`
--

CREATE TABLE `catalog_product_index_price_downlod_idx` (
  `entity_id` int(10) UNSIGNED NOT NULL COMMENT 'Entity ID',
  `customer_group_id` int(11) NOT NULL,
  `website_id` smallint(5) UNSIGNED NOT NULL COMMENT 'Website ID',
  `min_price` decimal(20,6) NOT NULL DEFAULT 0.000000 COMMENT 'Minimum price',
  `max_price` decimal(20,6) NOT NULL DEFAULT 0.000000 COMMENT 'Maximum price'
) ENGINE=InnoDB DEFAULT CHARSET=utf8 COMMENT='Indexer Table for price of downloadable products';

-- --------------------------------------------------------

--
-- Table structure for table `catalog_product_index_price_downlod_tmp`
--

CREATE TABLE `catalog_product_index_price_downlod_tmp` (
  `entity_id` int(10) UNSIGNED NOT NULL COMMENT 'Entity ID',
  `customer_group_id` int(11) NOT NULL,
  `website_id` smallint(5) UNSIGNED NOT NULL COMMENT 'Website ID',
  `min_price` decimal(20,6) NOT NULL DEFAULT 0.000000 COMMENT 'Minimum price',
  `max_price` decimal(20,6) NOT NULL DEFAULT 0.000000 COMMENT 'Maximum price'
) ENGINE=InnoDB DEFAULT CHARSET=utf8 COMMENT='Temporary Indexer Table for price of downloadable products';

-- --------------------------------------------------------

--
-- Table structure for table `catalog_product_index_price_final_idx`
--

CREATE TABLE `catalog_product_index_price_final_idx` (
  `entity_id` int(10) UNSIGNED NOT NULL COMMENT 'Entity ID',
  `customer_group_id` int(10) UNSIGNED NOT NULL DEFAULT 0 COMMENT 'Customer Group ID',
  `website_id` smallint(5) UNSIGNED NOT NULL COMMENT 'Website ID',
  `tax_class_id` smallint(5) UNSIGNED DEFAULT 0 COMMENT 'Tax Class ID',
  `orig_price` decimal(20,6) DEFAULT NULL COMMENT 'Original Price',
  `price` decimal(20,6) DEFAULT NULL COMMENT 'Price',
  `min_price` decimal(20,6) DEFAULT NULL COMMENT 'Min Price',
  `max_price` decimal(20,6) DEFAULT NULL COMMENT 'Max Price',
  `tier_price` decimal(20,6) DEFAULT NULL COMMENT 'Tier Price',
  `base_tier` decimal(20,6) DEFAULT NULL COMMENT 'Base Tier'
) ENGINE=InnoDB DEFAULT CHARSET=utf8 COMMENT='Catalog Product Price Indexer Final Index Table';

-- --------------------------------------------------------

--
-- Table structure for table `catalog_product_index_price_final_tmp`
--

CREATE TABLE `catalog_product_index_price_final_tmp` (
  `entity_id` int(10) UNSIGNED NOT NULL COMMENT 'Entity ID',
  `customer_group_id` int(10) UNSIGNED NOT NULL DEFAULT 0 COMMENT 'Customer Group ID',
  `website_id` smallint(5) UNSIGNED NOT NULL COMMENT 'Website ID',
  `tax_class_id` smallint(5) UNSIGNED DEFAULT 0 COMMENT 'Tax Class ID',
  `orig_price` decimal(20,6) DEFAULT NULL COMMENT 'Original Price',
  `price` decimal(20,6) DEFAULT NULL COMMENT 'Price',
  `min_price` decimal(20,6) DEFAULT NULL COMMENT 'Min Price',
  `max_price` decimal(20,6) DEFAULT NULL COMMENT 'Max Price',
  `tier_price` decimal(20,6) DEFAULT NULL COMMENT 'Tier Price',
  `base_tier` decimal(20,6) DEFAULT NULL COMMENT 'Base Tier'
) ENGINE=InnoDB DEFAULT CHARSET=utf8 COMMENT='Catalog Product Price Indexer Final Temp Table';

-- --------------------------------------------------------

--
-- Table structure for table `catalog_product_index_price_idx`
--

CREATE TABLE `catalog_product_index_price_idx` (
  `entity_id` int(10) UNSIGNED NOT NULL COMMENT 'Entity ID',
  `customer_group_id` int(10) UNSIGNED NOT NULL DEFAULT 0 COMMENT 'Customer Group ID',
  `website_id` smallint(5) UNSIGNED NOT NULL COMMENT 'Website ID',
  `tax_class_id` smallint(5) UNSIGNED DEFAULT 0 COMMENT 'Tax Class ID',
  `price` decimal(20,6) DEFAULT NULL COMMENT 'Price',
  `final_price` decimal(20,6) DEFAULT NULL COMMENT 'Final Price',
  `min_price` decimal(20,6) DEFAULT NULL COMMENT 'Min Price',
  `max_price` decimal(20,6) DEFAULT NULL COMMENT 'Max Price',
  `tier_price` decimal(20,6) DEFAULT NULL COMMENT 'Tier Price'
) ENGINE=InnoDB DEFAULT CHARSET=utf8 COMMENT='Catalog Product Price Indexer Index Table';

-- --------------------------------------------------------

--
-- Table structure for table `catalog_product_index_price_opt_agr_idx`
--

CREATE TABLE `catalog_product_index_price_opt_agr_idx` (
  `entity_id` int(10) UNSIGNED NOT NULL COMMENT 'Entity ID',
  `customer_group_id` int(10) UNSIGNED NOT NULL DEFAULT 0 COMMENT 'Customer Group ID',
  `website_id` smallint(5) UNSIGNED NOT NULL COMMENT 'Website ID',
  `option_id` int(10) UNSIGNED NOT NULL DEFAULT 0 COMMENT 'Option ID',
  `min_price` decimal(20,6) DEFAULT NULL COMMENT 'Min Price',
  `max_price` decimal(20,6) DEFAULT NULL COMMENT 'Max Price',
  `tier_price` decimal(20,6) DEFAULT NULL COMMENT 'Tier Price'
) ENGINE=InnoDB DEFAULT CHARSET=utf8 COMMENT='Catalog Product Price Indexer Option Aggregate Index Table';

-- --------------------------------------------------------

--
-- Table structure for table `catalog_product_index_price_opt_agr_tmp`
--

CREATE TABLE `catalog_product_index_price_opt_agr_tmp` (
  `entity_id` int(10) UNSIGNED NOT NULL COMMENT 'Entity ID',
  `customer_group_id` int(10) UNSIGNED NOT NULL DEFAULT 0 COMMENT 'Customer Group ID',
  `website_id` smallint(5) UNSIGNED NOT NULL COMMENT 'Website ID',
  `option_id` int(10) UNSIGNED NOT NULL DEFAULT 0 COMMENT 'Option ID',
  `min_price` decimal(20,6) DEFAULT NULL COMMENT 'Min Price',
  `max_price` decimal(20,6) DEFAULT NULL COMMENT 'Max Price',
  `tier_price` decimal(20,6) DEFAULT NULL COMMENT 'Tier Price'
) ENGINE=InnoDB DEFAULT CHARSET=utf8 COMMENT='Catalog Product Price Indexer Option Aggregate Temp Table';

-- --------------------------------------------------------

--
-- Table structure for table `catalog_product_index_price_opt_idx`
--

CREATE TABLE `catalog_product_index_price_opt_idx` (
  `entity_id` int(10) UNSIGNED NOT NULL COMMENT 'Entity ID',
  `customer_group_id` int(10) UNSIGNED NOT NULL DEFAULT 0 COMMENT 'Customer Group ID',
  `website_id` smallint(5) UNSIGNED NOT NULL COMMENT 'Website ID',
  `min_price` decimal(20,6) DEFAULT NULL COMMENT 'Min Price',
  `max_price` decimal(20,6) DEFAULT NULL COMMENT 'Max Price',
  `tier_price` decimal(20,6) DEFAULT NULL COMMENT 'Tier Price'
) ENGINE=InnoDB DEFAULT CHARSET=utf8 COMMENT='Catalog Product Price Indexer Option Index Table';

-- --------------------------------------------------------

--
-- Table structure for table `catalog_product_index_price_opt_tmp`
--

CREATE TABLE `catalog_product_index_price_opt_tmp` (
  `entity_id` int(10) UNSIGNED NOT NULL COMMENT 'Entity ID',
  `customer_group_id` int(10) UNSIGNED NOT NULL DEFAULT 0 COMMENT 'Customer Group ID',
  `website_id` smallint(5) UNSIGNED NOT NULL COMMENT 'Website ID',
  `min_price` decimal(20,6) DEFAULT NULL COMMENT 'Min Price',
  `max_price` decimal(20,6) DEFAULT NULL COMMENT 'Max Price',
  `tier_price` decimal(20,6) DEFAULT NULL COMMENT 'Tier Price'
) ENGINE=InnoDB DEFAULT CHARSET=utf8 COMMENT='Catalog Product Price Indexer Option Temp Table';

-- --------------------------------------------------------

--
-- Table structure for table `catalog_product_index_price_replica`
--

CREATE TABLE `catalog_product_index_price_replica` (
  `entity_id` int(10) UNSIGNED NOT NULL COMMENT 'Entity ID',
  `customer_group_id` int(10) UNSIGNED NOT NULL COMMENT 'Customer Group ID',
  `website_id` smallint(5) UNSIGNED NOT NULL COMMENT 'Website ID',
  `tax_class_id` smallint(5) UNSIGNED DEFAULT 0 COMMENT 'Tax Class ID',
  `price` decimal(20,6) DEFAULT NULL COMMENT 'Price',
  `final_price` decimal(20,6) DEFAULT NULL COMMENT 'Final Price',
  `min_price` decimal(20,6) DEFAULT NULL COMMENT 'Min Price',
  `max_price` decimal(20,6) DEFAULT NULL COMMENT 'Max Price',
  `tier_price` decimal(20,6) DEFAULT NULL COMMENT 'Tier Price'
) ENGINE=InnoDB DEFAULT CHARSET=utf8 COMMENT='Catalog Product Price Index Table';

--
-- Dumping data for table `catalog_product_index_price_replica`
--

INSERT INTO `catalog_product_index_price_replica` (`entity_id`, `customer_group_id`, `website_id`, `tax_class_id`, `price`, `final_price`, `min_price`, `max_price`, `tier_price`) VALUES
(6, 0, 1, 2, '0.000000', '0.000000', '199.000000', '399.000000', NULL),
(6, 1, 1, 2, '0.000000', '0.000000', '199.000000', '399.000000', NULL),
(6, 2, 1, 2, '0.000000', '0.000000', '199.000000', '399.000000', NULL),
(6, 3, 1, 2, '0.000000', '0.000000', '199.000000', '399.000000', NULL),
(7, 0, 1, 2, '685.000000', '685.000000', '685.000000', '685.000000', NULL),
(7, 1, 1, 2, '685.000000', '685.000000', '685.000000', '685.000000', NULL),
(7, 2, 1, 2, '685.000000', '685.000000', '685.000000', '685.000000', NULL),
(7, 3, 1, 2, '685.000000', '685.000000', '685.000000', '685.000000', NULL),
(8, 0, 1, 2, '1215.000000', '1215.000000', '1215.000000', '1215.000000', NULL),
(8, 1, 1, 2, '1215.000000', '1215.000000', '1215.000000', '1215.000000', NULL),
(8, 2, 1, 2, '1215.000000', '1215.000000', '1215.000000', '1215.000000', NULL),
(8, 3, 1, 2, '1215.000000', '1215.000000', '1215.000000', '1215.000000', NULL),
(10, 0, 1, 2, '248.990000', '248.990000', '248.990000', '248.990000', NULL),
(10, 1, 1, 2, '248.990000', '248.990000', '248.990000', '248.990000', NULL),
(10, 2, 1, 2, '248.990000', '248.990000', '248.990000', '248.990000', NULL),
(10, 3, 1, 2, '248.990000', '248.990000', '248.990000', '248.990000', NULL),
(11, 0, 1, 2, '559.000000', '559.000000', '559.000000', '559.000000', NULL),
(11, 1, 1, 2, '559.000000', '559.000000', '559.000000', '559.000000', NULL),
(11, 2, 1, 2, '559.000000', '559.000000', '559.000000', '559.000000', NULL),
(11, 3, 1, 2, '559.000000', '559.000000', '559.000000', '559.000000', NULL),
(12, 0, 1, 2, '1050.000000', '1050.000000', '1050.000000', '1050.000000', NULL),
(12, 1, 1, 2, '1050.000000', '1050.000000', '1050.000000', '1050.000000', NULL),
(12, 2, 1, 2, '1050.000000', '1050.000000', '1050.000000', '1050.000000', NULL),
(12, 3, 1, 2, '1050.000000', '1050.000000', '1050.000000', '1050.000000', NULL),
(17, 0, 1, 2, '1999.500000', '1999.500000', '1999.500000', '1999.500000', NULL),
(17, 1, 1, 2, '1999.500000', '1999.500000', '1999.500000', '1999.500000', NULL),
(17, 2, 1, 2, '1999.500000', '1999.500000', '1999.500000', '1999.500000', NULL),
(17, 3, 1, 2, '1999.500000', '1999.500000', '1999.500000', '1999.500000', NULL),
(18, 0, 1, 2, '79.000000', '79.000000', '79.000000', '79.000000', NULL),
(18, 1, 1, 2, '79.000000', '79.000000', '79.000000', '79.000000', NULL),
(18, 2, 1, 2, '79.000000', '79.000000', '79.000000', '79.000000', NULL),
(18, 3, 1, 2, '79.000000', '79.000000', '79.000000', '79.000000', NULL),
(19, 0, 1, 2, '199.000000', '199.000000', '199.000000', '199.000000', NULL),
(19, 1, 1, 2, '199.000000', '199.000000', '199.000000', '199.000000', NULL),
(19, 2, 1, 2, '199.000000', '199.000000', '199.000000', '199.000000', NULL),
(19, 3, 1, 2, '199.000000', '199.000000', '199.000000', '199.000000', NULL),
(20, 0, 1, 2, '205.000000', '205.000000', '205.000000', '205.000000', NULL),
(20, 1, 1, 2, '205.000000', '205.000000', '205.000000', '205.000000', NULL),
(20, 2, 1, 2, '205.000000', '205.000000', '205.000000', '205.000000', NULL),
(20, 3, 1, 2, '205.000000', '205.000000', '205.000000', '205.000000', NULL),
(21, 0, 1, 2, '220.000000', '220.000000', '220.000000', '220.000000', NULL),
(21, 1, 1, 2, '220.000000', '220.000000', '220.000000', '220.000000', NULL),
(21, 2, 1, 2, '220.000000', '220.000000', '220.000000', '220.000000', NULL),
(21, 3, 1, 2, '220.000000', '220.000000', '220.000000', '220.000000', NULL),
(22, 0, 1, 2, '399.000000', '399.000000', '399.000000', '399.000000', NULL),
(22, 1, 1, 2, '399.000000', '399.000000', '399.000000', '399.000000', NULL),
(22, 2, 1, 2, '399.000000', '399.000000', '399.000000', '399.000000', NULL),
(22, 3, 1, 2, '399.000000', '399.000000', '399.000000', '399.000000', NULL),
(23, 0, 1, 2, '250.000000', '250.000000', '250.000000', '250.000000', NULL),
(23, 1, 1, 2, '250.000000', '250.000000', '250.000000', '250.000000', NULL),
(23, 2, 1, 2, '250.000000', '250.000000', '250.000000', '250.000000', NULL),
(23, 3, 1, 2, '250.000000', '250.000000', '250.000000', '250.000000', NULL),
(24, 0, 1, 2, '199.000000', '199.000000', '199.000000', '199.000000', NULL),
(24, 1, 1, 2, '199.000000', '199.000000', '199.000000', '199.000000', NULL),
(24, 2, 1, 2, '199.000000', '199.000000', '199.000000', '199.000000', NULL),
(24, 3, 1, 2, '199.000000', '199.000000', '199.000000', '199.000000', NULL),
(25, 0, 1, 2, '206.000000', '206.000000', '206.000000', '206.000000', NULL),
(25, 1, 1, 2, '206.000000', '206.000000', '206.000000', '206.000000', NULL),
(25, 2, 1, 2, '206.000000', '206.000000', '206.000000', '206.000000', NULL),
(25, 3, 1, 2, '206.000000', '206.000000', '206.000000', '206.000000', NULL),
(26, 0, 1, 2, '288.000000', '288.000000', '288.000000', '288.000000', NULL),
(26, 1, 1, 2, '288.000000', '288.000000', '288.000000', '288.000000', NULL),
(26, 2, 1, 2, '288.000000', '288.000000', '288.000000', '288.000000', NULL),
(26, 3, 1, 2, '288.000000', '288.000000', '288.000000', '288.000000', NULL);

-- --------------------------------------------------------

--
-- Table structure for table `catalog_product_index_price_tmp`
--

CREATE TABLE `catalog_product_index_price_tmp` (
  `entity_id` int(10) UNSIGNED NOT NULL COMMENT 'Product ID',
  `customer_group_id` int(10) UNSIGNED NOT NULL DEFAULT 0 COMMENT 'Customer Group ID',
  `website_id` smallint(5) UNSIGNED NOT NULL COMMENT 'Website ID',
  `tax_class_id` smallint(5) UNSIGNED DEFAULT 0 COMMENT 'Tax Class ID',
  `price` decimal(20,6) DEFAULT NULL COMMENT 'Price',
  `final_price` decimal(20,6) DEFAULT NULL COMMENT 'Final Price',
  `min_price` decimal(20,6) DEFAULT NULL COMMENT 'Min Price',
  `max_price` decimal(20,6) DEFAULT NULL COMMENT 'Max Price',
  `tier_price` decimal(20,6) DEFAULT NULL COMMENT 'Tier Price',
  `id` int(10) UNSIGNED NOT NULL COMMENT 'ID'
) ENGINE=InnoDB DEFAULT CHARSET=utf8 COMMENT='Catalog Product Price Indexer Temp Table';

-- --------------------------------------------------------

--
-- Table structure for table `catalog_product_index_tier_price`
--

CREATE TABLE `catalog_product_index_tier_price` (
  `entity_id` int(10) UNSIGNED NOT NULL COMMENT 'Entity ID',
  `customer_group_id` int(10) UNSIGNED NOT NULL COMMENT 'Customer Group ID',
  `website_id` smallint(5) UNSIGNED NOT NULL COMMENT 'Website ID',
  `min_price` decimal(20,6) DEFAULT NULL COMMENT 'Min Price'
) ENGINE=InnoDB DEFAULT CHARSET=utf8 COMMENT='Catalog Product Tier Price Index Table';

-- --------------------------------------------------------

--
-- Table structure for table `catalog_product_index_website`
--

CREATE TABLE `catalog_product_index_website` (
  `website_id` smallint(5) UNSIGNED NOT NULL COMMENT 'Website ID',
  `default_store_id` smallint(5) UNSIGNED NOT NULL COMMENT 'Default store ID for website',
  `website_date` date DEFAULT NULL COMMENT 'Website Date',
  `rate` float DEFAULT 1 COMMENT 'Rate'
) ENGINE=InnoDB DEFAULT CHARSET=utf8 COMMENT='Catalog Product Website Index Table';

--
-- Dumping data for table `catalog_product_index_website`
--

INSERT INTO `catalog_product_index_website` (`website_id`, `default_store_id`, `website_date`, `rate`) VALUES
(1, 1, '2023-05-04', 1);

-- --------------------------------------------------------

--
-- Table structure for table `catalog_product_link`
--

CREATE TABLE `catalog_product_link` (
  `link_id` int(10) UNSIGNED NOT NULL COMMENT 'Link ID',
  `product_id` int(10) UNSIGNED NOT NULL DEFAULT 0 COMMENT 'Product ID',
  `linked_product_id` int(10) UNSIGNED NOT NULL DEFAULT 0 COMMENT 'Linked Product ID',
  `link_type_id` smallint(5) UNSIGNED NOT NULL DEFAULT 0 COMMENT 'Link Type ID'
) ENGINE=InnoDB DEFAULT CHARSET=utf8 COMMENT='Catalog Product To Product Linkage Table';

--
-- Dumping data for table `catalog_product_link`
--

INSERT INTO `catalog_product_link` (`link_id`, `product_id`, `linked_product_id`, `link_type_id`) VALUES
(14, 6, 7, 1),
(15, 6, 8, 1),
(16, 6, 10, 1),
(17, 6, 11, 1),
(18, 6, 12, 1),
(19, 6, 21, 1),
(20, 8, 6, 1),
(21, 8, 7, 1),
(22, 8, 10, 1),
(23, 8, 11, 1),
(24, 8, 12, 1),
(25, 8, 17, 1),
(26, 8, 18, 1);

--
-- Triggers `catalog_product_link`
--
DELIMITER $$
CREATE TRIGGER `trg_catalog_product_link_after_delete` AFTER DELETE ON `catalog_product_link` FOR EACH ROW BEGIN
INSERT IGNORE INTO `catalogsearch_fulltext_cl` (`entity_id`) VALUES (OLD.`product_id`);
INSERT IGNORE INTO `catalog_product_attribute_cl` (`entity_id`) VALUES (OLD.`product_id`);
INSERT IGNORE INTO `cataloginventory_stock_cl` (`entity_id`) VALUES (OLD.`product_id`);
INSERT IGNORE INTO `catalogrule_product_cl` (`entity_id`) VALUES (OLD.`product_id`);
INSERT IGNORE INTO `catalog_product_price_cl` (`entity_id`) VALUES (OLD.`product_id`);
END
$$
DELIMITER ;
DELIMITER $$
CREATE TRIGGER `trg_catalog_product_link_after_insert` AFTER INSERT ON `catalog_product_link` FOR EACH ROW BEGIN
INSERT IGNORE INTO `catalogsearch_fulltext_cl` (`entity_id`) VALUES (NEW.`product_id`);
INSERT IGNORE INTO `catalog_product_attribute_cl` (`entity_id`) VALUES (NEW.`product_id`);
INSERT IGNORE INTO `cataloginventory_stock_cl` (`entity_id`) VALUES (NEW.`product_id`);
INSERT IGNORE INTO `catalogrule_product_cl` (`entity_id`) VALUES (NEW.`product_id`);
INSERT IGNORE INTO `catalog_product_price_cl` (`entity_id`) VALUES (NEW.`product_id`);
END
$$
DELIMITER ;
DELIMITER $$
CREATE TRIGGER `trg_catalog_product_link_after_update` AFTER UPDATE ON `catalog_product_link` FOR EACH ROW BEGIN
IF (NOT(NEW.`link_id` <=> OLD.`link_id`) OR NOT(NEW.`product_id` <=> OLD.`product_id`) OR NOT(NEW.`linked_product_id` <=> OLD.`linked_product_id`) OR NOT(NEW.`link_type_id` <=> OLD.`link_type_id`)) THEN INSERT IGNORE INTO `catalogsearch_fulltext_cl` (`entity_id`) VALUES (NEW.`product_id`); END IF;
IF (NOT(NEW.`link_id` <=> OLD.`link_id`) OR NOT(NEW.`product_id` <=> OLD.`product_id`) OR NOT(NEW.`linked_product_id` <=> OLD.`linked_product_id`) OR NOT(NEW.`link_type_id` <=> OLD.`link_type_id`)) THEN INSERT IGNORE INTO `catalog_product_attribute_cl` (`entity_id`) VALUES (NEW.`product_id`); END IF;
IF (NOT(NEW.`link_id` <=> OLD.`link_id`) OR NOT(NEW.`product_id` <=> OLD.`product_id`) OR NOT(NEW.`linked_product_id` <=> OLD.`linked_product_id`) OR NOT(NEW.`link_type_id` <=> OLD.`link_type_id`)) THEN INSERT IGNORE INTO `cataloginventory_stock_cl` (`entity_id`) VALUES (NEW.`product_id`); END IF;
IF (NOT(NEW.`link_id` <=> OLD.`link_id`) OR NOT(NEW.`product_id` <=> OLD.`product_id`) OR NOT(NEW.`linked_product_id` <=> OLD.`linked_product_id`) OR NOT(NEW.`link_type_id` <=> OLD.`link_type_id`)) THEN INSERT IGNORE INTO `catalogrule_product_cl` (`entity_id`) VALUES (NEW.`product_id`); END IF;
IF (NOT(NEW.`link_id` <=> OLD.`link_id`) OR NOT(NEW.`product_id` <=> OLD.`product_id`) OR NOT(NEW.`linked_product_id` <=> OLD.`linked_product_id`) OR NOT(NEW.`link_type_id` <=> OLD.`link_type_id`)) THEN INSERT IGNORE INTO `catalog_product_price_cl` (`entity_id`) VALUES (NEW.`product_id`); END IF;
END
$$
DELIMITER ;

-- --------------------------------------------------------

--
-- Table structure for table `catalog_product_link_attribute`
--

CREATE TABLE `catalog_product_link_attribute` (
  `product_link_attribute_id` smallint(5) UNSIGNED NOT NULL COMMENT 'Product Link Attribute ID',
  `link_type_id` smallint(5) UNSIGNED NOT NULL DEFAULT 0 COMMENT 'Link Type ID',
  `product_link_attribute_code` varchar(32) DEFAULT NULL COMMENT 'Product Link Attribute Code',
  `data_type` varchar(32) DEFAULT NULL COMMENT 'Data Type'
) ENGINE=InnoDB DEFAULT CHARSET=utf8 COMMENT='Catalog Product Link Attribute Table';

--
-- Dumping data for table `catalog_product_link_attribute`
--

INSERT INTO `catalog_product_link_attribute` (`product_link_attribute_id`, `link_type_id`, `product_link_attribute_code`, `data_type`) VALUES
(1, 1, 'position', 'int'),
(2, 4, 'position', 'int'),
(3, 5, 'position', 'int'),
(4, 3, 'position', 'int'),
(5, 3, 'qty', 'decimal');

-- --------------------------------------------------------

--
-- Table structure for table `catalog_product_link_attribute_decimal`
--

CREATE TABLE `catalog_product_link_attribute_decimal` (
  `value_id` int(10) UNSIGNED NOT NULL COMMENT 'Value ID',
  `product_link_attribute_id` smallint(5) UNSIGNED DEFAULT NULL COMMENT 'Product Link Attribute ID',
  `link_id` int(10) UNSIGNED NOT NULL COMMENT 'Link ID',
  `value` decimal(20,6) NOT NULL DEFAULT 0.000000 COMMENT 'Value'
) ENGINE=InnoDB DEFAULT CHARSET=utf8 COMMENT='Catalog Product Link Decimal Attribute Table';

-- --------------------------------------------------------

--
-- Table structure for table `catalog_product_link_attribute_int`
--

CREATE TABLE `catalog_product_link_attribute_int` (
  `value_id` int(10) UNSIGNED NOT NULL COMMENT 'Value ID',
  `product_link_attribute_id` smallint(5) UNSIGNED DEFAULT NULL COMMENT 'Product Link Attribute ID',
  `link_id` int(10) UNSIGNED NOT NULL COMMENT 'Link ID',
  `value` int(11) NOT NULL DEFAULT 0 COMMENT 'Value'
) ENGINE=InnoDB DEFAULT CHARSET=utf8 COMMENT='Catalog Product Link Integer Attribute Table';

--
-- Dumping data for table `catalog_product_link_attribute_int`
--

INSERT INTO `catalog_product_link_attribute_int` (`value_id`, `product_link_attribute_id`, `link_id`, `value`) VALUES
(14, 1, 14, 1),
(15, 1, 15, 2),
(16, 1, 16, 3),
(17, 1, 17, 4),
(18, 1, 18, 5),
(19, 1, 19, 6),
(20, 1, 20, 1),
(21, 1, 21, 2),
(22, 1, 22, 3),
(23, 1, 23, 4),
(24, 1, 24, 5),
(25, 1, 25, 6),
(26, 1, 26, 7);

-- --------------------------------------------------------

--
-- Table structure for table `catalog_product_link_attribute_varchar`
--

CREATE TABLE `catalog_product_link_attribute_varchar` (
  `value_id` int(10) UNSIGNED NOT NULL COMMENT 'Value ID',
  `product_link_attribute_id` smallint(5) UNSIGNED NOT NULL DEFAULT 0 COMMENT 'Product Link Attribute ID',
  `link_id` int(10) UNSIGNED NOT NULL COMMENT 'Link ID',
  `value` varchar(255) DEFAULT NULL COMMENT 'Value'
) ENGINE=InnoDB DEFAULT CHARSET=utf8 COMMENT='Catalog Product Link Varchar Attribute Table';

-- --------------------------------------------------------

--
-- Table structure for table `catalog_product_link_type`
--

CREATE TABLE `catalog_product_link_type` (
  `link_type_id` smallint(5) UNSIGNED NOT NULL COMMENT 'Link Type ID',
  `code` varchar(32) DEFAULT NULL COMMENT 'Code'
) ENGINE=InnoDB DEFAULT CHARSET=utf8 COMMENT='Catalog Product Link Type Table';

--
-- Dumping data for table `catalog_product_link_type`
--

INSERT INTO `catalog_product_link_type` (`link_type_id`, `code`) VALUES
(1, 'relation'),
(3, 'super'),
(4, 'up_sell'),
(5, 'cross_sell');

-- --------------------------------------------------------

--
-- Table structure for table `catalog_product_option`
--

CREATE TABLE `catalog_product_option` (
  `option_id` int(10) UNSIGNED NOT NULL COMMENT 'Option ID',
  `product_id` int(10) UNSIGNED NOT NULL DEFAULT 0 COMMENT 'Product ID',
  `type` varchar(50) DEFAULT NULL COMMENT 'Type',
  `is_require` smallint(6) NOT NULL DEFAULT 1 COMMENT 'Is Required',
  `sku` varchar(64) DEFAULT NULL COMMENT 'SKU',
  `max_characters` int(10) UNSIGNED DEFAULT NULL COMMENT 'Max Characters',
  `file_extension` varchar(50) DEFAULT NULL COMMENT 'File Extension',
  `image_size_x` smallint(5) UNSIGNED DEFAULT NULL COMMENT 'Image Size X',
  `image_size_y` smallint(5) UNSIGNED DEFAULT NULL COMMENT 'Image Size Y',
  `sort_order` int(10) UNSIGNED NOT NULL DEFAULT 0 COMMENT 'Sort Order'
) ENGINE=InnoDB DEFAULT CHARSET=utf8 COMMENT='Catalog Product Option Table';

-- --------------------------------------------------------

--
-- Table structure for table `catalog_product_option_price`
--

CREATE TABLE `catalog_product_option_price` (
  `option_price_id` int(10) UNSIGNED NOT NULL COMMENT 'Option Price ID',
  `option_id` int(10) UNSIGNED NOT NULL DEFAULT 0 COMMENT 'Option ID',
  `store_id` smallint(5) UNSIGNED NOT NULL DEFAULT 0 COMMENT 'Store ID',
  `price` decimal(20,6) NOT NULL DEFAULT 0.000000 COMMENT 'Price',
  `price_type` varchar(7) NOT NULL DEFAULT 'fixed' COMMENT 'Price Type'
) ENGINE=InnoDB DEFAULT CHARSET=utf8 COMMENT='Catalog Product Option Price Table';

-- --------------------------------------------------------

--
-- Table structure for table `catalog_product_option_title`
--

CREATE TABLE `catalog_product_option_title` (
  `option_title_id` int(10) UNSIGNED NOT NULL COMMENT 'Option Title ID',
  `option_id` int(10) UNSIGNED NOT NULL DEFAULT 0 COMMENT 'Option ID',
  `store_id` smallint(5) UNSIGNED NOT NULL DEFAULT 0 COMMENT 'Store ID',
  `title` varchar(255) DEFAULT NULL COMMENT 'Title'
) ENGINE=InnoDB DEFAULT CHARSET=utf8 COMMENT='Catalog Product Option Title Table';

-- --------------------------------------------------------

--
-- Table structure for table `catalog_product_option_type_price`
--

CREATE TABLE `catalog_product_option_type_price` (
  `option_type_price_id` int(10) UNSIGNED NOT NULL COMMENT 'Option Type Price ID',
  `option_type_id` int(10) UNSIGNED NOT NULL DEFAULT 0 COMMENT 'Option Type ID',
  `store_id` smallint(5) UNSIGNED NOT NULL DEFAULT 0 COMMENT 'Store ID',
  `price` decimal(20,6) NOT NULL DEFAULT 0.000000 COMMENT 'Price',
  `price_type` varchar(7) NOT NULL DEFAULT 'fixed' COMMENT 'Price Type'
) ENGINE=InnoDB DEFAULT CHARSET=utf8 COMMENT='Catalog Product Option Type Price Table';

-- --------------------------------------------------------

--
-- Table structure for table `catalog_product_option_type_title`
--

CREATE TABLE `catalog_product_option_type_title` (
  `option_type_title_id` int(10) UNSIGNED NOT NULL COMMENT 'Option Type Title ID',
  `option_type_id` int(10) UNSIGNED NOT NULL DEFAULT 0 COMMENT 'Option Type ID',
  `store_id` smallint(5) UNSIGNED NOT NULL DEFAULT 0 COMMENT 'Store ID',
  `title` varchar(255) DEFAULT NULL COMMENT 'Title'
) ENGINE=InnoDB DEFAULT CHARSET=utf8 COMMENT='Catalog Product Option Type Title Table';

-- --------------------------------------------------------

--
-- Table structure for table `catalog_product_option_type_value`
--

CREATE TABLE `catalog_product_option_type_value` (
  `option_type_id` int(10) UNSIGNED NOT NULL COMMENT 'Option Type ID',
  `option_id` int(10) UNSIGNED NOT NULL DEFAULT 0 COMMENT 'Option ID',
  `sku` varchar(64) DEFAULT NULL COMMENT 'SKU',
  `sort_order` int(10) UNSIGNED NOT NULL DEFAULT 0 COMMENT 'Sort Order'
) ENGINE=InnoDB DEFAULT CHARSET=utf8 COMMENT='Catalog Product Option Type Value Table';

-- --------------------------------------------------------

--
-- Table structure for table `catalog_product_price_cl`
--

CREATE TABLE `catalog_product_price_cl` (
  `version_id` int(10) UNSIGNED NOT NULL COMMENT 'Version ID',
  `entity_id` int(10) UNSIGNED NOT NULL DEFAULT 0 COMMENT 'Entity ID'
) ENGINE=InnoDB DEFAULT CHARSET=utf8 COMMENT='catalog_product_price_cl';

--
-- Dumping data for table `catalog_product_price_cl`
--

INSERT INTO `catalog_product_price_cl` (`version_id`, `entity_id`) VALUES
(19, 6),
(20, 6),
(21, 6),
(22, 6),
(23, 6),
(24, 6),
(25, 6),
(26, 6),
(27, 6),
(28, 6),
(29, 6),
(30, 7),
(31, 7),
(32, 7),
(33, 7),
(34, 7),
(35, 7),
(36, 8),
(37, 8),
(38, 8),
(39, 8),
(40, 8),
(41, 8),
(42, 8),
(49, 8),
(50, 8),
(51, 8),
(52, 8),
(53, 8),
(54, 10),
(55, 10),
(56, 10),
(57, 10),
(58, 10),
(59, 10),
(60, 10),
(61, 10),
(62, 10),
(63, 10),
(64, 10),
(65, 7),
(66, 6),
(67, 6),
(68, 10),
(69, 10),
(70, 8),
(71, 8),
(72, 11),
(73, 11),
(74, 11),
(75, 11),
(76, 11),
(77, 11),
(78, 11),
(79, 12),
(80, 12),
(81, 12),
(82, 12),
(83, 12),
(84, 12),
(85, 12),
(86, 12),
(87, 12),
(88, 12),
(89, 12),
(90, 12),
(91, 12),
(92, 6),
(93, 7),
(94, 8),
(95, 10),
(96, 11),
(97, 12),
(98, 12),
(99, 11),
(100, 10),
(101, 6),
(102, 7),
(103, 6),
(104, 7),
(105, 8),
(116, 6),
(117, 6),
(118, 7),
(119, 10),
(120, 12),
(121, 11),
(122, 6),
(123, 7),
(124, 8),
(125, 10),
(126, 11),
(127, 12),
(128, 7),
(129, 8),
(130, 11),
(141, 12),
(159, 17),
(160, 17),
(161, 17),
(162, 17),
(163, 17),
(164, 17),
(165, 17),
(166, 17),
(167, 17),
(168, 10),
(169, 18),
(170, 18),
(171, 18),
(172, 18),
(173, 18),
(174, 18),
(175, 18),
(176, 18),
(177, 18),
(178, 6),
(179, 6),
(180, 6),
(181, 11),
(182, 12),
(183, 17),
(184, 7),
(185, 8),
(186, 10),
(187, 6),
(188, 7),
(189, 8),
(190, 10),
(191, 11),
(192, 12),
(193, 17),
(194, 18),
(195, 17),
(196, 19),
(197, 19),
(198, 19),
(199, 19),
(200, 19),
(201, 19),
(202, 19),
(203, 19),
(204, 19),
(205, 19),
(206, 19),
(207, 19),
(208, 19),
(209, 19),
(210, 19),
(211, 19),
(212, 19),
(213, 19),
(214, 20),
(215, 20),
(216, 20),
(217, 20),
(218, 20),
(219, 20),
(220, 20),
(221, 20),
(222, 20),
(223, 20),
(224, 20),
(225, 20),
(226, 20),
(227, 20),
(228, 20),
(229, 20),
(230, 20),
(231, 20),
(232, 21),
(233, 21),
(234, 21),
(235, 21),
(236, 21),
(237, 21),
(238, 21),
(239, 21),
(240, 21),
(241, 21),
(242, 21),
(243, 21),
(244, 21),
(245, 21),
(246, 21),
(247, 21),
(248, 21),
(249, 21),
(250, 22),
(251, 22),
(252, 22),
(253, 22),
(254, 22),
(255, 22),
(256, 22),
(257, 22),
(258, 22),
(259, 22),
(260, 22),
(261, 22),
(262, 22),
(263, 22),
(264, 22),
(265, 22),
(266, 22),
(267, 22),
(268, 6),
(269, 6),
(270, 6),
(271, 23),
(272, 23),
(273, 23),
(274, 23),
(275, 23),
(276, 23),
(277, 23),
(278, 23),
(279, 23),
(280, 23),
(281, 23),
(282, 23),
(283, 23),
(284, 23),
(285, 23),
(286, 23),
(287, 23),
(288, 23),
(289, 24),
(290, 24),
(291, 24),
(292, 24),
(293, 24),
(294, 24),
(295, 24),
(296, 24),
(297, 24),
(298, 24),
(299, 24),
(300, 24),
(301, 24),
(302, 24),
(303, 24),
(304, 24),
(305, 24),
(306, 24),
(307, 25),
(308, 25),
(309, 25),
(310, 25),
(311, 25),
(312, 25),
(313, 25),
(314, 25),
(315, 25),
(316, 25),
(317, 25),
(318, 25),
(319, 25),
(320, 25),
(321, 25),
(322, 25),
(323, 25),
(324, 25),
(325, 26),
(326, 26),
(327, 26),
(328, 26),
(329, 26),
(330, 26),
(331, 26),
(332, 26),
(333, 26),
(334, 26),
(335, 26),
(336, 26),
(337, 26),
(338, 26),
(339, 26),
(340, 26),
(341, 26),
(342, 26),
(343, 6),
(344, 6),
(345, 7),
(346, 7),
(347, 7),
(348, 6),
(349, 8),
(350, 8),
(351, 8),
(352, 8),
(353, 8),
(354, 8),
(355, 8),
(356, 8),
(357, 8),
(358, 6),
(359, 6),
(360, 6),
(361, 6),
(362, 6),
(363, 6),
(364, 7),
(365, 6),
(366, 6),
(367, 6),
(368, 6),
(369, 6),
(370, 6),
(371, 6),
(372, 6),
(373, 6),
(374, 6),
(375, 6),
(376, 6),
(377, 8),
(378, 8),
(379, 8),
(380, 8),
(381, 8),
(382, 8),
(383, 8),
(384, 8),
(385, 8),
(386, 8),
(387, 8),
(388, 8),
(389, 8),
(390, 8);

-- --------------------------------------------------------

--
-- Table structure for table `catalog_product_relation`
--

CREATE TABLE `catalog_product_relation` (
  `parent_id` int(10) UNSIGNED NOT NULL COMMENT 'Parent ID',
  `child_id` int(10) UNSIGNED NOT NULL COMMENT 'Child ID'
) ENGINE=InnoDB DEFAULT CHARSET=utf8 COMMENT='Catalog Product Relation Table';

--
-- Dumping data for table `catalog_product_relation`
--

INSERT INTO `catalog_product_relation` (`parent_id`, `child_id`) VALUES
(6, 19),
(6, 20),
(6, 21),
(6, 22),
(6, 23),
(6, 24),
(6, 25),
(6, 26);

-- --------------------------------------------------------

--
-- Table structure for table `catalog_product_super_attribute`
--

CREATE TABLE `catalog_product_super_attribute` (
  `product_super_attribute_id` int(10) UNSIGNED NOT NULL COMMENT 'Product Super Attribute ID',
  `product_id` int(10) UNSIGNED NOT NULL DEFAULT 0 COMMENT 'Product ID',
  `attribute_id` smallint(5) UNSIGNED NOT NULL DEFAULT 0 COMMENT 'Attribute ID',
  `position` smallint(5) UNSIGNED NOT NULL DEFAULT 0 COMMENT 'Position'
) ENGINE=InnoDB DEFAULT CHARSET=utf8 COMMENT='Catalog Product Super Attribute Table';

--
-- Dumping data for table `catalog_product_super_attribute`
--

INSERT INTO `catalog_product_super_attribute` (`product_super_attribute_id`, `product_id`, `attribute_id`, `position`) VALUES
(1, 6, 145, 0),
(2, 6, 146, 1),
(3, 6, 147, 2),
(4, 6, 148, 3),
(5, 6, 149, 4);

-- --------------------------------------------------------

--
-- Table structure for table `catalog_product_super_attribute_label`
--

CREATE TABLE `catalog_product_super_attribute_label` (
  `value_id` int(10) UNSIGNED NOT NULL COMMENT 'Value ID',
  `product_super_attribute_id` int(10) UNSIGNED NOT NULL DEFAULT 0 COMMENT 'Product Super Attribute ID',
  `store_id` smallint(5) UNSIGNED NOT NULL DEFAULT 0 COMMENT 'Store ID',
  `use_default` smallint(5) UNSIGNED DEFAULT 0 COMMENT 'Use Default Value',
  `value` varchar(255) DEFAULT NULL COMMENT 'Value'
) ENGINE=InnoDB DEFAULT CHARSET=utf8 COMMENT='Catalog Product Super Attribute Label Table';

--
-- Dumping data for table `catalog_product_super_attribute_label`
--

INSERT INTO `catalog_product_super_attribute_label` (`value_id`, `product_super_attribute_id`, `store_id`, `use_default`, `value`) VALUES
(1, 1, 0, 0, 'Size(MM)'),
(2, 2, 0, 0, 'Wall Thickness'),
(3, 3, 0, 0, 'Length'),
(4, 4, 0, 0, 'Finish'),
(5, 5, 0, 0, 'Grade');

-- --------------------------------------------------------

--
-- Table structure for table `catalog_product_super_link`
--

CREATE TABLE `catalog_product_super_link` (
  `link_id` int(10) UNSIGNED NOT NULL COMMENT 'Link ID',
  `product_id` int(10) UNSIGNED NOT NULL DEFAULT 0 COMMENT 'Product ID',
  `parent_id` int(10) UNSIGNED NOT NULL DEFAULT 0 COMMENT 'Parent ID'
) ENGINE=InnoDB DEFAULT CHARSET=utf8 COMMENT='Catalog Product Super Link Table';

--
-- Dumping data for table `catalog_product_super_link`
--

INSERT INTO `catalog_product_super_link` (`link_id`, `product_id`, `parent_id`) VALUES
(1, 19, 6),
(2, 20, 6),
(3, 21, 6),
(4, 22, 6),
(5, 23, 6),
(6, 24, 6),
(7, 25, 6),
(8, 26, 6);

--
-- Triggers `catalog_product_super_link`
--
DELIMITER $$
CREATE TRIGGER `trg_catalog_product_super_link_after_delete` AFTER DELETE ON `catalog_product_super_link` FOR EACH ROW BEGIN
INSERT IGNORE INTO `catalogsearch_fulltext_cl` (`entity_id`) VALUES (OLD.`product_id`);
END
$$
DELIMITER ;
DELIMITER $$
CREATE TRIGGER `trg_catalog_product_super_link_after_insert` AFTER INSERT ON `catalog_product_super_link` FOR EACH ROW BEGIN
INSERT IGNORE INTO `catalogsearch_fulltext_cl` (`entity_id`) VALUES (NEW.`product_id`);
END
$$
DELIMITER ;
DELIMITER $$
CREATE TRIGGER `trg_catalog_product_super_link_after_update` AFTER UPDATE ON `catalog_product_super_link` FOR EACH ROW BEGIN
IF (NOT(NEW.`link_id` <=> OLD.`link_id`) OR NOT(NEW.`product_id` <=> OLD.`product_id`) OR NOT(NEW.`parent_id` <=> OLD.`parent_id`)) THEN INSERT IGNORE INTO `catalogsearch_fulltext_cl` (`entity_id`) VALUES (NEW.`product_id`); END IF;
END
$$
DELIMITER ;

-- --------------------------------------------------------

--
-- Table structure for table `catalog_product_website`
--

CREATE TABLE `catalog_product_website` (
  `product_id` int(10) UNSIGNED NOT NULL COMMENT 'Product ID',
  `website_id` smallint(5) UNSIGNED NOT NULL COMMENT 'Website ID'
) ENGINE=InnoDB DEFAULT CHARSET=utf8 COMMENT='Catalog Product To Website Linkage Table';

--
-- Dumping data for table `catalog_product_website`
--

INSERT INTO `catalog_product_website` (`product_id`, `website_id`) VALUES
(6, 1),
(7, 1),
(8, 1),
(10, 1),
(11, 1),
(12, 1),
(17, 1),
(18, 1),
(19, 1),
(20, 1),
(21, 1),
(22, 1),
(23, 1),
(24, 1),
(25, 1),
(26, 1);

--
-- Triggers `catalog_product_website`
--
DELIMITER $$
CREATE TRIGGER `trg_catalog_product_website_after_delete` AFTER DELETE ON `catalog_product_website` FOR EACH ROW BEGIN
INSERT IGNORE INTO `catalogsearch_fulltext_cl` (`entity_id`) VALUES (OLD.`product_id`);
INSERT IGNORE INTO `catalog_product_category_cl` (`entity_id`) VALUES (OLD.`product_id`);
END
$$
DELIMITER ;
DELIMITER $$
CREATE TRIGGER `trg_catalog_product_website_after_insert` AFTER INSERT ON `catalog_product_website` FOR EACH ROW BEGIN
INSERT IGNORE INTO `catalogsearch_fulltext_cl` (`entity_id`) VALUES (NEW.`product_id`);
INSERT IGNORE INTO `catalog_product_category_cl` (`entity_id`) VALUES (NEW.`product_id`);
END
$$
DELIMITER ;
DELIMITER $$
CREATE TRIGGER `trg_catalog_product_website_after_update` AFTER UPDATE ON `catalog_product_website` FOR EACH ROW BEGIN
IF (NOT(NEW.`product_id` <=> OLD.`product_id`) OR NOT(NEW.`website_id` <=> OLD.`website_id`)) THEN INSERT IGNORE INTO `catalogsearch_fulltext_cl` (`entity_id`) VALUES (NEW.`product_id`); END IF;
IF (NOT(NEW.`product_id` <=> OLD.`product_id`) OR NOT(NEW.`website_id` <=> OLD.`website_id`)) THEN INSERT IGNORE INTO `catalog_product_category_cl` (`entity_id`) VALUES (NEW.`product_id`); END IF;
END
$$
DELIMITER ;

-- --------------------------------------------------------

--
-- Table structure for table `catalog_url_rewrite_product_category`
--

CREATE TABLE `catalog_url_rewrite_product_category` (
  `url_rewrite_id` int(10) UNSIGNED NOT NULL COMMENT 'url_rewrite_id',
  `category_id` int(10) UNSIGNED NOT NULL COMMENT 'category_id',
  `product_id` int(10) UNSIGNED NOT NULL COMMENT 'product_id'
) ENGINE=InnoDB DEFAULT CHARSET=utf8 COMMENT='url_rewrite_relation';

--
-- Dumping data for table `catalog_url_rewrite_product_category`
--

INSERT INTO `catalog_url_rewrite_product_category` (`url_rewrite_id`, `category_id`, `product_id`) VALUES
(40, 3, 6),
(90, 3, 7),
(55, 3, 8),
(58, 3, 10),
(41, 4, 6),
(91, 4, 7),
(62, 4, 10),
(44, 5, 6),
(94, 5, 7),
(56, 5, 8),
(59, 5, 10),
(81, 5, 11),
(83, 5, 12),
(43, 6, 6),
(93, 6, 7),
(60, 6, 10),
(42, 7, 6),
(92, 7, 7),
(61, 7, 10),
(87, 7, 17);

-- --------------------------------------------------------

--
-- Table structure for table `checkout_agreement`
--

CREATE TABLE `checkout_agreement` (
  `agreement_id` int(10) UNSIGNED NOT NULL COMMENT 'Agreement ID',
  `name` varchar(255) DEFAULT NULL COMMENT 'Name',
  `content` text DEFAULT NULL COMMENT 'Content',
  `content_height` varchar(25) DEFAULT NULL COMMENT 'Content Height',
  `checkbox_text` text DEFAULT NULL COMMENT 'Checkbox Text',
  `is_active` smallint(6) NOT NULL DEFAULT 0 COMMENT 'Is Active',
  `is_html` smallint(6) NOT NULL DEFAULT 0 COMMENT 'Is Html',
  `mode` smallint(6) NOT NULL DEFAULT 0 COMMENT 'Applied mode'
) ENGINE=InnoDB DEFAULT CHARSET=utf8 COMMENT='Checkout Agreement';

-- --------------------------------------------------------

--
-- Table structure for table `checkout_agreement_store`
--

CREATE TABLE `checkout_agreement_store` (
  `agreement_id` int(10) UNSIGNED NOT NULL COMMENT 'Agreement ID',
  `store_id` smallint(5) UNSIGNED NOT NULL COMMENT 'Store ID'
) ENGINE=InnoDB DEFAULT CHARSET=utf8 COMMENT='Checkout Agreement Store';

-- --------------------------------------------------------

--
-- Table structure for table `cms_block`
--

CREATE TABLE `cms_block` (
  `block_id` smallint(6) NOT NULL COMMENT 'Entity ID',
  `title` varchar(255) NOT NULL COMMENT 'Block Title',
  `identifier` varchar(255) NOT NULL COMMENT 'Block String Identifier',
  `content` mediumtext DEFAULT NULL COMMENT 'Block Content',
  `creation_time` timestamp NOT NULL DEFAULT current_timestamp() COMMENT 'Block Creation Time',
  `update_time` timestamp NOT NULL DEFAULT current_timestamp() ON UPDATE current_timestamp() COMMENT 'Block Modification Time',
  `is_active` smallint(6) NOT NULL DEFAULT 1 COMMENT 'Is Block Active'
) ENGINE=InnoDB DEFAULT CHARSET=utf8 COMMENT='CMS Block Table';

--
-- Dumping data for table `cms_block`
--

INSERT INTO `cms_block` (`block_id`, `title`, `identifier`, `content`, `creation_time`, `update_time`, `is_active`) VALUES
(1, 'Slider', 'slider', '<style>#html-body [data-pb-style=MRV9L7X]{background-position:left top;background-size:cover;background-repeat:no-repeat;background-attachment:scroll;margin-top:20px;margin-bottom:20px;align-self:stretch}#html-body [data-pb-style=PAA2IUR]{display:flex;width:100%}#html-body [data-pb-style=LMR01DI]{justify-content:flex-start;display:flex;flex-direction:column;background-position:left top;background-size:cover;background-repeat:no-repeat;background-attachment:scroll;width:50%;align-self:stretch}#html-body [data-pb-style=VGAQ32K]{margin-right:10px;margin-bottom:20px;border-style:none}#html-body [data-pb-style=BXHJD0V],#html-body [data-pb-style=DEWLI08]{max-width:100%;height:auto}#html-body [data-pb-style=WROSJ60]{justify-content:flex-start;display:flex;flex-direction:column;background-position:left top;background-size:cover;background-repeat:no-repeat;background-attachment:scroll;width:50%;align-self:stretch}#html-body [data-pb-style=GEQCWQQ]{margin-left:10px;margin-bottom:20px}#html-body [data-pb-style=QUUO602]{display:flex;width:100%}#html-body [data-pb-style=T02YNC5]{justify-content:flex-start;display:flex;flex-direction:column;background-position:left top;background-size:cover;background-repeat:no-repeat;background-attachment:scroll;width:50%;align-self:stretch}#html-body [data-pb-style=YLNQ0D0]{margin-right:10px}#html-body [data-pb-style=R3TB2YX]{justify-content:flex-start;display:flex;flex-direction:column;background-position:left top;background-size:cover;background-repeat:no-repeat;background-attachment:scroll;width:50%;align-self:stretch}#html-body [data-pb-style=UKHRAFU]{margin-left:10px;border-style:none}#html-body [data-pb-style=B2A1NEJ],#html-body [data-pb-style=HDBURFR]{max-width:100%;height:auto}@media only screen and (max-width: 768px) { #html-body [data-pb-style=UKHRAFU],#html-body [data-pb-style=VGAQ32K]{border-style:none} }</style><div class=\"pagebuilder-column-group\" data-background-images=\"{}\" data-content-type=\"column-group\" data-appearance=\"default\" data-grid-size=\"12\" data-element=\"main\" data-pb-style=\"MRV9L7X\"><div class=\"pagebuilder-column-line\" data-content-type=\"column-line\" data-element=\"main\" data-pb-style=\"PAA2IUR\"><div class=\"pagebuilder-column\" data-content-type=\"column\" data-appearance=\"full-height\" data-background-images=\"{}\" data-element=\"main\" data-pb-style=\"LMR01DI\"><figure data-content-type=\"image\" data-appearance=\"full-width\" data-element=\"main\" data-pb-style=\"VGAQ32K\"><img class=\"pagebuilder-mobile-hidden\" src=\"{{media url=wysiwyg/sample-4.jpg}}\" alt=\"\" title=\"\" data-element=\"desktop_image\" data-pb-style=\"DEWLI08\"><img class=\"pagebuilder-mobile-only\" src=\"{{media url=wysiwyg/sample-4.jpg}}\" alt=\"\" title=\"\" data-element=\"mobile_image\" data-pb-style=\"BXHJD0V\"></figure></div><div class=\"pagebuilder-column\" data-content-type=\"column\" data-appearance=\"full-height\" data-background-images=\"{}\" data-element=\"main\" data-pb-style=\"WROSJ60\"><div data-content-type=\"text\" data-appearance=\"default\" data-element=\"main\" data-pb-style=\"GEQCWQQ\"><p>Lorem ipsum dolor sit amet, consectetur adipiscing elit, sed do eiusmod tempor incididunt ut labore et dolore magna aliqua. Ut enim ad minim veniam, quis nostrud exercitation ullamco laboris nisi ut aliquip ex ea commodo consequat. Duis aute irure dolor in reprehenderit in voluptate velit esse cillum dolore eu fugiat nulla pariatur. Excepteur sint occaecat cupidatat non proident, sunt in culpa qui officia deserunt mollit anim id est laborum.</p>\r\n<p>Lorem ipsum dolor sit amet, consectetur adipiscing elit, sed do eiusmod tempor incididunt ut labore et dolore magna aliqua. Ut enim ad minim veniam, quis nostrud exercitation ullamco laboris nisi ut aliquip ex ea commodo consequat. Duis aute irure dolor in reprehenderit in voluptate velit esse cillum dolore eu fugiat nulla pariatur. Excepteur sint occaecat cupidatat non proident, sunt in culpa qui officia deserunt mollit anim id est laborum.</p>\r\n<p>Lorem ipsum dolor sit amet, consectetur adipiscing elit, sed do eiusmod tempor incididunt ut labore et dolore magna aliqua. Ut enim ad minim veniam, quis nostrud exercitation ullamco laboris nisi ut aliquip ex ea commodo consequat. Duis aute irure dolor in reprehenderit in voluptate velit esse cillum dolore eu fugiat nulla pariatur. Excepteur sint occaecat cupidatat non proident, sunt in culpa qui officia deserunt mollit anim id est laborum.</p>\r\n<p>Lorem ipsum dolor sit amet, consectetur adipiscing elit, sed do eiusmod tempor incididunt ut labore et dolore magna aliqua. Ut enim ad minim veniam, quis nostrud exercitation ullamco laboris nisi ut aliquip ex ea commodo consequat. Duis aute irure dolor in reprehenderit in voluptate velit esse cillum dolore eu fugiat nulla pariatur. Excepteur sint occaecat cupidatat non proident, sunt in culpa qui officia deserunt mollit anim id est laborum.</p></div></div></div><div class=\"pagebuilder-column-line\" data-content-type=\"column-line\" data-element=\"main\" data-pb-style=\"QUUO602\"><div class=\"pagebuilder-column\" data-content-type=\"column\" data-appearance=\"full-height\" data-background-images=\"{}\" data-element=\"main\" data-pb-style=\"T02YNC5\"><div data-content-type=\"text\" data-appearance=\"default\" data-element=\"main\" data-pb-style=\"YLNQ0D0\"><p>Lorem ipsum dolor sit amet, consectetur adipiscing elit, sed do eiusmod tempor incididunt ut labore et dolore magna aliqua. Ut enim ad minim veniam, quis nostrud exercitation ullamco laboris nisi ut aliquip ex ea commodo consequat. Duis aute irure dolor in reprehenderit in voluptate velit esse cillum dolore eu fugiat nulla pariatur. Excepteur sint occaecat cupidatat non proident, sunt in culpa qui officia deserunt mollit anim id est laborum.</p>\r\n<p id=\"V9GSWCV\">Lorem ipsum dolor sit amet, consectetur adipiscing elit, sed do eiusmod tempor incididunt ut labore et dolore magna aliqua. Ut enim ad minim veniam, quis nostrud exercitation ullamco laboris nisi ut aliquip ex ea commodo consequat. Duis aute irure dolor in reprehenderit in voluptate velit esse cillum dolore eu fugiat nulla pariatur. Excepteur sint occaecat cupidatat non proident, sunt in culpa qui officia deserunt mollit anim id est laborum.</p>\r\n<p>Lorem ipsum dolor sit amet, consectetur adipiscing elit, sed do eiusmod tempor incididunt ut labore et dolore magna aliqua. Ut enim ad minim veniam, quis nostrud exercitation ullamco laboris nisi ut aliquip ex ea commodo consequat. Duis aute irure dolor in reprehenderit in voluptate velit esse cillum dolore eu fugiat nulla pariatur. Excepteur sint occaecat cupidatat non proident, sunt in culpa qui officia deserunt mollit anim id est laborum.</p></div></div><div class=\"pagebuilder-column\" data-content-type=\"column\" data-appearance=\"full-height\" data-background-images=\"{}\" data-element=\"main\" data-pb-style=\"R3TB2YX\"><figure data-content-type=\"image\" data-appearance=\"full-width\" data-element=\"main\" data-pb-style=\"UKHRAFU\"><img class=\"pagebuilder-mobile-hidden\" src=\"{{media url=wysiwyg/sample-3.jpeg}}\" alt=\"\" title=\"\" data-element=\"desktop_image\" data-pb-style=\"HDBURFR\"><img class=\"pagebuilder-mobile-only\" src=\"{{media url=wysiwyg/sample-3.jpeg}}\" alt=\"\" title=\"\" data-element=\"mobile_image\" data-pb-style=\"B2A1NEJ\"></figure></div></div></div>', '2023-02-15 09:58:03', '2023-02-15 10:05:56', 1);

-- --------------------------------------------------------

--
-- Table structure for table `cms_block_store`
--

CREATE TABLE `cms_block_store` (
  `block_id` smallint(6) NOT NULL,
  `store_id` smallint(5) UNSIGNED NOT NULL COMMENT 'Store ID'
) ENGINE=InnoDB DEFAULT CHARSET=utf8 COMMENT='CMS Block To Store Linkage Table';

--
-- Dumping data for table `cms_block_store`
--

INSERT INTO `cms_block_store` (`block_id`, `store_id`) VALUES
(1, 0);

-- --------------------------------------------------------

--
